000
CXUS52 KGSP 230817
CF6AND
PRELIMINARY LOCAL CLIMATOLOGICAL DATA (WS FORM: F-6)

                                          STATION:   ANDERSON SC
                                          MONTH:     JUNE
                                          YEAR:      2017
                                          LATITUDE:   34 30 N
                                          LONGITUDE:  82 43 W

  TEMPERATURE IN F:       :PCPN:    SNOW:  WIND      :SUNSHINE: SKY     :PK WND
================================================================================
1   2   3   4   5  6A  6B    7    8   9   10  11  12  13   14  15   16   17  18
                                     12Z  AVG MX 2MIN
DY MAX MIN AVG DEP HDD CDD  WTR  SNW DPTH SPD SPD DIR MIN PSBL S-S WX    SPD DR
================================================================================

 1  85  62  74   1   0   9 0.00    M    M  3.2  9 290   M    M   0        12 280
 2  88  64  76   3   0  11 0.00    M    M  2.6 10  50   M    M   2 1      14  60
 3  90  66  78   4   0  13 0.00    M    M  2.4 12 210   M    M   2        16 240
 4  83  69  76   2   0  11 0.02    M    M  3.1 20 210   M    M   5 3      24 290
 5  84  69  77   3   0  12 1.26    M    M  7.6 23 320   M    M   7 13     28 320
 6  84  70  77   3   0  12    T    M    M  3.3 12  60   M    M   2 1      15  50
 7  80  60  70  -5   0   5 0.57    M    M 10.0 20  70   M    M   5 1      28  60
 8  79  62  71  -4   0   6 0.00    M    M  6.6 20  80   M    M   4        24  70
 9  84  61  73  -2   0   8 0.00    M    M  3.8 15 240   M    M   2        20 230
10  86  64  75   0   0  10 0.00    M    M  3.5 13 200   M    M   2        17 230
11  86  63  75  -1   0  10 0.00    M    M  3.0 10 170   M    M   2        13 150
12  88  68  78   2   0  13 0.00    M    M  3.5 14 180   M    M   3        17 150
13  89  66  78   2   0  13 0.02    M    M  4.5 15 330   M    M   3 3      20 330
14  91  67  79   3   0  14 0.00    M    M  4.7 25 260   M    M   1 3      35 250
15  92  68  80   4   0  15 0.13    M    M  3.4 17 320   M    M   2 13     21 320
16  86  67  77   0   0  12 0.00    M    M  3.8 12 270   M    M   3        14 280
17  89  70  80   3   0  15 0.00    M    M  4.7 15 210   M    M   3        19 230
18  89  71  80   3   0  15 0.35    M    M  6.7 22 250   M    M   4 13     31 260
19  87  70  79   2   0  14 1.45    M    M  8.1 29 250   M    M   5 13     37 260
20  79  71  75  -2   0  10 0.93    M    M  5.7 13 170   M    M   9 1      19  90
21  82  70  76  -2   0  11 0.34    M    M  2.7 23 220   M    M   7 1      29 220
22  81  70  76  -2   0  11 0.67    M    M  3.6 25 190   M    M   6 13     35 190
================================================================================
SM 1882 1468         0 250  5.74    M    100.5          M       79
================================================================================
AV 85.6 66.7                               4.6 FASTST   M    M   4    MAX(MPH)
                                 MISC ---->  # 29 250               # 37  260
================================================================================
NOTES:
# LAST OF SEVERAL OCCURRENCES

COLUMN 17 PEAK WIND IN M.P.H.

PRELIMINARY LOCAL CLIMATOLOGICAL DATA (WS FORM: F-6) , PAGE 2

                                          STATION:  ANDERSON SC
                                          MONTH:    JUNE
                                          YEAR:     2017
                                          LATITUDE:   34 30 N
                                          LONGITUDE:  82 43 W

[TEMPERATURE DATA]      [PRECIPITATION DATA]       SYMBOLS USED IN COLUMN 16

AVERAGE MONTHLY: 76.1   TOTAL FOR MONTH:   5.74    1 = FOG OR MIST
DPTR FM NORMAL:   0.5   DPTR FM NORMAL:    3.02    2 = FOG REDUCING VISIBILITY
HIGHEST:    92 ON 15    GRTST 24HR  2.09 ON 19-20      TO 1/4 MILE OR LESS
LOWEST:     60 ON  7                               3 = THUNDER
                        SNOW, ICE PELLETS, HAIL    4 = ICE PELLETS
                        TOTAL MONTH:    M          5 = HAIL
                        GRTST 24HR    M  ON   M    6 = FREEZING RAIN OR DRIZZLE
                        GRTST DEPTH:  M  ON   M    7 = DUSTSTORM OR SANDSTORM:
                                                       VSBY 1/2 MILE OR LESS
                                                   8 = SMOKE OR HAZE
[NO. OF DAYS WITH]      [WEATHER - DAYS WITH]      9 = BLOWING SNOW
                                                   X = TORNADO
MAX 32 OR BELOW:   0    0.01 INCH OR MORE:  10
MAX 90 OR ABOVE:   3    0.10 INCH OR MORE:   8
MIN 32 OR BELOW:   0    0.50 INCH OR MORE:   5
MIN  0 OR BELOW:   0    1.00 INCH OR MORE:   2

[HDD (BASE 65) ]
TOTAL THIS MO.     0    CLEAR  (SCALE 0-3)  12
DPTR FM NORMAL     0    PTCLDY (SCALE 4-7)   9
TOTAL FM JUL 1  2092    CLOUDY (SCALE 8-10)  1
DPTR FM NORMAL -1005

[CDD (BASE 65) ]
TOTAL THIS MO.   250
DPTR FM NORMAL    15    [PRESSURE DATA]
TOTAL FM JAN 1   524    HIGHEST SLP M ON M
DPTR FM NORMAL   102    LOWEST  SLP 29.71 ON M

[REMARKS]
