000
CXUS53 KAPX 290631
CF6ANJ
PRELIMINARY LOCAL CLIMATOLOGICAL DATA (WS FORM: F-6)

                                          STATION:   SAULT STE MARIE MI
                                          MONTH:     MAY
                                          YEAR:      2016
                                          LATITUDE:   46 28 N
                                          LONGITUDE:  84 21 W

  TEMPERATURE IN F:       :PCPN:    SNOW:  WIND      :SUNSHINE: SKY     :PK WND
================================================================================
1   2   3   4   5  6A  6B    7    8   9   10  11  12  13   14  15   16   17  18
                                     12Z  AVG MX 2MIN
DY MAX MIN AVG DEP HDD CDD  WTR  SNW DPTH SPD SPD DIR MIN PSBL S-S WX    SPD DR
================================================================================

 1  62  41  52   5  13   0 0.00  0.0    0  6.5 14  50   M    M   5        20  60
 2  62  39  51   3  14   0 0.00  0.0    0  5.8 15 300   M    M   4        19 310
 3  63  35  49   1  16   0 0.03  0.0    0  5.2 17 280   M    M   4 1      25 290
 4  52  42  47  -1  18   0 0.03  0.0    0  6.9 13 310   M    M  10 1      19 300
 5  56  38  47  -2  18   0 0.00  0.0    0  6.5 12 300   M    M   3         M  M
 6  75  38  57   8   8   0 0.00  0.0    M  6.1 17 310   M    M   1        26 320
 7  57  38  48  -1  17   0    T  0.0    0 10.9 24 310   M    M   3        33 310
 8  52  36  44  -6  21   0    T  0.0    0  9.4 20 310   M    M   4        27 310
 9  61  31  46  -4  19   0 0.00  0.0    0  4.2 17 210   M    M   0        25 210
10  62  37  50   0  15   0 0.00  0.0    0  8.7 20 140   M    M   0        29 120
11  71  42  57   7   8   0 0.00  0.0    0  8.2 17 150   M    M   1        27 170
12  57  44  51   0  14   0 0.44  0.0    0  6.5 13 120   M    M  10 1      18 120
13  52  41  47  -4  18   0 0.00  0.0    0  9.9 21 300   M    M   9 1      28 310
14  42  34  38 -13  27   0 0.01  0.1    0 14.6 25 300   M    M  10        36 290
15  44  31  38 -14  27   0 0.03  0.2    T 11.5 22 320   M    M   4 1      31 290
16  55  31  43  -9  22   0 0.01  0.0    0  6.2 13 270   M    M   7        16 300
17  60  37  49  -3  16   0 0.00  0.0    0  8.8 20 320   M    M   1        27 320
18  65  39  52   0  13   0 0.00  0.0    0  5.5 15 320   M    M   1        19 270
19  72  37  55   2  10   0 0.00  0.0    0  4.0 13 320   M    M   0        15 310
20  77  41  59   6   6   0 0.00  0.0    0  3.4 12 300   M    M   1         M  M
21  74  44  59   6   6   0    T  0.0    0  4.8 14 320   M    M   1        21 300
22  71  41  56   2   9   0 0.00  0.0    0  2.4 10 200   M    M   0 1      14 170
23  81  45  63   9   2   0 0.00  0.0    0  5.4 15 230   M    M   0        20 220
24  82  49  66  12   0   1 0.14  0.0    0  4.5 13 280   M    M   3 12     18 330
25  75  51  63   9   2   0 0.00  0.0    0  4.6 12 130   M    M   4 12     16 140
26  74  57  66  11   0   1 0.36  0.0    0  6.4 14 130   M    M   9 12     19 130
27  78  54  66  11   0   1 0.03  0.0    0  4.2 13 140   M    M   6 12     16 140
28  76  60  68  13   0   3 0.63  0.0    0  5.9 13 130   M    M   7 1      18 130
================================================================================
SM 1808 1153       339   6  1.71     0.3 187.0          M      108
================================================================================
AV 64.6 41.2                               6.7 FASTST   M    M   4    MAX(MPH)
                                 MISC ---->  # 25 300               # 36  290
================================================================================
NOTES:
# LAST OF SEVERAL OCCURRENCES

COLUMN 17 PEAK WIND IN M.P.H.

PRELIMINARY LOCAL CLIMATOLOGICAL DATA (WS FORM: F-6) , PAGE 2

                                          STATION:  SAULT STE MARIE MI
                                          MONTH:    MAY
                                          YEAR:     2016
                                          LATITUDE:   46 28 N
                                          LONGITUDE:  84 21 W

[TEMPERATURE DATA]      [PRECIPITATION DATA]       SYMBOLS USED IN COLUMN 16

AVERAGE MONTHLY: 52.9   TOTAL FOR MONTH:   1.71    1 = FOG OR MIST
DPTR FM NORMAL:   1.5   DPTR FM NORMAL:   -0.59    2 = FOG REDUCING VISIBILITY
HIGHEST:    82 ON 24    GRTST 24HR  0.66 ON 27-28      TO 1/4 MILE OR LESS
LOWEST:     31 ON 16,15                            3 = THUNDER
                        SNOW, ICE PELLETS, HAIL    4 = ICE PELLETS
                        TOTAL MONTH:   0.3 INCH    5 = HAIL
                        GRTST 24HR   0.2 ON   M    6 = FREEZING RAIN OR DRIZZLE
                        GRTST DEPTH:   T           7 = DUSTSTORM OR SANDSTORM:
                                                       VSBY 1/2 MILE OR LESS
                                                   8 = SMOKE OR HAZE
[NO. OF DAYS WITH]      [WEATHER - DAYS WITH]      9 = BLOWING SNOW
                                                   X = TORNADO
MAX 32 OR BELOW:   0    0.01 INCH OR MORE:  10
MAX 90 OR ABOVE:   0    0.10 INCH OR MORE:   4
MIN 32 OR BELOW:   3    0.50 INCH OR MORE:   1
MIN  0 OR BELOW:   0    1.00 INCH OR MORE:   0

[HDD (BASE 65) ]
TOTAL THIS MO.   339    CLEAR  (SCALE 0-3)  13
DPTR FM NORMAL   -45    PTCLDY (SCALE 4-7)  10
TOTAL FM JUL 1  7334    CLOUDY (SCALE 8-10)  5
DPTR FM NORMAL -1119

[CDD (BASE 65) ]
TOTAL THIS MO.     6
DPTR FM NORMAL     6    [PRESSURE DATA]
TOTAL FM JAN 1     6    HIGHEST SLP M ON M
DPTR FM NORMAL     6    LOWEST  SLP 29.61 ON M

[REMARKS]
