000
CXUS53 KIWX 010800
CF6AOH
PRELIMINARY LOCAL CLIMATOLOGICAL DATA (WS FORM: F-6)

                                          STATION:   LIMA
                                          MONTH:     SEPTEMBER
                                          YEAR:      2014
                                          LATITUDE:   40 42 N
                                          LONGITUDE:  84  1 W

  TEMPERATURE IN F:       :PCPN:    SNOW:  WIND      :SUNSHINE: SKY     :PK WND
================================================================================
1   2   3   4   5  6A  6B    7    8   9   10  11  12  13   14  15   16   17  18
                                     12Z  AVG MX 2MIN
DY MAX MIN AVG DEP HDD CDD  WTR  SNW DPTH SPD SPD DIR MIN PSBL S-S WX    SPD DR
================================================================================

 1  88  69  79   9   0  14 0.02  0.0    0 12.1 22 240   M    M   4 138    29 220
 2  77  66  72   3   0   7 0.08  0.0    0  8.0 22 250   M    M   5 1      29 260
 3  83  63  73   4   0   8 0.00  0.0    0  4.0 10 240   M    M   3 128    13 190
 4  87  62  75   6   0  10 0.00  0.0    0  7.7 15 180   M    M   1 18     20 210
 5  92  70  81  12   0  16 0.17  0.0    0  9.5 30 310   M    M   2 138    41 290
 6  73  58  66  -2   0   1 0.02  0.0    0  6.2 13  10   M    M   6 18     22 230
 7  77  53  65  -3   0   0 0.00  0.0    0  3.3  9  30   M    M   1 1      14  30
 8  81  53  67  -1   0   2 0.00  0.0    0  5.7 15  80   M    M   0        19  80
 9  79  56  68   1   0   3    T  0.0    0  4.0 10 120   M    M   4 128    14 220
10  77  63  70   3   0   5 1.59  0.0    0 13.9 24 260   M    M   5 138    33 200
11  73  56  65  -2   0   0 0.02  0.0    0 10.4 20 300   M    M  10 1      26 300
12  61  54  58  -8   7   0 0.00  0.0    0  5.8 10  30   M    M  10        13  50
13  63  46  55 -11  10   0 0.02  0.0    0  8.8 18 310   M    M   7 1      25 300
14  67  44  56 -10   9   0 0.00  0.0    0  3.0 10 120   M    M   3        13 100
15  68  47  58  -7   7   0 0.26  0.0    0  5.0 16 180   M    M   5 1      20 190
16  66  47  57  -8   8   0 0.00  0.0    0  4.7 10 290   M    M   6 128    14 330
17  68  42  55  -9  10   0 0.00  0.0    0  2.0 10 250   M    M   2 1      12 250
18  73  44  59  -5   6   0 0.00  0.0    0  4.9 14  30   M    M   0 128    19  70
19  73  48  61  -3   4   0 0.00  0.0    0  6.7 14 100   M    M   0 18     18 100
20  81  54  68   5   0   3 0.28  0.0    0 12.1 23 220   M    M   2 138    30 230
21  72  55  64   1   1   0 0.25  0.0    0 15.3 30 270   M    M   7 138    41 280
22  64  46  55  -7  10   0 0.00  0.0    0  6.0 16 320   M    M   4        21 320
23  72  42  57  -5   8   0 0.00  0.0    0  2.2  8 100   M    M   0 8      11 170
24  79  47  63   1   2   0 0.00  0.0    0  6.0 13  90   M    M   0        16  90
25  80  48  64   3   1   0 0.00  0.0    0  5.4  9  60   M    M   0        12 100
26  80  50  65   4   0   0 0.00  0.0    0  5.5 10  90   M    M   0 18     13 100
27  80  53  67   7   0   2 0.00  0.0    0  5.7 10  60   M    M   0 18     14  70
28  82  54  68   8   0   3 0.00  0.0    0  2.0  9 310   M    M   0 1      12 290
29  80  51  66   7   0   1 0.00  0.0    0  3.5 12 280   M    M   0 128    17 350
30  61  47  54  -5  11   0 0.09    M    0  5.0 16  20   M    M   8 138    21 330
================================================================================
SM 2257 1588        94  75  2.80     0.0 194.4          M       95
================================================================================
AV 75.2 52.9                               6.5 FASTST   M    M   3    MAX(MPH)
                                 MISC ---->  # 30 310               # 41  290
================================================================================
NOTES:
# LAST OF SEVERAL OCCURRENCES

COLUMN 17 PEAK WIND IN M.P.H.

PRELIMINARY LOCAL CLIMATOLOGICAL DATA (WS FORM: F-6) , PAGE 2

                                          STATION:  LIMA
                                          MONTH:    SEPTEMBER
                                          YEAR:     2014
                                          LATITUDE:   40 42 N
                                          LONGITUDE:  84  1 W

[TEMPERATURE DATA]      [PRECIPITATION DATA]       SYMBOLS USED IN COLUMN 16

AVERAGE MONTHLY: 64.1   TOTAL FOR MONTH:   2.80    1 = FOG OR MIST
DPTR FM NORMAL:  -0.7   DPTR FM NORMAL:   -0.19    2 = FOG REDUCING VISIBILITY
HIGHEST:    92 ON  5    GRTST 24HR  1.61 ON 10-11      TO 1/4 MILE OR LESS
LOWEST:     42 ON 23,17                            3 = THUNDER
                        SNOW, ICE PELLETS, HAIL    4 = ICE PELLETS
                        TOTAL MONTH:   0.0 INCH    5 = HAIL
                        GRTST 24HR     0.0         6 = FREEZING RAIN OR DRIZZLE
                        GRTST DEPTH:   0           7 = DUSTSTORM OR SANDSTORM:
                                                       VSBY 1/2 MILE OR LESS
                                                   8 = SMOKE OR HAZE
[NO. OF DAYS WITH]      [WEATHER - DAYS WITH]      9 = BLOWING SNOW
                                                   X = TORNADO
MAX 32 OR BELOW:   0    0.01 INCH OR MORE:  11
MAX 90 OR ABOVE:   1    0.10 INCH OR MORE:   5
MIN 32 OR BELOW:   0    0.50 INCH OR MORE:   1
MIN  0 OR BELOW:   0    1.00 INCH OR MORE:   1

[HDD (BASE 65) ]
TOTAL THIS MO.    94    CLEAR  (SCALE 0-3)  17
DPTR FM NORMAL     2    PTCLDY (SCALE 4-7)  11
TOTAL FM JUL 1   113    CLOUDY (SCALE 8-10)  2
DPTR FM NORMAL    11

[CDD (BASE 65) ]
TOTAL THIS MO.    75
DPTR FM NORMAL    -9    [PRESSURE DATA]
TOTAL FM JAN 1   794    HIGHEST SLP 30.40 ON 24
DPTR FM NORMAL   -18    LOWEST  SLP 29.63 ON 10

[REMARKS]
#FINAL-09-14#
