000
CXUS53 KIWX 010800
CF6AOH
PRELIMINARY LOCAL CLIMATOLOGICAL DATA (WS FORM: F-6)

                                          STATION:   LIMA
                                          MONTH:     OCTOBER
                                          YEAR:      2014
                                          LATITUDE:   40 42 N
                                          LONGITUDE:  84  1 W

  TEMPERATURE IN F:       :PCPN:    SNOW:  WIND      :SUNSHINE: SKY     :PK WND
================================================================================
1   2   3   4   5  6A  6B    7    8   9   10  11  12  13   14  15   16   17  18
                                     12Z  AVG MX 2MIN
DY MAX MIN AVG DEP HDD CDD  WTR  SNW DPTH SPD SPD DIR MIN PSBL S-S WX    SPD DR
================================================================================

 1  71  46  59   1   6   0 0.00  0.0    0  4.1  8 110   M    M   5 12     14  50
 2  84  52  68  10   0   3 0.00  0.0    0  9.4 18 200   M    M   3        26 180
 3  73  46  60   2   5   0 0.50  0.0    0 15.5 33 220   M    M   6 18     48 210
 4  48  42  45 -12  20   0    T  0.0    0 17.3 28 250   M    M   9        37 250
 5  59  42  51  -6  14   0    T  0.0    0 12.8 25 240   M    M   9        33 240
 6  63  43  53  -3  12   0 0.05  0.0    0  9.8 20 230   M    M   6 3      27 200
 7  62  47  55  -1  10   0 0.17    M    0 10.7 28 300   M    M   6 13     34 300
 8  66  46  56   0   9   0 0.00  0.0    0 11.3 28 250   M    M   1        33 270
 9  62  45  54  -1  11   0 0.00  0.0    0  6.5 16 270   M    M   2 18     20 270
10  57  41  49  -6  16   0 0.00  0.0    0  5.0 12  30   M    M   1        15  20
11  60  39  50  -5  15   0 0.00  0.0    0  7.3 15  10   M    M   0        21  30
12  69  36  53  -1  12   0 0.00  0.0    0  8.5 15 140   M    M   3        19 130
13  78  61  70  16   0   5 0.02  0.0    0 12.2 22 150   M    M   7 13     29 160
14  73  57  65  11   0   0 0.27  0.0    0 15.4 33 220   M    M   8 18     45 150
15  61  50  56   3   9   0 0.22  0.0    0  5.4 13 160   M    M   7 18     15 160
16  66  49  58   5   7   0 0.02  0.0    0  7.0 17 230   M    M  10 128    22 230
17  70  53  62   9   3   0    T  0.0    0 16.9 26 260   M    M   6        35 260
18  55  47  51  -1  14   0 0.09  0.0    0 10.9 21 300   M    M  10 18     28 290
19  54  35  45  -7  20   0 0.00  0.0    0  6.4 10 240   M    M   2         M  M
20  56  48  52   0  13   0 0.28  0.0    0  8.1 16 200   M    M   8 1      23 180
21  52  45  49  -2  16   0    T    M    0 10.4 18  10   M    M  10        25 360
22  50  41  46  -5  19   0 0.00  0.0    0  6.3 13  20   M    M  10        17  20
23  59  33  46  -5  19   0 0.00  0.0    0  2.6  8 170   M    M   3 128    12 330
24  65  39  52   2  13   0 0.00  0.0    0  5.0 13 230   M    M   1 18     17 230
25  74  51  63  13   2   0 0.00  0.0    0 11.4 24 280   M    M   3 8      30 280
26  65  37  51   1  14   0 0.00  0.0    0  6.2 15 270   M    M   0 8      20 260
27  79  42  61  11   4   0 0.00  0.0    0 11.5 23 190   M    M   2 8      32 230
28  70  50  60  11   5   0 0.08  0.0    0 13.1 26 260   M    M   4 1      33 230
29  51  43  47  -2  18   0 0.00  0.0    0 12.8 23 260   M    M   5 8      29 260
30  50  41  46  -3  19   0 0.00  0.0    0  3.5  8 320   M    M  10 18     10 310
31  45  33  39  -9  26   0 0.26    M    M 10.7 26 350   M    M  10 18     35 350
================================================================================
SM 1947 1380       351   8  1.96     0.0 294.0          M      167
================================================================================
AV 62.8 44.5                               9.5 FASTST   M    M   5    MAX(MPH)
                                 MISC ---->  # 33 220               # 48  210
================================================================================
NOTES:
# LAST OF SEVERAL OCCURRENCES

COLUMN 17 PEAK WIND IN M.P.H.

PRELIMINARY LOCAL CLIMATOLOGICAL DATA (WS FORM: F-6) , PAGE 2

                                          STATION:  LIMA
                                          MONTH:    OCTOBER
                                          YEAR:     2014
                                          LATITUDE:   40 42 N
                                          LONGITUDE:  84  1 W

[TEMPERATURE DATA]      [PRECIPITATION DATA]       SYMBOLS USED IN COLUMN 16

AVERAGE MONTHLY: 53.7   TOTAL FOR MONTH:   1.96    1 = FOG OR MIST
DPTR FM NORMAL:   0.6   DPTR FM NORMAL:   -0.67    2 = FOG REDUCING VISIBILITY
HIGHEST:    84 ON  2    GRTST 24HR  0.50 ON  3- 3      TO 1/4 MILE OR LESS
LOWEST:     33 ON 31,23                            3 = THUNDER
                        SNOW, ICE PELLETS, HAIL    4 = ICE PELLETS
                        TOTAL MONTH:   0.0 INCH    5 = HAIL
                        GRTST 24HR     0.0         6 = FREEZING RAIN OR DRIZZLE
                        GRTST DEPTH:   0           7 = DUSTSTORM OR SANDSTORM:
                                                       VSBY 1/2 MILE OR LESS
                                                   8 = SMOKE OR HAZE
[NO. OF DAYS WITH]      [WEATHER - DAYS WITH]      9 = BLOWING SNOW
                                                   X = TORNADO
MAX 32 OR BELOW:   0    0.01 INCH OR MORE:  11
MAX 90 OR ABOVE:   0    0.10 INCH OR MORE:   6
MIN 32 OR BELOW:   0    0.50 INCH OR MORE:   1
MIN  0 OR BELOW:   0    1.00 INCH OR MORE:   0

[HDD (BASE 65) ]
TOTAL THIS MO.   351    CLEAR  (SCALE 0-3)  12
DPTR FM NORMAL   -32    PTCLDY (SCALE 4-7)   9
TOTAL FM JUL 1   464    CLOUDY (SCALE 8-10) 10
DPTR FM NORMAL   -21

[CDD (BASE 65) ]
TOTAL THIS MO.     8
DPTR FM NORMAL    -6    [PRESSURE DATA]
TOTAL FM JAN 1   802    HIGHEST SLP 30.33 ON 22
DPTR FM NORMAL   -24    LOWEST  SLP 29.55 ON 14

[REMARKS]
#FINAL-10-14#
