982
CXUS55 KCTP 190700
CF6AOO
PRELIMINARY LOCAL CLIMATOLOGICAL DATA (WS FORM: F-6)

                                          STATION:   ALTOONA
                                          MONTH:     JANUARY
                                          YEAR:      2018
                                          LATITUDE:   40 17 N
                                          LONGITUDE:  78 19 W

  TEMPERATURE IN F:       :PCPN:    SNOW:  WIND      :SUNSHINE: SKY     :PK WND
================================================================================
1   2   3   4   5  6A  6B    7    8   9   10  11  12  13   14  15   16   17  18
                                     12Z  AVG MX 2MIN
DY MAX MIN AVG DEP HDD CDD  WTR  SNW DPTH SPD SPD DIR MIN PSBL S-S WX    SPD DR
================================================================================

 1  15   6  11 -16  54   0    T    M    M 10.7 23 290   M    M   9 8      32 290
 2  18   7  13 -14  52   0 0.00    M    M 11.0 20 230   M    M   4 8      22 230
 3  27   4  16 -11  49   0 0.00    M    M  4.4 14 230   M    M   2        16 220
 4  21   7  14 -13  51   0    T    M    M 16.6 33 320   M    M   9 8      47 280
 5   9   3   6 -21  59   0    T    M    M 20.3 31 290   M    M   7 8      40 300
 6   9   1   5 -22  60   0    T    M    M 15.6 25 300   M    M   8        35 310
 7  23  -4  10 -17  55   0 0.00    M    M  5.9 15 300   M    M   2        19 300
 8  40  21  31   4  34   0    T    M    M  8.7 22 230   M    M  10        29 220
 9  41  26  34   7  31   0 0.00    M    M  8.7 20 270   M    M   5 8      25 270
10  42  21  32   5  33   0 0.00    M    M  5.4 13 160   M    M   4 18     17 160
11  58  33  46  19  19   0 0.07    M    M  7.8 23 150   M    M   7 1      28 160
12  62  38  50  23  15   0 0.61    M    M 10.2 22 310   M    M  10 12     30 190
13  39  11  25  -2  40   0 0.23    M    M 14.8 29 320   M    M   7 1      37 310
14  19   7  13 -14  52   0 0.00    M    M  6.8 16 340   M    M   0        24 340
15  23   8  16 -11  49   0    T    M    M  4.7 13 160   M    M   5 8      16 150
16  27  20  24  -3  41   0 0.07    M    M  3.2 16 310   M    M  10 18     21 300
17  20   7  14 -13  51   0    T    M    M 10.0 17 300   M    M   6 18     23 300
18  30   6  18  -9  47   0 0.00    M    M 13.2 25 260   M    M   0        32 260
================================================================================
SM  523  222       792   0  0.98    M    178.0          M      105
================================================================================
AV 29.1 12.3                               9.9 FASTST   M    M   6    MAX(MPH)
                                 MISC ---->  # 33 320               # 47  280
================================================================================
NOTES:
# LAST OF SEVERAL OCCURRENCES

COLUMN 17 PEAK WIND IN M.P.H.

PRELIMINARY LOCAL CLIMATOLOGICAL DATA (WS FORM: F-6) , PAGE 2

                                          STATION:  ALTOONA
                                          MONTH:    JANUARY
                                          YEAR:     2018
                                          LATITUDE:   40 17 N
                                          LONGITUDE:  78 19 W

[TEMPERATURE DATA]      [PRECIPITATION DATA]       SYMBOLS USED IN COLUMN 16

AVERAGE MONTHLY: 20.7   TOTAL FOR MONTH:   0.98    1 = FOG OR MIST
DPTR FM NORMAL:  -6.3   DPTR FM NORMAL:   -0.26    2 = FOG REDUCING VISIBILITY
HIGHEST:    62 ON 12    GRTST 24HR  0.61 ON 12-12      TO 1/4 MILE OR LESS
LOWEST:     -4 ON  7                               3 = THUNDER
                        SNOW, ICE PELLETS, HAIL    4 = ICE PELLETS
                        TOTAL MONTH:    M          5 = HAIL
                        GRTST 24HR    M  ON   M    6 = FREEZING RAIN OR DRIZZLE
                        GRTST DEPTH:  M  ON   M    7 = DUSTSTORM OR SANDSTORM:
                                                       VSBY 1/2 MILE OR LESS
                                                   8 = SMOKE OR HAZE
[NO. OF DAYS WITH]      [WEATHER - DAYS WITH]      9 = BLOWING SNOW
                                                   X = TORNADO
MAX 32 OR BELOW:  12    0.01 INCH OR MORE:   4
MAX 90 OR ABOVE:   0    0.10 INCH OR MORE:   2
MIN 32 OR BELOW:  16    0.50 INCH OR MORE:   1
MIN  0 OR BELOW:   1    1.00 INCH OR MORE:   0

[HDD (BASE 65) ]
TOTAL THIS MO.   792    CLEAR  (SCALE 0-3)   4
DPTR FM NORMAL   108    PTCLDY (SCALE 4-7)   9
TOTAL FM JUL 1  2936    CLOUDY (SCALE 8-10)  5
DPTR FM NORMAL  -132

[CDD (BASE 65) ]
TOTAL THIS MO.     0
DPTR FM NORMAL     0    [PRESSURE DATA]
TOTAL FM JAN 1     0    HIGHEST SLP M ON M
DPTR FM NORMAL     0    LOWEST  SLP 29.53 ON 12

[REMARKS]
