000
CXUS55 KCTP 261131
CF6AOO
PRELIMINARY LOCAL CLIMATOLOGICAL DATA (WS FORM: F-6)

                                          STATION:   ALTOONA
                                          MONTH:     FEBRUARY
                                          YEAR:      2015
                                          LATITUDE:   40 17 N
                                          LONGITUDE:  78 19 W

  TEMPERATURE IN F:       :PCPN:    SNOW:  WIND      :SUNSHINE: SKY     :PK WND
================================================================================
1   2   3   4   5  6A  6B    7    8   9   10  11  12  13   14  15   16   17  18
                                     12Z  AVG MX 2MIN
DY MAX MIN AVG DEP HDD CDD  WTR  SNW DPTH SPD SPD DIR MIN PSBL S-S WX    SPD DR
================================================================================

 1  32  15  24  -3  41   0 0.20    M    M  6.4 18 160   M    M   9 168    24 150
 2  38  12  25  -2  40   0 0.38    M    M 15.2 33 300   M    M   9 16     43 290
 3  25   7  16 -12  49   0    T    M    M  8.4 15 290   M    M   5         M  M
 4  44  18  31   3  34   0    T    M    M  8.2 17 220   M    M   6 1      22 220
 5  36   5  21  -7  44   0    T    M    M 14.2 25 330   M    M   5 18     38 320
 6  27   4  16 -12  49   0 0.00    M    M 13.6 22 270   M    M   3        27 280
 7  43  24  34   6  31   0 0.00    M    M 10.1 21 240   M    M   5        26 230
 8  53  36  45  17  20   0    T    M    M  5.6 18 220   M    M   5        21 220
 9  42  30  36   8  29   0 0.12    M    M  4.7  9  40   M    M  10 12     12  40
10  31  27  29   1  36   0 0.00    M    M  8.7 15 350   M    M  10 1      19 340
11  34  23  29   1  36   0 0.00    M    M  6.1 18 260   M    M   9 18     23 270
12  34   6  20  -9  45   0 0.01    M    M 18.0 29 300   M    M   9 1      38 300
13  18   3  11 -18  54   0 0.00    M    M 11.3 26 300   M    M   5        37 300
14  28   2  15 -14  50   0    T    M    M 16.5 37 310   M    M   9 189    50 310
15   5  -5   0 -29  65   0    T    M    M 19.3 35 300   M    M   6        48 310
16  11  -6   3 -26  62   0 0.03    M    M  4.9 21 300   M    M   4 1      26 300
17  21   1  11 -18  54   0 0.02    M    M  4.5 16 260   M    M   2 18     18 290
18  24   6  15 -15  50   0    T    M    M 10.0 30 300   M    M   5 18     38 280
19   7  -4   2 -28  63   0    T    M    M 15.2 25 300   M    M   9 89     36 280
20  10  -6   2 -28  63   0 0.00    M    M  8.4 20 300   M    M   1        24 300
21  24   8  16 -14  49   0 0.16    M    M  6.0 14 170   M    M  10 18     19 180
22  35  20  28  -2  37   0    T    M    M  6.7 20 270   M    M  10 18     29 270
23  28  -3  13 -18  52   0    T    M    M 11.6 22 330   M    M   4 8      27 330
24  24  -8   8 -23  57   0    T    M    M  5.8 20 160   M    M   1        23 160
25  32  17  25  -6  40   0    T    M    M 10.8 24 280   M    M   4        32 260
================================================================================
SM  706  232      1150   0  0.92    M    250.2          M      155
================================================================================
AV 28.2  9.3                              10.0 FASTST   M    M   6    MAX(MPH)
                                 MISC ---->  # 37 310               # 50  310
================================================================================
NOTES:
# LAST OF SEVERAL OCCURRENCES

COLUMN 17 PEAK WIND IN M.P.H.

PRELIMINARY LOCAL CLIMATOLOGICAL DATA (WS FORM: F-6) , PAGE 2

                                          STATION:  ALTOONA
                                          MONTH:    FEBRUARY
                                          YEAR:     2015
                                          LATITUDE:   40 17 N
                                          LONGITUDE:  78 19 W

[TEMPERATURE DATA]      [PRECIPITATION DATA]       SYMBOLS USED IN COLUMN 16

AVERAGE MONTHLY: 18.8   TOTAL FOR MONTH:   0.92    1 = FOG OR MIST
DPTR FM NORMAL: -10.2   DPTR FM NORMAL:   -0.89    2 = FOG REDUCING VISIBILITY
HIGHEST:    53 ON  8    GRTST 24HR  0.58 ON  1- 2      TO 1/4 MILE OR LESS
LOWEST:     -8 ON 24                               3 = THUNDER
                        SNOW, ICE PELLETS, HAIL    4 = ICE PELLETS
                        TOTAL MONTH:    M          5 = HAIL
                        GRTST 24HR    M  ON   M    6 = FREEZING RAIN OR DRIZZLE
                        GRTST DEPTH:  M  ON   M    7 = DUSTSTORM OR SANDSTORM:
                                                       VSBY 1/2 MILE OR LESS
                                                   8 = SMOKE OR HAZE
[NO. OF DAYS WITH]      [WEATHER - DAYS WITH]      9 = BLOWING SNOW
                                                   X = TORNADO
MAX 32 OR BELOW:  16    0.01 INCH OR MORE:   7
MAX 90 OR ABOVE:   0    0.10 INCH OR MORE:   4
MIN 32 OR BELOW:  24    0.50 INCH OR MORE:   0
MIN  0 OR BELOW:   6    1.00 INCH OR MORE:   0

[HDD (BASE 65) ]
TOTAL THIS MO.  1150    CLEAR  (SCALE 0-3)   3
DPTR FM NORMAL   248    PTCLDY (SCALE 4-7)  12
TOTAL FM JUL 1  4648    CLOUDY (SCALE 8-10) 10
DPTR FM NORMAL   193

[CDD (BASE 65) ]
TOTAL THIS MO.     0
DPTR FM NORMAL     0    [PRESSURE DATA]
TOTAL FM JAN 1     0    HIGHEST SLP M ON M
DPTR FM NORMAL     0    LOWEST  SLP 29.41 ON  2

[REMARKS]
