000
CXUS55 KCTP 011131
CF6AOO
PRELIMINARY LOCAL CLIMATOLOGICAL DATA (WS FORM: F-6)

                                          STATION:   ALTOONA
                                          MONTH:     SEPTEMBER
                                          YEAR:      2016
                                          LATITUDE:   40 17 N
                                          LONGITUDE:  78 19 W

  TEMPERATURE IN F:       :PCPN:    SNOW:  WIND      :SUNSHINE: SKY     :PK WND
================================================================================
1   2   3   4   5  6A  6B    7    8   9   10  11  12  13   14  15   16   17  18
                                     12Z  AVG MX 2MIN
DY MAX MIN AVG DEP HDD CDD  WTR  SNW DPTH SPD SPD DIR MIN PSBL S-S WX    SPD DR
================================================================================

 1  79  54  67   0   0   2 0.01    M    M  5.1 17 350   M    M   4 1      26  10
 2  75  49  62  -4   3   0 0.00    M    M  4.6 14  20   M    M   2        20  30
 3  78  53  66   0   0   1 0.00    M    M  4.3 12  10   M    M   2        16  20
 4  80  48  64  -2   1   0 0.00    M    M  1.7  9  10   M    M   0 1      12 350
 5  85  49  67   1   0   2 0.00    M    M  2.6 10 340   M    M   0 18     13 330
 6  88  54  71   6   0   6 0.00    M    M  5.7 18 320   M    M   2 8      26 320
 7  89  67  78  13   0  13 0.05    M    M  5.3 24 320   M    M   5 13     31 310
 8  89  73  81  16   0  16 0.00    M    M  8.4 21 230   M    M   3        26 230
 9  86  71  79  15   0  14    T    M    M  5.2 14 250   M    M   8 8      20 260
10  91  68  80  16   0  15 0.00    M    M  7.3 18 230   M    M   5 1      24 240
11  77  53  65   1   0   0    T    M    M  8.7 20 250   M    M   4        26 290
12  78  49  64   1   1   0 0.00    M    M  3.5 13 210   M    M   0 18     19 230
13  87  57  72   9   0   7 0.00    M    M  4.9 17 240   M    M   2 8      23 260
14  86  55  71   9   0   6 0.00    M    M  5.9 16 340   M    M   3 8      20 340
15  75  52  64   2   1   0 0.00    M    M  5.7 13  30   M    M   0 8      17  20
16  67  58  63   1   2   0 0.00    M    M  6.4 15 150   M    M  10        20 140
17  78  61  70   9   0   5    T    M    M  8.9 14 150   M    M   4        19 200
18  79  66  73  12   0   8 0.01    M    M  5.1 14 220   M    M   6 1      17 200
19  77  60  69   9   0   4 0.65    M    M  2.7  8  30   M    M   5 1      11  30
20  83  57  70  10   0   5 0.00    M    M  1.6 10  10   M    M   4 12     13  40
21  83  55  69   9   0   4 0.00    M    M  2.3  9  20   M    M   0 1      13  40
22  84  53  69  10   0   4 0.00    M    M  2.0  8 220   M    M   0 1      11 210
23  86  56  71  12   0   6 0.00    M    M  4.2 15 310   M    M   1 1      20 320
24  71  52  62   3   3   0 0.00    M    M  6.6 16  20   M    M   6        22  20
25  72  43  58   0   7   0 0.00    M    M  2.0  7 100   M    M   0        12  10
26  65  49  57  -1   8   0 0.48    M    M  5.8 15 140   M    M   8 1      18 150
27  72  48  60   3   5   0 0.00    M    M  6.9 17 250   M    M   1        23 280
28  72  45  59   2   6   0 0.05    M    M  8.2 20 130   M    M   8 1      27  90
29  61  55  58   1   7   0 1.55    M    M 11.6 20  80   M    M   9 1      28  70
30  55  53  54  -2  11   0 0.38    M    M  8.0 16  80   M    M   9 1      23  70
================================================================================
SM 2348 1663        55 118  3.18    M    161.2          M      111
================================================================================
AV 78.3 55.4                               5.4 FASTST   M    M   4    MAX(MPH)
                                 MISC ---->  # 24 320               # 31  310
================================================================================
NOTES:
# LAST OF SEVERAL OCCURRENCES

COLUMN 17 PEAK WIND IN M.P.H.

PRELIMINARY LOCAL CLIMATOLOGICAL DATA (WS FORM: F-6) , PAGE 2

                                          STATION:  ALTOONA
                                          MONTH:    SEPTEMBER
                                          YEAR:     2016
                                          LATITUDE:   40 17 N
                                          LONGITUDE:  78 19 W

[TEMPERATURE DATA]      [PRECIPITATION DATA]       SYMBOLS USED IN COLUMN 16

AVERAGE MONTHLY: 66.9   TOTAL FOR MONTH:   3.18    1 = FOG OR MIST
DPTR FM NORMAL:   5.2   DPTR FM NORMAL:   -0.28    2 = FOG REDUCING VISIBILITY
HIGHEST:    91 ON 10    GRTST 24HR  1.58 ON 28-29      TO 1/4 MILE OR LESS
LOWEST:     43 ON 25                               3 = THUNDER
                        SNOW, ICE PELLETS, HAIL    4 = ICE PELLETS
                        TOTAL MONTH:    M          5 = HAIL
                        GRTST 24HR    M  ON   M    6 = FREEZING RAIN OR DRIZZLE
                        GRTST DEPTH:  M  ON   M    7 = DUSTSTORM OR SANDSTORM:
                                                       VSBY 1/2 MILE OR LESS
                                                   8 = SMOKE OR HAZE
[NO. OF DAYS WITH]      [WEATHER - DAYS WITH]      9 = BLOWING SNOW
                                                   X = TORNADO
MAX 32 OR BELOW:   0    0.01 INCH OR MORE:   8
MAX 90 OR ABOVE:   1    0.10 INCH OR MORE:   4
MIN 32 OR BELOW:   0    0.50 INCH OR MORE:   2
MIN  0 OR BELOW:   0    1.00 INCH OR MORE:   1

[HDD (BASE 65) ]
TOTAL THIS MO.    55    CLEAR  (SCALE 0-3)  15
DPTR FM NORMAL   -93    PTCLDY (SCALE 4-7)  11
TOTAL FM JUL 1    59    CLOUDY (SCALE 8-10)  4
DPTR FM NORMAL  -112

[CDD (BASE 65) ]
TOTAL THIS MO.   118
DPTR FM NORMAL    71    [PRESSURE DATA]
TOTAL FM JAN 1   862    HIGHEST SLP 30.31 ON  5
DPTR FM NORMAL   340    LOWEST  SLP 29.87 ON 27

[REMARKS]
#FINAL-09-16#
