000
CXUS55 KCTP 271131
CF6AOO
PRELIMINARY LOCAL CLIMATOLOGICAL DATA (WS FORM: F-6)

                                          STATION:   ALTOONA
                                          MONTH:     JULY
                                          YEAR:      2015
                                          LATITUDE:   40 17 N
                                          LONGITUDE:  78 19 W

  TEMPERATURE IN F:       :PCPN:    SNOW:  WIND      :SUNSHINE: SKY     :PK WND
================================================================================
1   2   3   4   5  6A  6B    7    8   9   10  11  12  13   14  15   16   17  18
                                     12Z  AVG MX 2MIN
DY MAX MIN AVG DEP HDD CDD  WTR  SNW DPTH SPD SPD DIR MIN PSBL S-S WX    SPD DR
================================================================================

 1  75  57  66  -4   0   1 0.00    M    M  7.8 18 280   M    M   4        22 280
 2  75  54  65  -5   0   0 0.00    M    M  1.7  7  40   M    M   2 18     10  40
 3  76  57  67  -3   0   2 0.24    M    M  3.7 13 170   M    M   7 128    18 140
 4  74  59  67  -3   0   2 1.28    M    M  3.0 10 170   M    M   7 12     14 160
 5  78  60  69  -1   0   4 0.00    M    M  2.3  8  90   M    M   6 128    10 100
 6  76  66  71   0   0   6 0.14    M    M  3.0 12 160   M    M   7 138    20 170
 7  84  66  75   4   0  10 0.01    M    M  6.5 16 230   M    M   5 18     25 220
 8  81  69  75   4   0  10 0.08    M    M  5.7 14 310   M    M   8 1      19 220
 9  86  65  76   5   0  11 0.50    M    M  7.6 20 220   M    M   8 1      29 220
10  76  61  69  -2   0   4 0.00    M    M  4.4 10 310   M    M   7 1      14 310
11  80  60  70  -1   0   5 0.00    M    M  2.1  9 100   M    M   2 1      12  90
12  81  56  69  -2   0   4 0.00    M    M  1.1  7 150   M    M   0 1      10 130
13  78  58  68  -3   0   3 0.09  0.0    0  3.9 13 170   M    M   5 18     18 160
14  82  65  74   3   0   9 1.58  0.0    0  5.0 18 240   M    M   5 13     27 240
15  78  55  67  -4   0   2 0.15    M    M  5.9 13  10   M    M   6 1      17  10
16  76  48  62  -9   3   0 0.00    M    M  1.0  8  50   M    M   0        12  30
17  81  54  68  -3   0   3    T    M    M  4.7 14 170   M    M   2 1      20 160
18  87  66  77   6   0  12 1.21    M    M  5.8 14 290   M    M   2 13     17 290
19  88  69  79   8   0  14 0.00    M    M  4.8 15  30   M    M   2 18     22  30
20  85  67  76   5   0  11 0.00    M    M  6.3 12 280   M    M   3        16 240
21  84  62  73   2   0   8    T    M    M  5.6 21 330   M    M   4 18     30 320
22  76  55  66  -5   0   1 0.00  0.0    M  7.2 16 320   M    M   2        25 320
23  79  54  67  -4   0   2    T  0.0    M  3.3 12 340   M    M   1        17 360
24  82  52  67  -4   0   2 0.00  0.0    M  3.1 14 320   M    M   1 1      19 300
25  83  56  70  -1   0   5 0.00  0.0    M  1.5  7 130   M    M   0 18     11 150
26  85  60  73   2   0   8 0.07  0.0    M  2.4 14 280   M    M   3 13     20 280
================================================================================
SM 2086 1551         3 139  5.35     0.0 109.4          M       99
================================================================================
AV 80.2 59.7                               4.2 FASTST   M    M   4    MAX(MPH)
                                 MISC ---->  # 21 330               # 30  320
================================================================================
NOTES:
# LAST OF SEVERAL OCCURRENCES

COLUMN 17 PEAK WIND IN M.P.H.

PRELIMINARY LOCAL CLIMATOLOGICAL DATA (WS FORM: F-6) , PAGE 2

                                          STATION:  ALTOONA
                                          MONTH:    JULY
                                          YEAR:     2015
                                          LATITUDE:   40 17 N
                                          LONGITUDE:  78 19 W

[TEMPERATURE DATA]      [PRECIPITATION DATA]       SYMBOLS USED IN COLUMN 16

AVERAGE MONTHLY: 69.9   TOTAL FOR MONTH:   5.35    1 = FOG OR MIST
DPTR FM NORMAL:  -0.9   DPTR FM NORMAL:    2.59    2 = FOG REDUCING VISIBILITY
HIGHEST:    88 ON 19    GRTST 24HR  1.70 ON 14-15      TO 1/4 MILE OR LESS
LOWEST:     48 ON 16                               3 = THUNDER
                        SNOW, ICE PELLETS, HAIL    4 = ICE PELLETS
                        TOTAL MONTH:   0.0 INCH    5 = HAIL
                        GRTST 24HR     0.0         6 = FREEZING RAIN OR DRIZZLE
                        GRTST DEPTH:   0           7 = DUSTSTORM OR SANDSTORM:
                                                       VSBY 1/2 MILE OR LESS
                                                   8 = SMOKE OR HAZE
[NO. OF DAYS WITH]      [WEATHER - DAYS WITH]      9 = BLOWING SNOW
                                                   X = TORNADO
MAX 32 OR BELOW:   0    0.01 INCH OR MORE:  11
MAX 90 OR ABOVE:   0    0.10 INCH OR MORE:   7
MIN 32 OR BELOW:   0    0.50 INCH OR MORE:   4
MIN  0 OR BELOW:   0    1.00 INCH OR MORE:   3

[HDD (BASE 65) ]
TOTAL THIS MO.     3    CLEAR  (SCALE 0-3)  11
DPTR FM NORMAL     2    PTCLDY (SCALE 4-7)  15
TOTAL FM JUL 1     3    CLOUDY (SCALE 8-10)  0
DPTR FM NORMAL     2

[CDD (BASE 65) ]
TOTAL THIS MO.   139
DPTR FM NORMAL   -16    [PRESSURE DATA]
TOTAL FM JAN 1   391    HIGHEST SLP M ON M
DPTR FM NORMAL    94    LOWEST  SLP 29.48 ON 14

[REMARKS]
