000
CXUS56 KMTR 201000
CF6APC
PRELIMINARY LOCAL CLIMATOLOGICAL DATA (WS FORM: F-6)

                                          STATION:   NAPA AIRPORT
                                          MONTH:     OCTOBER
                                          YEAR:      2014
                                          LATITUDE:   38 13 N
                                          LONGITUDE: 122 17 W

  TEMPERATURE IN F:       :PCPN:    SNOW:  WIND      :SUNSHINE: SKY     :PK WND
================================================================================
1   2   3   4   5  6A  6B    7    8   9   10  11  12  13   14  15   16   17  18
                                     12Z  AVG MX 2MIN
DY MAX MIN AVG DEP HDD CDD  WTR  SNW DPTH SPD SPD DIR MIN PSBL S-S WX    SPD DR
================================================================================

 1  91  47  69   7   0   4 0.00  0.0    0  5.6 16  20   M    M   0        21 350
 2  92  42  67   5   0   2 0.00  0.0    0  5.8 14 100   M    M   0 8      19  90
 3  94  46  70   9   0   5 0.00  0.0    0  3.8 10 230   M    M   0        13 220
 4  94  45  70   9   0   5 0.00  0.0    0  3.5  9 230   M    M   0 8      13 210
 5  93  44  69   8   0   4 0.00  0.0    0  4.1 12 230   M    M   0        14 220
 6  91  47  69   8   0   4 0.00  0.0    0  4.2 12 200   M    M   0 1      13 200
 7  79  44  62   2   3   0 0.00  0.0    0  4.8 13 190   M    M   0 12     15 200
 8  86  46  66   6   0   1 0.00  0.0    0  6.3 18 210   M    M   0 1      23 250
 9  73  47  60   0   5   0 0.00  0.0    0  5.8 16 200   M    M   1 12     18 200
10  72  47  60   0   5   0 0.00  0.0    0  4.9 15 220   M    M   4 1      19 210
11  78  44  61   1   4   0 0.00  0.0    0  3.0 12 210   M    M   3 12     14 210
12  95  46  71  11   0   6 0.00  0.0    0  5.9 17 340   M    M   0 1      23 350
13  84  43  64   5   1   0 0.00  0.0    0  6.3 21 180   M    M   0        25 180
14  70  46  58  -1   7   0    T    M    0 13.8 25 220   M    M   8 1      31 220
15  70  51  61   2   4   0 0.15  0.0    0  6.9 22 220   M    M   5 1      28 220
16  73  44  59   0   6   0 0.00  0.0    0  4.8 16 280   M    M   0 1      19 280
17  73  45  59   1   6   0 0.00  0.0    0  4.6 14 200   M    M   4 1      18 190
18  79  49  64   6   1   0 0.00  0.0    0  5.2 14 270   M    M   1 1      16 280
19  75  49  62   4   3   0 0.00  0.0    0  5.9 15 200   M    M   5 12     18 280
================================================================================
SM 1562  872        45  31  0.15     0.0 105.2          M       31
================================================================================
AV 82.2 45.9                               5.5 FASTST   M    M   2    MAX(MPH)
                                 MISC ---->  # 25 220               # 31  220
================================================================================
NOTES:
# LAST OF SEVERAL OCCURRENCES

COLUMN 17 PEAK WIND IN M.P.H.

PRELIMINARY LOCAL CLIMATOLOGICAL DATA (WS FORM: F-6) , PAGE 2

                                          STATION:  NAPA AIRPORT
                                          MONTH:    OCTOBER
                                          YEAR:     2014
                                          LATITUDE:   38 13 N
                                          LONGITUDE: 122 17 W

[TEMPERATURE DATA]      [PRECIPITATION DATA]       SYMBOLS USED IN COLUMN 16

AVERAGE MONTHLY: 64.1   TOTAL FOR MONTH:   0.15    1 = FOG OR MIST
DPTR FM NORMAL:   4.2   DPTR FM NORMAL:   -0.29    2 = FOG REDUCING VISIBILITY
HIGHEST:    95 ON 12    GRTST 24HR  0.15 ON 15-15      TO 1/4 MILE OR LESS
LOWEST:     42 ON  2                               3 = THUNDER
                        SNOW, ICE PELLETS, HAIL    4 = ICE PELLETS
                        TOTAL MONTH:   0.0 INCH    5 = HAIL
                        GRTST 24HR     0.0         6 = FREEZING RAIN OR DRIZZLE
                        GRTST DEPTH:   0           7 = DUSTSTORM OR SANDSTORM:
                                                       VSBY 1/2 MILE OR LESS
                                                   8 = SMOKE OR HAZE
[NO. OF DAYS WITH]      [WEATHER - DAYS WITH]      9 = BLOWING SNOW
                                                   X = TORNADO
MAX 32 OR BELOW:   0    0.01 INCH OR MORE:   1
MAX 90 OR ABOVE:   7    0.10 INCH OR MORE:   1
MIN 32 OR BELOW:   0    0.50 INCH OR MORE:   0
MIN  0 OR BELOW:   0    1.00 INCH OR MORE:   0

[HDD (BASE 65) ]
TOTAL THIS MO.    45    CLEAR  (SCALE 0-3)  14
DPTR FM NORMAL   -59    PTCLDY (SCALE 4-7)   5
TOTAL FM JUL 1    89    CLOUDY (SCALE 8-10)  0
DPTR FM NORMAL  -155

[CDD (BASE 65) ]
TOTAL THIS MO.    31
DPTR FM NORMAL    27    [PRESSURE DATA]
TOTAL FM JAN 1   267    HIGHEST SLP M ON M
DPTR FM NORMAL    47    LOWEST  SLP 29.81 ON 14

[REMARKS]
