000
CXUS52 KMFL 281000
CF6APF
PRELIMINARY LOCAL CLIMATOLOGICAL DATA (WS FORM: F-6)

                                          STATION:   NAPLES
                                          MONTH:     SEPTEMBER
                                          YEAR:      2016
                                          LATITUDE:   26  8 N
                                          LONGITUDE:  81 46 W

  TEMPERATURE IN F:       :PCPN:    SNOW:  WIND      :SUNSHINE: SKY     :PK WND
================================================================================
1   2   3   4   5  6A  6B    7    8   9   10  11  12  13   14  15   16   17  18
                                     12Z  AVG MX 2MIN
DY MAX MIN AVG DEP HDD CDD  WTR  SNW DPTH SPD SPD DIR MIN PSBL S-S WX    SPD DR
================================================================================

 1  88  77  83   0   0  18 0.20  0.0    0 14.1 28 190   M    M   6 1      43 210
 2  89  78  84   1   0  19    T  0.0    0 12.2 21 200   M    M   6        27 190
 3  90  76  83   0   0  18 0.00  0.0    0  4.7 15 210   M    M   2        18 220
 4  91  78  85   2   0  20 0.00  0.0    0  6.6 14 290   M    M   2 3      16 280
 5  92  76  84   1   0  19 0.34  0.0    0  7.2 18 120   M    M   3 13     24 120
 6  88  75  82  -1   0  17 1.01  0.0    0  5.8 17  40   M    M   6 123    20  30
 7  91  74  83   0   0  18 0.61  0.0    0  7.0 23  60   M    M   3 138    27  50
 8  91  77  84   1   0  19    T  0.0    0  8.3 23 100   M    M   2 3      29 100
 9  93  77  85   2   0  20 0.00  0.0    0  9.5 17  70   M    M   2        24  70
10  91  77  84   1   0  19 0.04  0.0    0  6.1 15 130   M    M   3 3      20 110
11  88  75  82  -1   0  17 1.28  0.0    0  6.7 22 160   M    M   3 13     25 160
12  91  76  84   1   0  19    T  0.0    0  6.1 17 130   M    M   3 13     19 130
13  89  77  83   0   0  18 0.06  0.0    0  7.2 17 190   M    M   4 13     23 190
14  89  77  83   0   0  18 0.01  0.0    0  5.0 15 230   M    M   3 1      17 210
15  91  78  85   3   0  20 0.00  0.0    0  4.1 13 270   M    M   2        19 250
16  92  78  85   3   0  20 0.44  0.0    0  4.0 14 230   M    M   2 13     18 230
17  90  77  84   2   0  19 0.01  0.0    0  4.6 15 230   M    M   4 123    18 250
18  89  78  84   2   0  19 0.00  0.0    0  4.4 13 260   M    M   2 3      16 250
19  90  78  84   2   0  19 0.00  0.0    0  4.8 14 270   M    M   2        18 270
20  90  79  85   3   0  20 0.00  0.0    0  4.0 12 300   M    M   1        16 270
21  92  79  86   4   0  21 0.00  0.0    0  4.2 15 290   M    M   3 3      18 290
22  91  74  83   1   0  18 0.47  0.0    0  5.1 20 140   M    M   2 13     23 140
23  91  75  83   1   0  18 0.00  0.0    0  4.6 13 140   M    M   1 3      16 260
24  90  76  83   1   0  18 0.00  0.0    0  3.9 15 120   M    M   2 3      17 120
25  90  74  82   0   0  17 0.55  0.0    0  4.8 15 180   M    M   3 138    18 180
26  85  76  81  -1   0  16 0.00  0.0    0  4.6 17 170   M    M   1        22 170
27  88  74  81  -1   0  16 0.07  0.0    0  4.9 18 130   M    M   2 13     22 140
================================================================================
SM 2430 2066         0 500  5.09     0.0 164.5          M       75
================================================================================
AV 90.0 76.5                               6.1 FASTST   M    M   3    MAX(MPH)
                                 MISC ---->  # 28 190               # 43  210
================================================================================
NOTES:
# LAST OF SEVERAL OCCURRENCES

COLUMN 17 PEAK WIND IN M.P.H.

PRELIMINARY LOCAL CLIMATOLOGICAL DATA (WS FORM: F-6) , PAGE 2

                                          STATION:  NAPLES
                                          MONTH:    SEPTEMBER
                                          YEAR:     2016
                                          LATITUDE:   26  8 N
                                          LONGITUDE:  81 46 W

[TEMPERATURE DATA]      [PRECIPITATION DATA]       SYMBOLS USED IN COLUMN 16

AVERAGE MONTHLY: 83.3   TOTAL FOR MONTH:   5.09    1 = FOG OR MIST
DPTR FM NORMAL:   0.7   DPTR FM NORMAL:   -1.92    2 = FOG REDUCING VISIBILITY
HIGHEST:    93 ON  9    GRTST 24HR  1.34 ON  5- 6      TO 1/4 MILE OR LESS
LOWEST:     74 ON 27,25                            3 = THUNDER
                        SNOW, ICE PELLETS, HAIL    4 = ICE PELLETS
                        TOTAL MONTH:   0.0 INCH    5 = HAIL
                        GRTST 24HR     0.0         6 = FREEZING RAIN OR DRIZZLE
                        GRTST DEPTH:   0           7 = DUSTSTORM OR SANDSTORM:
                                                       VSBY 1/2 MILE OR LESS
                                                   8 = SMOKE OR HAZE
[NO. OF DAYS WITH]      [WEATHER - DAYS WITH]      9 = BLOWING SNOW
                                                   X = TORNADO
MAX 32 OR BELOW:   0    0.01 INCH OR MORE:  13
MAX 90 OR ABOVE:  18    0.10 INCH OR MORE:   8
MIN 32 OR BELOW:   0    0.50 INCH OR MORE:   4
MIN  0 OR BELOW:   0    1.00 INCH OR MORE:   2

[HDD (BASE 65) ]
TOTAL THIS MO.     0    CLEAR  (SCALE 0-3)  19
DPTR FM NORMAL     0    PTCLDY (SCALE 4-7)   8
TOTAL FM JUL 1     0    CLOUDY (SCALE 8-10)  0
DPTR FM NORMAL     0

[CDD (BASE 65) ]
TOTAL THIS MO.   500
DPTR FM NORMAL    27    [PRESSURE DATA]
TOTAL FM JAN 1  3416    HIGHEST SLP M ON M
DPTR FM NORMAL   286    LOWEST  SLP 29.90 ON 12

[REMARKS]
