000
CXUS52 KMFL 311000
CF6APF
PRELIMINARY LOCAL CLIMATOLOGICAL DATA (WS FORM: F-6)

                                          STATION:   NAPLES
                                          MONTH:     MAY
                                          YEAR:      2016
                                          LATITUDE:   26  8 N
                                          LONGITUDE:  81 46 W

  TEMPERATURE IN F:       :PCPN:    SNOW:  WIND      :SUNSHINE: SKY     :PK WND
================================================================================
1   2   3   4   5  6A  6B    7    8   9   10  11  12  13   14  15   16   17  18
                                     12Z  AVG MX 2MIN
DY MAX MIN AVG DEP HDD CDD  WTR  SNW DPTH SPD SPD DIR MIN PSBL S-S WX    SPD DR
================================================================================

 1  89  70  80   4   0  15    T  0.0    0  8.6 18 230   M    M   3        23 220
 2  90  73  82   6   0  17 0.00  0.0    0 10.0 21 200   M    M   3 1      23 210
 3  88  74  81   5   0  16 0.00  0.0    0  8.0 16 230   M    M   3        20 230
 4  82  72  77   1   0  12 0.69  0.0    0 10.6 23 210   M    M   5 138    31 300
 5  81  72  77   1   0  12 0.00  0.0    0 13.0 18 300   M    M   4        25 300
 6  78  64  71  -6   0   6 0.00  0.0    0  8.8 15 330   M    M   1        25 330
 7  80  58  69  -8   0   4 0.00  0.0    M  7.5 21 300   M    M   0        26 290
 8  85  60  73  -4   0   8 0.00  0.0    0  5.5 14 270   M    M   0        18 270
 9  86  61  74  -3   0   9 0.00  0.0    0  6.5 16 120   M    M   1        21 220
10  87  68  78   1   0  13 0.00  0.0    0  6.7 14 240   M    M   3        18 100
11  89  70  80   3   0  15 0.00  0.0    0  6.9 14 110   M    M   2        17 140
12  88  69  79   1   0  14 0.00  0.0    0  5.4 13  20   M    M   0        17  10
13  86  70  78   0   0  13 0.00  0.0    0  6.9 20 280   M    M   1 8      23 280
14  85  72  79   1   0  14 0.00  0.0    0  7.3 17 280   M    M   1        26 240
15  87  72  80   2   0  15 0.00  0.0    0  6.8 17 300   M    M   0 1      21 290
16  91  70  81   3   0  16 0.00  0.0    0  6.3 15 220   M    M   2 3      19 130
17  92  75  84   6   0  19 0.62  0.0    0 11.3 22 180   M    M   6 13     30 190
18  89  72  81   3   0  16    T  0.0    0  5.8 25 180   M    M   3 38     32 170
19  87  75  81   2   0  16 0.01  0.0    0  8.3 17 210   M    M   4 138    22 140
20  89  75  82   3   0  17 0.00  0.0    0  5.5 14 260   M    M   2 3      18  80
21  88  74  81   2   0  16    T  0.0    0  7.4 16 290   M    M   3        18 270
22  86  78  82   3   0  17    T  0.0    0  9.3 20 300   M    M   4        24 290
23  86  74  80   1   0  15 0.00  0.0    0  4.9 13 290   M    M   2        17 290
24  91  72  82   3   0  17 0.00  0.0    0  6.9 16 270   M    M   1        22 270
25  93  73  83   3   0  18 0.00  0.0    0 11.0 20  70   M    M   2 3      24  70
26  90  67  79  -1   0  14 0.00  0.0    0  9.8 18  90   M    M   2 X      22  80
27  91  69  80   0   0  15 0.02  0.0    0  7.4 15 160   M    M   3 1      20  60
28  88  70  79  -1   0  14 1.10  0.0    0  5.3 31  80   M    M   2 123    38  80
29  90  73  82   2   0  17 0.00  0.0    0  7.3 17 290   M    M   2 3      21 280
30  88  72  80   0   0  15 0.04  0.0    0  6.8 18 110   M    M   3 138    27 110
================================================================================
SM 2620 2114         0 425  2.48     0.0 231.8          M       68
================================================================================
AV 87.3 70.5                               7.7 FASTST   M    M   2    MAX(MPH)
                                 MISC ---->  # 31  80               # 38   80
================================================================================
NOTES:
# LAST OF SEVERAL OCCURRENCES

COLUMN 17 PEAK WIND IN M.P.H.

PRELIMINARY LOCAL CLIMATOLOGICAL DATA (WS FORM: F-6) , PAGE 2

                                          STATION:  NAPLES
                                          MONTH:    MAY
                                          YEAR:     2016
                                          LATITUDE:   26  8 N
                                          LONGITUDE:  81 46 W

[TEMPERATURE DATA]      [PRECIPITATION DATA]       SYMBOLS USED IN COLUMN 16

AVERAGE MONTHLY: 78.9   TOTAL FOR MONTH:   2.48    1 = FOG OR MIST
DPTR FM NORMAL:   0.8   DPTR FM NORMAL:   -0.53    2 = FOG REDUCING VISIBILITY
HIGHEST:    93 ON 25    GRTST 24HR  1.12 ON 27-28      TO 1/4 MILE OR LESS
LOWEST:     58 ON  7                               3 = THUNDER
                        SNOW, ICE PELLETS, HAIL    4 = ICE PELLETS
                        TOTAL MONTH:   0.0 INCH    5 = HAIL
                        GRTST 24HR     0.0         6 = FREEZING RAIN OR DRIZZLE
                        GRTST DEPTH:   0           7 = DUSTSTORM OR SANDSTORM:
                                                       VSBY 1/2 MILE OR LESS
                                                   8 = SMOKE OR HAZE
[NO. OF DAYS WITH]      [WEATHER - DAYS WITH]      9 = BLOWING SNOW
                                                   X = TORNADO
MAX 32 OR BELOW:   0    0.01 INCH OR MORE:   6
MAX 90 OR ABOVE:   8    0.10 INCH OR MORE:   3
MIN 32 OR BELOW:   0    0.50 INCH OR MORE:   3
MIN  0 OR BELOW:   0    1.00 INCH OR MORE:   1

[HDD (BASE 65) ]
TOTAL THIS MO.     0    CLEAR  (SCALE 0-3)  23
DPTR FM NORMAL     0    PTCLDY (SCALE 4-7)   7
TOTAL FM JUL 1   142    CLOUDY (SCALE 8-10)  0
DPTR FM NORMAL  -118

[CDD (BASE 65) ]
TOTAL THIS MO.   425
DPTR FM NORMAL    32    [PRESSURE DATA]
TOTAL FM JAN 1  1169    HIGHEST SLP M ON M
DPTR FM NORMAL   156    LOWEST  SLP 29.68 ON  4

[REMARKS]
