000
CXUS53 KAPX 260631
CF6APN
PRELIMINARY LOCAL CLIMATOLOGICAL DATA (WS FORM: F-6)

                                          STATION:   ALPENA MI
                                          MONTH:     OCTOBER
                                          YEAR:      2014
                                          LATITUDE:   45  4 N
                                          LONGITUDE:  83 34 W

  TEMPERATURE IN F:       :PCPN:    SNOW:  WIND      :SUNSHINE: SKY     :PK WND
================================================================================
1   2   3   4   5  6A  6B    7    8   9   10  11  12  13   14  15   16   17  18
                                     12Z  AVG MX 2MIN
DY MAX MIN AVG DEP HDD CDD  WTR  SNW DPTH SPD SPD DIR MIN PSBL S-S WX    SPD DR
================================================================================

 1  59  52  56   4   9   0 0.00  0.0    0  5.7 12 150   M    M   9 12     16 120
 2  61  50  56   5   9   0 0.07  0.0    0  7.3 16 130   M    M   9 12     22 130
 3  65  51  58   7   7   0 0.70  0.0    0 10.1 28 200   M    M   9 13     37 180
 4  51  41  46  -5  19   0 0.00  0.0    0 10.9 20 220   M    M   9        28 220
 5  50  41  46  -4  19   0    T  0.0    0  8.7 20 250   M    M   9        30 240
 6  58  42  50   0  15   0 0.07  0.0    0  8.2 17 180   M    M   9 1      24 220
 7  63  41  52   3  13   0 0.00  0.0    0  9.4 22 200   M    M   4        32 230
 8  49  38  44  -5  21   0 0.05  0.0    0  7.5 22 260   M    M   8 1      35 250
 9  51  38  45  -4  20   0    T  0.0    0  7.0 15 260   M    M   7        23 320
10  53  34  44  -4  21   0 0.01  0.0    0  5.6 17 320   M    M   6        24 310
11  55  31  43  -5  22   0 0.00  0.0    0  4.6 13 310   M    M   3        16 270
12  59  26  43  -5  22   0 0.00  0.0    0  5.5 20 130   M    M   0        26 110
13  62  35  49   2  16   0 0.13  0.0    0  4.5 12 150   M    M   9 12     14 140
14  65  55  60  13   5   0 0.42  0.0    0  8.6 20  90   M    M   8 1      24  80
15  59  54  57  11   8   0 0.20  0.0    0  5.6 16  50   M    M  10 12     21  50
16  56  46  51   5  14   0    T  0.0    0  3.7  9 360   M    M   9 12     11  10
17  57  43  50   4  15   0 0.13  0.0    0  7.5 17 320   M    M  10 12     27 330
18  46  38  42  -3  23   0 0.10  0.0    0 12.9 22 340   M    M   9 1      33 320
19  49  32  41  -4  24   0    T  0.0    0  5.1 10 220   M    M   6        16 270
20  52  45  49   4  16   0 0.04  0.0    0  6.0 14 360   M    M  10 1      18 360
21  47  30  39  -5  26   0 0.00  0.0    0 12.3 23  10   M    M   7        28  20
22  53  27  40  -4  25   0 0.00  0.0    0  4.1 10  40   M    M   5        13 350
23  54  22  38  -6  27   0 0.00  0.0    0  2.4 12 140   M    M   2 12     15 110
24  57  27  42  -1  23   0 0.00  0.0    0  2.3  8 250   M    M   8 1      11 190
25  63  37  50   7  15   0 0.00  0.0    0 11.6 21 310   M    M   2 1      35 330
================================================================================
SM 1394  976       434   0  1.92     0.0 177.1          M      177
================================================================================
AV 55.8 39.0                               7.1 FASTST   M    M   7    MAX(MPH)
                                 MISC ---->  # 28 200               # 37  180
================================================================================
NOTES:
# LAST OF SEVERAL OCCURRENCES

COLUMN 17 PEAK WIND IN M.P.H.

PRELIMINARY LOCAL CLIMATOLOGICAL DATA (WS FORM: F-6) , PAGE 2

                                          STATION:  ALPENA MI
                                          MONTH:    OCTOBER
                                          YEAR:     2014
                                          LATITUDE:   45  4 N
                                          LONGITUDE:  83 34 W

[TEMPERATURE DATA]      [PRECIPITATION DATA]       SYMBOLS USED IN COLUMN 16

AVERAGE MONTHLY: 47.4   TOTAL FOR MONTH:   1.92    1 = FOG OR MIST
DPTR FM NORMAL:   0.2   DPTR FM NORMAL:   -0.22    2 = FOG REDUCING VISIBILITY
HIGHEST:    65 ON 14, 3 GRTST 24HR  0.76 ON  2- 3      TO 1/4 MILE OR LESS
LOWEST:     22 ON 23                               3 = THUNDER
                        SNOW, ICE PELLETS, HAIL    4 = ICE PELLETS
                        TOTAL MONTH:   0.0 INCH    5 = HAIL
                        GRTST 24HR     0.0         6 = FREEZING RAIN OR DRIZZLE
                        GRTST DEPTH:   0           7 = DUSTSTORM OR SANDSTORM:
                                                       VSBY 1/2 MILE OR LESS
                                                   8 = SMOKE OR HAZE
[NO. OF DAYS WITH]      [WEATHER - DAYS WITH]      9 = BLOWING SNOW
                                                   X = TORNADO
MAX 32 OR BELOW:   0    0.01 INCH OR MORE:  11
MAX 90 OR ABOVE:   0    0.10 INCH OR MORE:   6
MIN 32 OR BELOW:   7    0.50 INCH OR MORE:   1
MIN  0 OR BELOW:   0    1.00 INCH OR MORE:   0

[HDD (BASE 65) ]
TOTAL THIS MO.   434    CLEAR  (SCALE 0-3)   4
DPTR FM NORMAL   -13    PTCLDY (SCALE 4-7)   7
TOTAL FM JUL 1   781    CLOUDY (SCALE 8-10) 14
DPTR FM NORMAL   -23

[CDD (BASE 65) ]
TOTAL THIS MO.     0
DPTR FM NORMAL     0    [PRESSURE DATA]
TOTAL FM JAN 1   168    HIGHEST SLP M ON M
DPTR FM NORMAL  -121    LOWEST  SLP 29.24 ON  3

[REMARKS]
