000
CXUS54 KEWX 281010
CF6AQO
PRELIMINARY LOCAL CLIMATOLOGICAL DATA (WS FORM: F-6)
STATION: LLANO MUNICIPAL AIRPORT
MONTH: MARCH
YEAR: 2024
LATITUDE: 30 47 N
LONGITUDE: 98 40 W
TEMPERATURE IN F: :PCPN: SNOW: WIND :SUNSHINE: SKY :PK WND
================================================================================
1 2 3 4 5 6A 6B 7 8 9 10 11 12 13 14 15 16 17 18
12Z AVG MX 2MIN
DY MAX MIN AVG DEP HDD CDD WTR SNW DPTH SPD SPD DIR MIN PSBL S-S WX SPD DR
================================================================================
1 77 30 54 M 11 0 0.00 M M 2.7 12 120 M M 4 16 120
2 84 37 61 M 4 0 0.00 M M 3.6 10 200 M M 2 1 16 220
3 81 55 68 M 0 3 0.00 M M 7.0 13 180 M M 4 1 20 210
4 81 61 71 M 0 6 0.00 M M 4.2 9 210 M M 8 1 14 250
5 86 52 69 M 0 4 0.00 M M 4.7 15 300 M M 2 12 17 300
6 86 46 66 M 0 1 0.00 M M 5.1 12 150 M M 1 18 170
7 72 61 67 M 0 2 0.00 M M 6.3 12 140 M M 8 18 18 140
8 75 46 61 M 4 0 0.00 M M 9.5 17 340 M M 5 13 37 0
9 59 43 51 M 14 0 0.00 M M 10.0 17 330 M M 7 22 330
10 66 36 51 M 14 0 0.00 M M 3.4 7 340 M M 3 M M
11 73 46 60 M 5 0 0.00 M M 4.9 10 220 M M 5 20 160
12 79 57 68 M 0 3 0.00 M M 7.5 15 190 M M 8 21 190
13 86 57 72 M 0 7 0.00 M M 6.8 16 140 M M 6 22 140
14 79 64 72 M 0 7 0.00 M M 7.1 12 160 M M 8 18 18 160
15 70 59 65 M 0 0 0.00 M M 8.0 14 70 M M 9 1 22 330
16 64 57 61 M 4 0 0.00 M M 4.8 10 360 M M 10 13 17 360
17 61 55 58 M 7 0 0.00 M M 7.2 13 50 M M 10 1 20 360
18 66 48 57 M 8 0 0.00 M M 6.4 13 50 M M 4 20 50
19 68 41 55 M 10 0 0.00 M M 4.7 10 170 M M 6 20 99
20 70 41 56 M 9 0 0.00 M M 4.7 13 180 M M 7 18 180
21 66 52 59 M 6 0 0.00 M M 3.7 17 20 M M 9 13 18 130
22 77 50 64 M 1 0 0.00 M M 7.3 16 360 M M 5 12 29 360
23 72 45 59 M 6 0 0.00 M M 3.6 10 120 M M 6 1 16 130
24 73 57 65 M 0 0 0.00 M M 11.3 21 180 M M 8 29 150
25 73 54 64 M 1 0 0.00 M M 9.4 21 260 M M 5 138 32 99
26 64 39 52 M 13 0 0.00 M M 4.3 9 350 M M 4 8 12 350
27 70 43 57 M 8 0 0.00 M M 3.5 9 110 M M 3 14 110
================================================================================
SM 1978 1332 125 33 0.00 M 161.8 M 157
================================================================================
AV 73.3 49.3 6.0 FASTST M M 6 MAX(MPH)
MISC ----> 21 180 37 0
================================================================================
NOTES:
# LAST OF SEVERAL OCCURRENCES
COLUMN 17 PEAK WIND IN M.P.H.
PRELIMINARY LOCAL CLIMATOLOGICAL DATA (WS FORM: F-6) , PAGE 2
STATION: LLANO MUNICIPAL AIRPORT
MONTH: MARCH
YEAR: 2024
LATITUDE: 30 47 N
LONGITUDE: 98 40 W
[TEMPERATURE DATA] [PRECIPITATION DATA] SYMBOLS USED IN COLUMN 16
AVERAGE MONTHLY: 61.3 TOTAL FOR MONTH: 0.00 1 = FOG OR MIST
DPTR FM NORMAL: 0.0 DPTR FM NORMAL: 0.00 2 = FOG REDUCING VISIBILITY
HIGHEST: 86 ON 13, 6 GRTST 24HR 0.00 ON 1- 1 TO 1/4 MILE OR LESS
LOWEST: 30 ON 1 3 = THUNDER
SNOW, ICE PELLETS, HAIL 4 = ICE PELLETS
TOTAL MONTH: M 5 = HAIL
GRTST 24HR M ON M 6 = FREEZING RAIN OR DRIZZLE
GRTST DEPTH: M ON M 7 = DUSTSTORM OR SANDSTORM:
VSBY 1/2 MILE OR LESS
8 = SMOKE OR HAZE
[NO. OF DAYS WITH] [WEATHER - DAYS WITH] 9 = BLOWING SNOW
X = TORNADO
MAX 32 OR BELOW: 0 0.01 INCH OR MORE: 0
MAX 90 OR ABOVE: 0 0.10 INCH OR MORE: 0
MIN 32 OR BELOW: 1 0.50 INCH OR MORE: 0
MIN 0 OR BELOW: 0 1.00 INCH OR MORE: 0
[HDD (BASE 65) ]
TOTAL THIS MO. 125 CLEAR (SCALE 0-3) 3
DPTR FM NORMAL M PTCLDY (SCALE 4-7) 19
TOTAL FM JUL 1 1725 CLOUDY (SCALE 8-10) 5
DPTR FM NORMAL M
[CDD (BASE 65) ]
TOTAL THIS MO. 33
DPTR FM NORMAL M [PRESSURE DATA]
TOTAL FM JAN 1 50 HIGHEST SLP M ON M
DPTR FM NORMAL M LOWEST SLP M ON M
[REMARKS]