000
CXUS54 KEWX 200910
CF6AQO
PRELIMINARY LOCAL CLIMATOLOGICAL DATA (WS FORM: F-6)

                                          STATION:   Llano Municipal Airport
                                          MONTH:     OCTOBER
                                          YEAR:      2014
                                          LATITUDE:   30 47 N
                                          LONGITUDE:  98 40 W

  TEMPERATURE IN F:       :PCPN:    SNOW:  WIND      :SUNSHINE: SKY     :PK WND
================================================================================
1   2   3   4   5  6A  6B    7    8   9   10  11  12  13   14  15   16   17  18
                                     12Z  AVG MX 2MIN
DY MAX MIN AVG DEP HDD CDD  WTR  SNW DPTH SPD SPD DIR MIN PSBL S-S WX    SPD DR
================================================================================

 1  93  70  82   M   0  17    M    M    M  4.9 12 200   M    M   2        16 190
 2  93  70  82   M   0  17    M    M    M  6.5 15 220   M    M   4 3      23 210
 3  86  54  70   M   0   5    M    M    M  4.5 12  40   M    M   0        17 360
 4  82  50  66   M   0   1    M    M    M  4.3 10 160   M    M   0        20 160
 5  88  55  72   M   0   7    M    M    M  5.0 14 170   M    M   2        20 210
 6  91  70  81   M   0  16    M    M    M  3.8 12 130   M    M   4         M  M
 7  97  63  80   M   0  15    M    M    M  3.7 12 190   M    M   1 1       M  M
 8  91  72  82   M   0  17    M    M    M  5.7 12 190   M    M   3        20 190
 9  91  73  82   M   0  17    M    M    M  8.5 18 190   M    M   3        23 200
10  91  75  83   M   0  18    M    M    M  8.1 15 200   M    M   5 3      18 200
11  81  57  69   M   0   4    M    M    M  6.2 22 350   M    M  10 13     28 350
12  81  63  72   M   0   7    M    M    M  4.1 13 200   M    M   7 3      20 170
13  79  52  66   M   0   1    M    M    M 12.4 25 340   M    M   3 3      32 340
14  79  48  64   M   1   0    M    M    M  4.9 14 320   M    M   0        20 350
15  84  45  65   M   0   0    M    M    M  1.2  8 250   M    M   0         M  M
16  88  45  67   M   0   2    M    M    M  2.8 14 190   M    M   0        18 190
17  90  48  69   M   0   4    M    M    M  1.5  7 130   M    M   0         M  M
18  84  55  70   M   0   5    M    M    M  1.8  7 120   M    M   1         M  M
19   M  64   M   M   M   M    M    M    M  4.5  8 180   M    M   3         M  M
================================================================================
SM 1569 1129         1 153    M     M     94.4          M       48
================================================================================
AV 87.2 59.4                               5.0 FASTST   M    M   3    MAX(MPH)
                                 MISC ---->    25   M                 32    M
================================================================================
NOTES:
# LAST OF SEVERAL OCCURRENCES

COLUMN 17 PEAK WIND IN M.P.H.

PRELIMINARY LOCAL CLIMATOLOGICAL DATA (WS FORM: F-6) , PAGE 2

                                          STATION:  Llano Municipal Airport
                                          MONTH:    OCTOBER
                                          YEAR:     2014
                                          LATITUDE:   30 47 N
                                          LONGITUDE:  98 40 W

[TEMPERATURE DATA]      [PRECIPITATION DATA]       SYMBOLS USED IN COLUMN 16

AVERAGE MONTHLY: 73.3   TOTAL FOR MONTH:      M    1 = FOG OR MIST
DPTR FM NORMAL:     M   DPTR FM NORMAL:       M    2 = FOG REDUCING VISIBILITY
HIGHEST:    97 ON  7    GRTST 24HR    M  ON   M        TO 1/4 MILE OR LESS
LOWEST:     45 ON 16,15                            3 = THUNDER
                        SNOW, ICE PELLETS, HAIL    4 = ICE PELLETS
                        TOTAL MONTH:    M          5 = HAIL
                        GRTST 24HR    M  ON   M    6 = FREEZING RAIN OR DRIZZLE
                        GRTST DEPTH:  M  ON   M    7 = DUSTSTORM OR SANDSTORM:
                                                       VSBY 1/2 MILE OR LESS
                                                   8 = SMOKE OR HAZE
[NO. OF DAYS WITH]      [WEATHER - DAYS WITH]      9 = BLOWING SNOW
                                                   X = TORNADO
MAX 32 OR BELOW:   0    0.01 INCH OR MORE:   0
MAX 90 OR ABOVE:   8    0.10 INCH OR MORE:   0
MIN 32 OR BELOW:   0    0.50 INCH OR MORE:   0
MIN  0 OR BELOW:   0    1.00 INCH OR MORE:   0

[HDD (BASE 65) ]
TOTAL THIS MO.     1    CLEAR  (SCALE 0-3)  14
DPTR FM NORMAL     M    PTCLDY (SCALE 4-7)   4
TOTAL FM JUL 1     1    CLOUDY (SCALE 8-10)  1
DPTR FM NORMAL     M

[CDD (BASE 65) ]
TOTAL THIS MO.   153
DPTR FM NORMAL     M    [PRESSURE DATA]
TOTAL FM JAN 1  2781    HIGHEST SLP M ON M
DPTR FM NORMAL     M    LOWEST  SLP M ON M

[REMARKS]
