000
CXUS51 KBUF 271205
CF6ART
PRELIMINARY LOCAL CLIMATOLOGICAL DATA (WS FORM: F-6)

                                          STATION:   WATERTOWN NY
                                          MONTH:     AUGUST
                                          YEAR:      2015
                                          LATITUDE:   43 59 N
                                          LONGITUDE:  76  2 W

  TEMPERATURE IN F:       :PCPN:    SNOW:  WIND      :SUNSHINE: SKY     :PK WND
================================================================================
1   2   3   4   5  6A  6B    7    8   9   10  11  12  13   14  15   16   17  18
                                     12Z  AVG MX 2MIN
DY MAX MIN AVG DEP HDD CDD  WTR  SNW DPTH SPD SPD DIR MIN PSBL S-S WX    SPD DR
================================================================================

 1  75  60  68  -1   0   3 0.09    M    M  8.4 20 230   M    M   2 1      27 230
 2  82  60  71   2   0   6 0.00    M    M  8.2 18 270   M    M   0        28 220
 3  78  62  70   1   0   5 0.49    M    M  9.8 23 210   M    M   3 12     36 210
 4  76  61  69   0   0   4 0.09    M    M  7.9 18 230   M    M   6 1      26 220
 5  73  57  65  -3   0   0 0.00    M    M  8.5 20 250   M    M   3        27 230
 6  74  53  64  -4   1   0 0.00    M    M  5.3 16 260   M    M   2        21 230
 7  78  49  64  -4   1   0 0.00    M    M  5.1 14  50   M    M   1 1      17  30
 8  74  49  62  -6   3   0    T    M    M  5.9 14  40   M    M   1        19  20
 9  83  53  68   0   0   3 0.00    M    M  5.1 13 360   M    M   1 1      18  40
10  84  54  69   1   0   4 0.11    M    M  5.5 15 190   M    M   3 138    24 190
11  79  59  69   1   0   4 0.55    M    M  8.0 17 250   M    M   8 18     26 260
12  74  57  66  -2   0   1 0.04    M    M  4.7 17 280   M    M   8 1      23 270
13  75  56  66  -2   0   1    T    M    M  5.6 18 260   M    M   3 1      23 270
14  80  65  73   5   0   8 0.04    M    M  8.2 21 230   M    M   6 1      29 220
15  79  60  70   2   0   5    T    M    M  6.1 18 260   M    M   2 1      22 270
16  84  57  71   4   0   6 0.00    M    M  5.2 13 230   M    M   0 18     17 230
17  85  65  75   8   0  10 0.00    M    M  6.2 16 270   M    M   0 18     21 260
18  90  62  76   9   0  11    T    M    M  4.0 15 230   M    M   0 138    23 220
19  88  65  77  10   0  12    T    M    M  7.5 16 160   M    M   4 18     25 160
20  88  63  76   9   0  11 1.21    M    M 12.2 24 230   M    M   6 1      42 150
21  73  59  66  -1   0   1 0.00    M    M  8.1 18 230   M    M   6 18     26 260
22  75  51  63  -3   2   0 0.00    M    M  2.7 13 230   M    M   3 12     15 230
23  79  53  66   0   0   1 0.00    M    M  2.2 10 260   M    M   5 1      15 260
24  76  57  67   1   0   2 0.01    M    M  7.0 18 220   M    M   4 1      23 230
25  73  56  65  -1   0   0 0.00    M    M  7.2 18 250   M    M   5        25 260
26  70  58  64  -2   1   0 0.02    M    M  6.7 16 230   M    M   9 1      21 220
================================================================================
SM 2045 1501         8  98  2.65    M    171.3          M       91
================================================================================
AV 78.7 57.7                               6.6 FASTST   M    M   4    MAX(MPH)
                                 MISC ---->  # 24 230               # 42  150
================================================================================
NOTES:
# LAST OF SEVERAL OCCURRENCES

COLUMN 17 PEAK WIND IN M.P.H.

PRELIMINARY LOCAL CLIMATOLOGICAL DATA (WS FORM: F-6) , PAGE 2

                                          STATION:  WATERTOWN NY
                                          MONTH:    AUGUST
                                          YEAR:     2015
                                          LATITUDE:   43 59 N
                                          LONGITUDE:  76  2 W

[TEMPERATURE DATA]      [PRECIPITATION DATA]       SYMBOLS USED IN COLUMN 16

AVERAGE MONTHLY: 68.2   TOTAL FOR MONTH:   2.65    1 = FOG OR MIST
DPTR FM NORMAL:   0.7   DPTR FM NORMAL:    0.00    2 = FOG REDUCING VISIBILITY
HIGHEST:    90 ON 18    GRTST 24HR  1.21 ON 20-20      TO 1/4 MILE OR LESS
LOWEST:     49 ON  8, 7                            3 = THUNDER
                        SNOW, ICE PELLETS, HAIL    4 = ICE PELLETS
                        TOTAL MONTH:    M          5 = HAIL
                        GRTST 24HR    M  ON   M    6 = FREEZING RAIN OR DRIZZLE
                        GRTST DEPTH:  M  ON   M    7 = DUSTSTORM OR SANDSTORM:
                                                       VSBY 1/2 MILE OR LESS
                                                   8 = SMOKE OR HAZE
[NO. OF DAYS WITH]      [WEATHER - DAYS WITH]      9 = BLOWING SNOW
                                                   X = TORNADO
MAX 32 OR BELOW:   0    0.01 INCH OR MORE:  10
MAX 90 OR ABOVE:   1    0.10 INCH OR MORE:   4
MIN 32 OR BELOW:   0    0.50 INCH OR MORE:   2
MIN  0 OR BELOW:   0    1.00 INCH OR MORE:   1

[HDD (BASE 65) ]
TOTAL THIS MO.     8    CLEAR  (SCALE 0-3)  15
DPTR FM NORMAL   -25    PTCLDY (SCALE 4-7)   9
TOTAL FM JUL 1    46    CLOUDY (SCALE 8-10)  2
DPTR FM NORMAL   -13

[CDD (BASE 65) ]
TOTAL THIS MO.    98
DPTR FM NORMAL    -1    [PRESSURE DATA]
TOTAL FM JAN 1   298    HIGHEST SLP M ON M
DPTR FM NORMAL   -13    LOWEST  SLP 29.63 ON  3

[REMARKS]
