059
CXUS56 KPQR 171200
CF6AST
PRELIMINARY LOCAL CLIMATOLOGICAL DATA (WS FORM: F-6)

                                          STATION:   ASTORIA OR
                                          MONTH:     NOVEMBER
                                          YEAR:      2017
                                          LATITUDE:   46  9 N
                                          LONGITUDE: 123 53 W

  TEMPERATURE IN F:       :PCPN:    SNOW:  WIND      :SUNSHINE: SKY     :PK WND
================================================================================
1   2   3   4   5  6A  6B    7    8   9   10  11  12  13   14  15   16   17  18
                                     12Z  AVG MX 2MIN
DY MAX MIN AVG DEP HDD CDD  WTR  SNW DPTH SPD SPD DIR MIN PSBL S-S WX    SPD DR
================================================================================

 1  56  45  51   1  14   0 0.18    M    M  7.2 22 280   M    M   8 18     27 280
 2  52  45  49   0  16   0 0.32    M    M 10.2 24 280   M    M   9 1      34 290
 3  50  40  45  -4  20   0 0.11    M    0  7.2 15 250   M    M   8 1      21 260
 4  49  35  42  -7  23   0 0.65    M    0  5.7 22 200   M    M   9 12     29 210
 5  49  39  44  -5  21   0 0.16    M    0  7.8 18 270   M    M   7 1      26 250
 6  50  37  44  -5  21   0    T    M    0  4.9 13  80   M    M   4        16 120
 7  49  40  45  -3  20   0 0.00  0.0    0  9.4 18 100   M    M   2        26 120
 8  49  43  46  -2  19   0 0.37    M    0 12.1 26 120   M    M  10 1      36 130
 9  56  45  51   3  14   0 0.18    M    0 10.6 24 190   M    M   5 1      36 190
10  49  45  47  -1  18   0 0.40    M    0  4.7 10   7   M    M  10 1      15   6
11  56  40  48   0  17   0 0.19    M    M  6.9 18 190   M    M   8 1      26 200
12  55  51  53   5  12   0 1.27  0.0    0  8.3 32 200   M    M   9 1      47 180
13  54  47  51   4  14   0 0.64    M    0 20.2 38 190   M    M  10 13     57 220
14  55  46  51   4  14   0 0.59    M    0 16.2 31 180   M    M  10 1      46 170
15  51  40  46  -1  19   0 1.25    M    0  9.0 31 180   M    M   8 1      45 190
16  49  40  45  -2  20   0 1.01    M    0  6.7 17 260   M    M   8 13     22 250
================================================================================
SM  829  678       282   0  7.32     0.0 147.1          M      125
================================================================================
AV 51.8 42.4                               9.2 FASTST   M    M   8    MAX(MPH)
                                 MISC ---->  # 38 190               # 57  220
================================================================================
NOTES:
# LAST OF SEVERAL OCCURRENCES

COLUMN 17 PEAK WIND IN M.P.H.

PRELIMINARY LOCAL CLIMATOLOGICAL DATA (WS FORM: F-6) , PAGE 2

                                          STATION:  ASTORIA OR
                                          MONTH:    NOVEMBER
                                          YEAR:     2017
                                          LATITUDE:   46  9 N
                                          LONGITUDE: 123 53 W

[TEMPERATURE DATA]      [PRECIPITATION DATA]       SYMBOLS USED IN COLUMN 16

AVERAGE MONTHLY: 47.1   TOTAL FOR MONTH:   7.32    1 = FOG OR MIST
DPTR FM NORMAL:  -1.1   DPTR FM NORMAL:    1.78    2 = FOG REDUCING VISIBILITY
HIGHEST:    56 ON 11, 9 GRTST 24HR  1.27 ON 12-12      TO 1/4 MILE OR LESS
LOWEST:     35 ON  4                               3 = THUNDER
                        SNOW, ICE PELLETS, HAIL    4 = ICE PELLETS
                        TOTAL MONTH:   0.0 INCH    5 = HAIL
                        GRTST 24HR     0.0         6 = FREEZING RAIN OR DRIZZLE
                        GRTST DEPTH:   0           7 = DUSTSTORM OR SANDSTORM:
                                                       VSBY 1/2 MILE OR LESS
                                                   8 = SMOKE OR HAZE
[NO. OF DAYS WITH]      [WEATHER - DAYS WITH]      9 = BLOWING SNOW
                                                   X = TORNADO
MAX 32 OR BELOW:   0    0.01 INCH OR MORE:  14
MAX 90 OR ABOVE:   0    0.10 INCH OR MORE:  14
MIN 32 OR BELOW:   0    0.50 INCH OR MORE:   6
MIN  0 OR BELOW:   0    1.00 INCH OR MORE:   3

[HDD (BASE 65) ]
TOTAL THIS MO.   282    CLEAR  (SCALE 0-3)   1
DPTR FM NORMAL    13    PTCLDY (SCALE 4-7)   6
TOTAL FM JUL 1  1062    CLOUDY (SCALE 8-10)  9
DPTR FM NORMAL   -74

[CDD (BASE 65) ]
TOTAL THIS MO.     0
DPTR FM NORMAL     0    [PRESSURE DATA]
TOTAL FM JAN 1    55    HIGHEST SLP M ON M
DPTR FM NORMAL    43    LOWEST  SLP 29.58 ON 15

[REMARKS]
