000
CXUS54 KMAF 201100
CF6ATS
PRELIMINARY LOCAL CLIMATOLOGICAL DATA (WS FORM: F-6)

                                          STATION:   Artesia
                                          MONTH:     OCTOBER
                                          YEAR:      2017
                                          LATITUDE:   32 54 N
                                          LONGITUDE: 104 30 W

  TEMPERATURE IN F:       :PCPN:    SNOW:  WIND      :SUNSHINE: SKY     :PK WND
================================================================================
1   2   3   4   5  6A  6B    7    8   9   10  11  12  13   14  15   16   17  18
                                     12Z  AVG MX 2MIN
DY MAX MIN AVG DEP HDD CDD  WTR  SNW DPTH SPD SPD DIR MIN PSBL S-S WX    SPD DR
================================================================================

 1  79  63  71   M   0   6 0.00  0.0    0 15.8 21 150   M    M   5 1      28 150
 2  90  64  77   M   0  12 0.05  0.0    0 15.5 23 220   M    M   3 1      29 220
 3  84  68  76   M   0  11 0.00  0.0    0 11.5 18 160   M    M   6 1      23 130
 4  82  66  74   M   0   9 0.01  0.0    0  7.9 15 150   M    M   6 1      21 140
 5  81  70  76   M   0  11 0.00  0.0    0  7.9 15 150   M    M   6 3      20 160
 6  93  61  77   M   0  12 0.00  0.0    0 11.7 24 230   M    M   3 1      32 230
 7  77  50  64   M   1   0 0.00  0.0    0  7.3 13 150   M    M   0        12   0
 8  91  50  71   M   0   6 0.00  0.0    0  7.2 23 230   M    M   0        29 230
 9  75  48  62   M   3   0 0.00  0.0    0 13.9 27  10   M    M   2        37  30
10  61  43  52   M  13   0 0.00  0.0    0  8.3 20 360   M    M   2        21 360
11  77  43  60   M   5   0 0.00  0.0    0 10.5 20 150   M    M   0        24 150
12  88  52  70   M   0   5 0.00  0.0    0  9.1 18 150   M    M   0        21 140
13  90  59  75   M   0  10 0.00  0.0    0  6.3 13 160   M    M   1 1      21  99
14  90  61  76   M   0  11 0.00  0.0    0 10.9 21 240   M    M   1 1       M  M
15  64  46  55   M  10   0 0.00  0.0    0  8.9 27  10   M    M   0        36  10
16  72  39  56   M   9   0 0.00  0.0    0  8.3 15 140   M    M   0        23 140
17  81  43  62   M   3   0 0.00  0.0    0  6.0 12 150   M    M   0        17 160
18  86  48  67   M   0   2 0.00  0.0    0  7.4 15 150   M    M   0 8      13  99
19  77  55  66   M   0   1 0.18  0.0    0  7.0 17 280   M    M   2 38     22  60
================================================================================
SM 1538 1029        44  96  0.24     0.0 181.4          M       37
================================================================================
AV 81.0 54.2                               9.5 FASTST   M    M   2    MAX(MPH)
                                 MISC ---->  # 27  10               # 37   30
================================================================================
NOTES:
# LAST OF SEVERAL OCCURRENCES

COLUMN 17 PEAK WIND IN M.P.H.

PRELIMINARY LOCAL CLIMATOLOGICAL DATA (WS FORM: F-6) , PAGE 2

                                          STATION:  Artesia
                                          MONTH:    OCTOBER
                                          YEAR:     2017
                                          LATITUDE:   32 54 N
                                          LONGITUDE: 104 30 W

[TEMPERATURE DATA]      [PRECIPITATION DATA]       SYMBOLS USED IN COLUMN 16

AVERAGE MONTHLY: 67.6   TOTAL FOR MONTH:   0.24    1 = FOG OR MIST
DPTR FM NORMAL:     M   DPTR FM NORMAL:       M    2 = FOG REDUCING VISIBILITY
HIGHEST:    93 ON  6    GRTST 24HR  0.18 ON 19-19      TO 1/4 MILE OR LESS
LOWEST:     39 ON 16                               3 = THUNDER
                        SNOW, ICE PELLETS, HAIL    4 = ICE PELLETS
                        TOTAL MONTH:   0.0 INCH    5 = HAIL
                        GRTST 24HR     0.0         6 = FREEZING RAIN OR DRIZZLE
                        GRTST DEPTH:   0           7 = DUSTSTORM OR SANDSTORM:
                                                       VSBY 1/2 MILE OR LESS
                                                   8 = SMOKE OR HAZE
[NO. OF DAYS WITH]      [WEATHER - DAYS WITH]      9 = BLOWING SNOW
                                                   X = TORNADO
MAX 32 OR BELOW:   0    0.01 INCH OR MORE:   3
MAX 90 OR ABOVE:   5    0.10 INCH OR MORE:   1
MIN 32 OR BELOW:   0    0.50 INCH OR MORE:   0
MIN  0 OR BELOW:   0    1.00 INCH OR MORE:   0

[HDD (BASE 65) ]
TOTAL THIS MO.    44    CLEAR  (SCALE 0-3)  15
DPTR FM NORMAL     M    PTCLDY (SCALE 4-7)   4
TOTAL FM JUL 1    52    CLOUDY (SCALE 8-10)  0
DPTR FM NORMAL     M

[CDD (BASE 65) ]
TOTAL THIS MO.    96
DPTR FM NORMAL     M    [PRESSURE DATA]
TOTAL FM JAN 1  2146    HIGHEST SLP M ON M
DPTR FM NORMAL     M    LOWEST  SLP M ON M

[REMARKS]
