000
CXUS53 KGID 300730
CF6AUH
PRELIMINARY LOCAL CLIMATOLOGICAL DATA (WS FORM: F-6)

                                          STATION:   AURORA
                                          MONTH:     AUGUST
                                          YEAR:      2014
                                          LATITUDE:   40 54 N
                                          LONGITUDE:  97 59 W

  TEMPERATURE IN F:       :PCPN:    SNOW:  WIND      :SUNSHINE: SKY     :PK WND
================================================================================
1   2   3   4   5  6A  6B    7    8   9   10  11  12  13   14  15   16   17  18
                                     12Z  AVG MX 2MIN
DY MAX MIN AVG DEP HDD CDD  WTR  SNW DPTH SPD SPD DIR MIN PSBL S-S WX    SPD DR
================================================================================

 1  82  58  70  -5   0   5 0.00    M    M  5.5  9  40   M    M   0 1       M  M
 2  87  60  74  -1   0   9 0.00    M    M  6.1 13 170   M    M   1 13      M  M
 3  87  60  74  -1   0   9 0.00    M    M  3.9  9  70   M    M   0         M  M
 4  87  67  77   2   0  12 0.00    M    M  5.1  9  90   M    M   2 12      M  M
 5  88  69  79   4   0  14    T    M    M  8.6 13 240   M    M   2 1      18 110
 6  82  69  76   1   0  11 0.24    M    M  5.9 10 120   M    M   6 1       M  M
 7  79  64  72  -3   0   7 0.00    M    M  3.9 10  50   M    M   6 1       M  M
 8  83  63  73  -1   0   8 0.47    M    M  4.5 12 110   M    M   6 123     M  M
 9  82  63  73  -1   0   8 0.98    M    M  7.9 14 140   M    M   8 13     21  80
10  82  66  74   0   0   9 0.10    M    M  4.8  9 350   M    M   4         M  M
11  77  59  68  -6   0   3 0.00    M    M  8.1 16 350   M    M   1        22 350
12  79  54  67  -7   0   2 0.00    M    M  3.8  7 340   M    M   0         M  M
13  82  56  69  -5   0   4 0.00    M    M  4.7  9 140   M    M   0         M  M
14  86  61  74   0   0   9    T    M    M  9.3 15 160   M    M   0 3      23 150
15  79  67  73  -1   0   8 0.05    M    M  6.8 12 140   M    M   5 12     16 240
16  85  67  76   2   0  11    T    M    M  1.1  7 130   M    M   6 12      M  M
17  87  64  76   2   0  11 0.04    M    M  4.7 24 100   M    M   3 123    33 100
18  85  60  73  -1   0   8 0.00    M    M  3.1  9 160   M    M   0        22 320
19  89  64  77   4   0  12 0.00    M    M  4.9  9 180   M    M   0 1       M  M
20  92  72  82   9   0  17 0.00    M    M 10.0 18 160   M    M   0        27 160
21  86  69  78   5   0  13 0.57    M    M   M   M   M   M    M   M         M  M
22  88  68  78   5   0  13 0.66    M    M  4.7 28 260   M    M   3 3      43 260
23  89  68  79   6   0  14 0.07    M    M  8.8 14 140   M    M   2 3      20 140
24  82  64  73   1   0   8    T    M    M  3.9 10 260   M    M   1        17 260
25  72  59  66  -6   0   1 0.23    M    M  7.3 16  10   M    M   3 3      21  10
26  79  60  70  -2   0   5 0.10    M    M  5.1  8  90   M    M   3 13      M  M
27  78  67  73   1   0   8 0.23    M    M  6.2 15 120   M    M   8 13      M  M
28  80  67  74   2   0   9 0.81    M    M  5.9 14 160   M    M   7 13     17 160
29  74  63  69  -2   0   4 0.08    M    M  2.5  5 270   M    M   3 3       M  M
================================================================================
SM 2408 1848         0 252  4.63    M    157.1          M       80
================================================================================
AV 83.0 63.7                               5.6 FASTST   M    M   3    MAX(MPH)
                                 MISC ---->    28   M                 43    M
================================================================================
NOTES:
# LAST OF SEVERAL OCCURRENCES

COLUMN 17 PEAK WIND IN M.P.H.

PRELIMINARY LOCAL CLIMATOLOGICAL DATA (WS FORM: F-6) , PAGE 2

                                          STATION:  AURORA
                                          MONTH:    AUGUST
                                          YEAR:     2014
                                          LATITUDE:   40 54 N
                                          LONGITUDE:  97 59 W

[TEMPERATURE DATA]      [PRECIPITATION DATA]       SYMBOLS USED IN COLUMN 16

AVERAGE MONTHLY: 73.4   TOTAL FOR MONTH:   4.63    1 = FOG OR MIST
DPTR FM NORMAL:  -0.2   DPTR FM NORMAL:    1.23    2 = FOG REDUCING VISIBILITY
HIGHEST:    92 ON 20    GRTST 24HR  0.98 ON  9- 9      TO 1/4 MILE OR LESS
LOWEST:     54 ON 12                               3 = THUNDER
                        SNOW, ICE PELLETS, HAIL    4 = ICE PELLETS
                        TOTAL MONTH:    M          5 = HAIL
                        GRTST 24HR    M  ON   M    6 = FREEZING RAIN OR DRIZZLE
                        GRTST DEPTH:  M  ON   M    7 = DUSTSTORM OR SANDSTORM:
                                                       VSBY 1/2 MILE OR LESS
                                                   8 = SMOKE OR HAZE
[NO. OF DAYS WITH]      [WEATHER - DAYS WITH]      9 = BLOWING SNOW
                                                   X = TORNADO
MAX 32 OR BELOW:   0    0.01 INCH OR MORE:  14
MAX 90 OR ABOVE:   1    0.10 INCH OR MORE:  10
MIN 32 OR BELOW:   0    0.50 INCH OR MORE:   4
MIN  0 OR BELOW:   0    1.00 INCH OR MORE:   0

[HDD (BASE 65) ]
TOTAL THIS MO.     0    CLEAR  (SCALE 0-3)  17
DPTR FM NORMAL    -2    PTCLDY (SCALE 4-7)  11
TOTAL FM JUL 1    10    CLOUDY (SCALE 8-10)  0
DPTR FM NORMAL     5

[CDD (BASE 65) ]
TOTAL THIS MO.   252
DPTR FM NORMAL    -5    [PRESSURE DATA]
TOTAL FM JAN 1   848    HIGHEST SLP M ON M
DPTR FM NORMAL    -8    LOWEST  SLP M ON M

[REMARKS]
