000
CXUS53 KGID 300730
CF6AUH
PRELIMINARY LOCAL CLIMATOLOGICAL DATA (WS FORM: F-6)

                                          STATION:   AURORA
                                          MONTH:     MAY
                                          YEAR:      2016
                                          LATITUDE:   40 54 N
                                          LONGITUDE:  97 59 W

  TEMPERATURE IN F:       :PCPN:    SNOW:  WIND      :SUNSHINE: SKY     :PK WND
================================================================================
1   2   3   4   5  6A  6B    7    8   9   10  11  12  13   14  15   16   17  18
                                     12Z  AVG MX 2MIN
DY MAX MIN AVG DEP HDD CDD  WTR  SNW DPTH SPD SPD DIR MIN PSBL S-S WX    SPD DR
================================================================================

 1  48  41  45 -11  20   0 0.08    M    M 14.5 22  10   M    M  10 1      29  10
 2  60  37  49  -8  16   0 0.00    M    M  4.6 10 330   M    M   4         M  M
 3  70  41  56  -1   9   0 0.00    M    M  5.5 14 300   M    M   0        22 320
 4  71  44  58   1   7   0 0.00    M    M 10.6 16  10   M    M   0        25 340
 5  80  40  60   2   5   0 0.00    M    M  5.3  9 200   M    M   0         M  M
 6  83  52  68  10   0   3 0.00    M    M 14.8 25 200   M    M   0        31 200
 7  76  55  66   8   0   1    T    M    M 13.4 23  60   M    M   2 38     30  60
 8  78  50  64   5   1   0 0.07    M    M 17.0 25 120   M    M   4 3      33 120
 9  73  53  63   4   2   0 0.12    M    M 11.1 18 110   M    M   5 3      23 140
10  80  49  65   6   0   0 0.73    M    M 10.0 27 330   M    M   4 3      31 330
11  69  51  60   0   5   0 0.65    M    M 14.4 35 340   M    M   4        44 340
12  72  45  59  -1   6   0 0.00    M    M 10.9 23 300   M    M   0        30 300
13  71  40  56  -4   9   0 0.00    M    M 18.0 31  10   M    M   1 8      41  10
14  59  35  47 -14  18   0 0.00    M    M 10.3 21 340   M    M   0        28 330
15  60  38  49 -12  16   0    T    M    M  7.2 18 220   M    M   6        18 210
16  52  47  50 -11  15   0 0.24    M    M  9.9 17  70   M    M  10 1      20  70
17  68  44  56  -6   9   0 0.00    M    M  6.7 15  40   M    M   4         M  M
18  71  41  56  -6   9   0 0.00    M    M  5.1 12 200   M    M   3        17 160
19  67  47  57  -5   8   0 0.00    M    M 11.6 18 210   M    M   4        25 190
20  66  49  58  -5   7   0 0.00    M    M 11.3 18 140   M    M  10        22 140
21  71  51  61  -2   4   0 0.00    M    M 14.8 21 150   M    M   9        29 140
22  82  60  71   8   0   6 0.00    M    M 19.7 28 170   M    M   7        37 170
23  76  59  68   4   0   3 1.27    M    M 10.1 24 310   M    M   7 3      29 310
24  81  58  70   6   0   5 0.01    M    M  6.4 15 130   M    M   2 1      20 130
25  78  59  69   5   0   4 0.43    M    M 10.6 25 100   M    M   6 3      29 100
26  78  54  66   1   0   1 0.19    M    M 10.5 43 120   M    M   3 3      47 120
27  72  58  65   0   0   0 0.61    M    M  8.4 18  80   M    M   8 3      27 180
28  74  56  65   0   0   0    T    M    M  9.1 15 300   M    M   5        23 300
29  84  54  69   3   0   4    T    M    M  6.1 21 210   M    M   1 3      25 180
================================================================================
SM 2070 1408       166  27  4.40    M    307.9          M      119
================================================================================
AV 71.4 48.6                              10.6 FASTST   M    M   4    MAX(MPH)
                                 MISC ---->    43   M                 47    M
================================================================================
NOTES:
# LAST OF SEVERAL OCCURRENCES

COLUMN 17 PEAK WIND IN M.P.H.

PRELIMINARY LOCAL CLIMATOLOGICAL DATA (WS FORM: F-6) , PAGE 2

                                          STATION:  AURORA
                                          MONTH:    MAY
                                          YEAR:     2016
                                          LATITUDE:   40 54 N
                                          LONGITUDE:  97 59 W

[TEMPERATURE DATA]      [PRECIPITATION DATA]       SYMBOLS USED IN COLUMN 16

AVERAGE MONTHLY: 60.0   TOTAL FOR MONTH:   4.40    1 = FOG OR MIST
DPTR FM NORMAL:  -1.0   DPTR FM NORMAL:   -0.13    2 = FOG REDUCING VISIBILITY
HIGHEST:    84 ON 29    GRTST 24HR  1.27 ON 23-23      TO 1/4 MILE OR LESS
LOWEST:     35 ON 14                               3 = THUNDER
                        SNOW, ICE PELLETS, HAIL    4 = ICE PELLETS
                        TOTAL MONTH:    M          5 = HAIL
                        GRTST 24HR    M  ON   M    6 = FREEZING RAIN OR DRIZZLE
                        GRTST DEPTH:  M  ON   M    7 = DUSTSTORM OR SANDSTORM:
                                                       VSBY 1/2 MILE OR LESS
                                                   8 = SMOKE OR HAZE
[NO. OF DAYS WITH]      [WEATHER - DAYS WITH]      9 = BLOWING SNOW
                                                   X = TORNADO
MAX 32 OR BELOW:   0    0.01 INCH OR MORE:  11
MAX 90 OR ABOVE:   0    0.10 INCH OR MORE:   8
MIN 32 OR BELOW:   0    0.50 INCH OR MORE:   4
MIN  0 OR BELOW:   0    1.00 INCH OR MORE:   1

[HDD (BASE 65) ]
TOTAL THIS MO.   166    CLEAR  (SCALE 0-3)  11
DPTR FM NORMAL    -1    PTCLDY (SCALE 4-7)  13
TOTAL FM JUL 1  5108    CLOUDY (SCALE 8-10)  5
DPTR FM NORMAL -1110

[CDD (BASE 65) ]
TOTAL THIS MO.    27
DPTR FM NORMAL   -22    [PRESSURE DATA]
TOTAL FM JAN 1    28    HIGHEST SLP M ON M
DPTR FM NORMAL   -33    LOWEST  SLP M ON M

[REMARKS]
