000
CXUS53 KARX 200930
CF6AUM
PRELIMINARY LOCAL CLIMATOLOGICAL DATA (WS FORM: F-6)

                                          STATION:   AUSTIN MUNI MN
                                          MONTH:     SEPTEMBER
                                          YEAR:      2017
                                          LATITUDE:   43 40 N
                                          LONGITUDE:  92 56 W

  TEMPERATURE IN F:       :PCPN:    SNOW:  WIND      :SUNSHINE: SKY     :PK WND
================================================================================
1   2   3   4   5  6A  6B    7    8   9   10  11  12  13   14  15   16   17  18
                                     12Z  AVG MX 2MIN
DY MAX MIN AVG DEP HDD CDD  WTR  SNW DPTH SPD SPD DIR MIN PSBL S-S WX    SPD DR
================================================================================

 1  70  46  58   M   7   0 0.02  0.0    0  5.0 12 180   M    M   2 18     18 170
 2  75  55  65   M   0   0    T  0.0    0  7.7 14 300   M    M   5         M  M
 3  81  50  66   M   0   1 0.00  0.0    0  5.8 15 200   M    M   0        16 210
 4  72  52  62   M   3   0 0.06  0.0    0  7.6 17 280   M    M   2 3      29  20
 5  63  48  56   M   9   0    T  0.0    0 11.2 20 320   M    M   5        29 320
 6  63  45  54   M  11   0 0.00  0.0    0  5.2 13 320   M    M   4        22 320
 7  73  37  55   M  10   0 0.00  0.0    0  4.1 15 240   M    M   1        18 240
 8  70  48  59   M   6   0 0.00  0.0    0  7.5 14  90   M    M   2        20  80
 9  77  50  64   M   1   0 0.00  0.0    0  8.8 13 140   M    M   1        18 150
10  79  55  67   M   0   2 0.00  0.0    0  7.6 12 160   M    M   2        18 160
11  81  54  68   M   0   3 0.00  0.0    0  5.6 12 210   M    M   0        16 180
12  84  54  69   M   0   4 0.00  0.0    0  0.5  5 120   M    M   0 1       M  M
13  84  54  69   M   0   4 0.00  0.0    0  3.2  7 210   M    M   0 1       M  M
14  88  61  75   M   0  10 0.00  0.0    0  6.7 14 180   M    M   0        18 170
15  86  64  75   M   0  10 0.00  0.0    0  8.5 13 170   M    M   0 3      20 160
16  79  55  67   M   0   2 0.97  0.0    0  8.4 15 210   M    M   5 3      18 210
17  66  50  58   M   7   0 0.56  0.0    0  5.0 12 330   M    M   2 3       M  M
18  63  52  58   M   7   0 0.68  0.0    0  4.8  8 120   M    M   9         M  M
19  79  57  68   M   0   3 0.00  0.0    0  8.1 16 140   M    M   4 1      27 150
================================================================================
SM 1433  987        61  39  2.29     0.0 121.3          M       44
================================================================================
AV 75.4 52.0                               6.4 FASTST   M    M   2    MAX(MPH)
                                 MISC ---->  # 20 320               # 29   20
================================================================================
NOTES:
# LAST OF SEVERAL OCCURRENCES

COLUMN 17 PEAK WIND IN M.P.H.

PRELIMINARY LOCAL CLIMATOLOGICAL DATA (WS FORM: F-6) , PAGE 2

                                          STATION:  AUSTIN MUNI MN
                                          MONTH:    SEPTEMBER
                                          YEAR:     2017
                                          LATITUDE:   43 40 N
                                          LONGITUDE:  92 56 W

[TEMPERATURE DATA]      [PRECIPITATION DATA]       SYMBOLS USED IN COLUMN 16

AVERAGE MONTHLY: 63.7   TOTAL FOR MONTH:   2.29    1 = FOG OR MIST
DPTR FM NORMAL:     M   DPTR FM NORMAL:       M    2 = FOG REDUCING VISIBILITY
HIGHEST:    88 ON 14    GRTST 24HR  0.97 ON 16-16      TO 1/4 MILE OR LESS
LOWEST:     37 ON  7                               3 = THUNDER
                        SNOW, ICE PELLETS, HAIL    4 = ICE PELLETS
                        TOTAL MONTH:   0.0 INCH    5 = HAIL
                        GRTST 24HR     0.0         6 = FREEZING RAIN OR DRIZZLE
                        GRTST DEPTH:   0           7 = DUSTSTORM OR SANDSTORM:
                                                       VSBY 1/2 MILE OR LESS
                                                   8 = SMOKE OR HAZE
[NO. OF DAYS WITH]      [WEATHER - DAYS WITH]      9 = BLOWING SNOW
                                                   X = TORNADO
MAX 32 OR BELOW:   0    0.01 INCH OR MORE:   5
MAX 90 OR ABOVE:   0    0.10 INCH OR MORE:   3
MIN 32 OR BELOW:   0    0.50 INCH OR MORE:   3
MIN  0 OR BELOW:   0    1.00 INCH OR MORE:   0

[HDD (BASE 65) ]
TOTAL THIS MO.    61    CLEAR  (SCALE 0-3)  13
DPTR FM NORMAL     M    PTCLDY (SCALE 4-7)   5
TOTAL FM JUL 1    90    CLOUDY (SCALE 8-10)  1
DPTR FM NORMAL     M

[CDD (BASE 65) ]
TOTAL THIS MO.    39
DPTR FM NORMAL     M    [PRESSURE DATA]
TOTAL FM JAN 1   413    HIGHEST SLP M ON M
DPTR FM NORMAL     M    LOWEST  SLP M ON M

[REMARKS]
