000
CXUS53 KARX 300930
CF6AUM
PRELIMINARY LOCAL CLIMATOLOGICAL DATA (WS FORM: F-6)

                                          STATION:   AUSTIN MUNI MN
                                          MONTH:     MARCH
                                          YEAR:      2017
                                          LATITUDE:   43 40 N
                                          LONGITUDE:  92 56 W

  TEMPERATURE IN F:       :PCPN:    SNOW:  WIND      :SUNSHINE: SKY     :PK WND
================================================================================
1   2   3   4   5  6A  6B    7    8   9   10  11  12  13   14  15   16   17  18
                                     12Z  AVG MX 2MIN
DY MAX MIN AVG DEP HDD CDD  WTR  SNW DPTH SPD SPD DIR MIN PSBL S-S WX    SPD DR
================================================================================

 1  34  21  28   M  37   0 0.03  0.3    2 15.8 24 300   M    M   9 1      32 300
 2  27  16  22   M  43   0    T    T    2  9.7 15 300   M    M   2        21 320
 3  28   9  19   M  46   0    M    M    2  7.4 14 120   M    M   3        17 150
 4  37  25  31   M  34   0 0.00  0.0    1 14.3 18 130   M    M   1        23 130
 5  50  36  43   M  22   0 0.00  0.0    1  9.0 18 140   M    M   7        27 140
 6  66  45  56   M   9   0 0.36  0.0    0 14.2 22 170   M    M   8 3      29 170
 7  46  30  38   M  27   0    T  0.0    0 19.9 29 260   M    M   3 3      45 260
 8  37  28  33   M  32   0 0.00  0.0    0 22.6 32 290   M    M   1        46 280
 9  34  19  27   M  38   0 0.00  0.0    0 11.0 15 330   M    M   5        23 330
10  19  10  15   M  50   0 0.00  0.0    0 11.9 17 330   M    M   1        25 330
11  21  10  16   M  49   0 0.00  0.0    0  7.7 14 340   M    M   8        18 340
12  25  10  18   M  47   0    M    M    0  7.3 15  80   M    M   3        21  80
13  25   9  17   M  48   0    M    M    9 10.2 16  60   M    M   6        21  30
14  21   0  11   M  54   0 0.00  0.0    6  5.3  9 330   M    M   0         M  M
15  25  -6  10   M  55   0 0.00  0.0    4  3.4  8 230   M    M   1         M  M
16  36  16  26   M  39   0 0.00  0.0    2 10.1 21 130   M    M   4        27 130
17  43  28  36   M  29   0 0.00  0.0    2 13.0 22 310   M    M   6 18     38 300
18  39  28  34   M  31   0 0.00  0.0    1 10.2 21 310   M    M   6        33 310
19  55  30  43   M  22   0 0.00  0.0    1  8.9 18 160   M    M   1        28 160
20  57  32  45   M  20   0 0.00  0.0    0  6.8 15  50   M    M   0        22  50
21  39  25  32   M  33   0 0.00  0.0    0 10.7 18 350   M    M   0        25 350
22  39  19  29   M  36   0 0.00  0.0    0  9.1 16 110   M    M   3        20 130
23  41  34  38   M  27   0 0.24  0.0    0 10.6 15 160   M    M  10 3      27 160
24  43  37  40   M  25   0 0.29  0.0    0  9.9 15  50   M    M  10 13     21  20
25  37  36  37   M  28   0 0.04  0.0    0 13.7 20  60   M    M  10 1      27  60
26  43  36  40   M  25   0 0.00  0.0    0  5.1  7 330   M    M  10 1       M  M
27  46  36  41   M  24   0 0.00  0.0    0  3.7  8  30   M    M   9 12      M  M
28  57  30  44   M  21   0 0.00  0.0    0  3.4 10  80   M    M   1 12      9  90
29  45  36  41   M  24   0 0.12  0.0    0 11.7 24 100   M    M   5        33 100
================================================================================
SM 1115  685       975   0  1.08     0.3 296.6          M      133
================================================================================
AV 38.5 23.6                              10.2 FASTST   M    M   5    MAX(MPH)
                                 MISC ---->  # 32 290               # 46  280
================================================================================
NOTES:
# LAST OF SEVERAL OCCURRENCES

COLUMN 17 PEAK WIND IN M.P.H.

PRELIMINARY LOCAL CLIMATOLOGICAL DATA (WS FORM: F-6) , PAGE 2

                                          STATION:  AUSTIN MUNI MN
                                          MONTH:    MARCH
                                          YEAR:     2017
                                          LATITUDE:   43 40 N
                                          LONGITUDE:  92 56 W

[TEMPERATURE DATA]      [PRECIPITATION DATA]       SYMBOLS USED IN COLUMN 16

AVERAGE MONTHLY: 31.0   TOTAL FOR MONTH:   1.08    1 = FOG OR MIST
DPTR FM NORMAL:     M   DPTR FM NORMAL:       M    2 = FOG REDUCING VISIBILITY
HIGHEST:    66 ON  6    GRTST 24HR  0.36 ON  6- 6      TO 1/4 MILE OR LESS
LOWEST:     -6 ON 15                               3 = THUNDER
                        SNOW, ICE PELLETS, HAIL    4 = ICE PELLETS
                        TOTAL MONTH:   0.3 INCH    5 = HAIL
                        GRTST 24HR   0.3 ON  1- 1  6 = FREEZING RAIN OR DRIZZLE
                        GRTST DEPTH:   9 ON 13     7 = DUSTSTORM OR SANDSTORM:
                                                       VSBY 1/2 MILE OR LESS
                                                   8 = SMOKE OR HAZE
[NO. OF DAYS WITH]      [WEATHER - DAYS WITH]      9 = BLOWING SNOW
                                                   X = TORNADO
MAX 32 OR BELOW:   8    0.01 INCH OR MORE:   6
MAX 90 OR ABOVE:   0    0.10 INCH OR MORE:   4
MIN 32 OR BELOW:  21    0.50 INCH OR MORE:   0
MIN  0 OR BELOW:   2    1.00 INCH OR MORE:   0

[HDD (BASE 65) ]
TOTAL THIS MO.   975    CLEAR  (SCALE 0-3)  11
DPTR FM NORMAL     M    PTCLDY (SCALE 4-7)  11
TOTAL FM JUL 1  5938    CLOUDY (SCALE 8-10)  7
DPTR FM NORMAL     M

[CDD (BASE 65) ]
TOTAL THIS MO.     0
DPTR FM NORMAL     M    [PRESSURE DATA]
TOTAL FM JAN 1     0    HIGHEST SLP M ON M
DPTR FM NORMAL     M    LOWEST  SLP M ON M

[REMARKS]
