000
CXUS53 KGRB 210946
CF6AUW
PRELIMINARY LOCAL CLIMATOLOGICAL DATA (WS FORM: F-6)

                                          STATION:   WAUSAU WI
                                          MONTH:     JULY
                                          YEAR:      2017
                                          LATITUDE:   44 55 N
                                          LONGITUDE:  89 37 W

  TEMPERATURE IN F:       :PCPN:    SNOW:  WIND      :SUNSHINE: SKY     :PK WND
================================================================================
1   2   3   4   5  6A  6B    7    8   9   10  11  12  13   14  15   16   17  18
                                     12Z  AVG MX 2MIN
DY MAX MIN AVG DEP HDD CDD  WTR  SNW DPTH SPD SPD DIR MIN PSBL S-S WX    SPD DR
================================================================================

 1  75  57  66  -3   0   1    T  0.0    0  6.4 18 290   M    M   4 3      24 280
 2  78  57  68  -1   0   3    T  0.0    0  7.4 16 290   M    M   2        20 300
 3  78  53  66  -3   0   1 0.00  0.0    0  3.7  9 130   M    M   1        13 110
 4  80  55  68  -1   0   3 0.00  0.0    0  6.1 13 180   M    M   0        18 160
 5  79  60  70   1   0   5 0.95  0.0    0  5.7 17 360   M    M   3 123    23 350
 6  87  65  76   7   0  11 0.02  0.0    0  8.0 23 280   M    M   0        29 270
 7  80  58  69   0   0   4 0.38  0.0    0  7.0 21 360   M    M   2 13     27 360
 8  77  53  65  -4   0   0 0.00  0.0    0  7.4 17 290   M    M   2        23 290
 9  76  57  67  -2   0   2 0.06  0.0    0  4.7 15 280   M    M   4 1      18 290
10  83  61  72   3   0   7 0.00  0.0    0  2.7  9 100   M    M   5 1      11 340
11  85  61  73   3   0   8 0.01  0.0    0  3.5 12 200   M    M   1 1      16 250
12  85  68  77   7   0  12 1.37  0.0    0  6.5 15  90   M    M   4 13     20 310
13  70  55  63  -7   2   0 0.00  0.0    0  8.6 14 310   M    M   9        18 320
14  76  54  65  -5   0   0 0.00  0.0    0  6.1 12 340   M    M   7 1      16 280
15  85  56  71   1   0   6 0.00  0.0    0  7.5 17 280   M    M   1 3      22 290
16  76  57  67  -3   0   2 0.00  0.0    0  6.0 13  30   M    M   1        18 360
17  79  49  64  -6   1   0 0.00  0.0    0  6.7 14 200   M    M   1        18 210
18  86  66  76   6   0  11 0.16  0.0    0  6.5 17 320   M    M   4 13     24 300
19  81  61  71   1   0   6 0.00  0.0    0  6.1 16 140   M    M   1 12     22 140
20  86  67  77   7   0  12 0.00  0.0    0  7.9 16 290   M    M   3        21 290
================================================================================
SM 1602 1170         3  94  2.95     0.0 124.5          M       55
================================================================================
AV 80.1 58.5                               6.2 FASTST   M    M   3    MAX(MPH)
                                 MISC ---->  # 23 280               # 29  270
================================================================================
NOTES:
# LAST OF SEVERAL OCCURRENCES

COLUMN 17 PEAK WIND IN M.P.H.

PRELIMINARY LOCAL CLIMATOLOGICAL DATA (WS FORM: F-6) , PAGE 2

                                          STATION:  WAUSAU WI
                                          MONTH:    JULY
                                          YEAR:     2017
                                          LATITUDE:   44 55 N
                                          LONGITUDE:  89 37 W

[TEMPERATURE DATA]      [PRECIPITATION DATA]       SYMBOLS USED IN COLUMN 16

AVERAGE MONTHLY: 69.3   TOTAL FOR MONTH:   2.95    1 = FOG OR MIST
DPTR FM NORMAL:  -0.2   DPTR FM NORMAL:    0.53    2 = FOG REDUCING VISIBILITY
HIGHEST:    87 ON  6    GRTST 24HR  1.37 ON 12-12      TO 1/4 MILE OR LESS
LOWEST:     49 ON 17                               3 = THUNDER
                        SNOW, ICE PELLETS, HAIL    4 = ICE PELLETS
                        TOTAL MONTH:   0.0 INCH    5 = HAIL
                        GRTST 24HR     0.0         6 = FREEZING RAIN OR DRIZZLE
                        GRTST DEPTH:   0           7 = DUSTSTORM OR SANDSTORM:
                                                       VSBY 1/2 MILE OR LESS
                                                   8 = SMOKE OR HAZE
[NO. OF DAYS WITH]      [WEATHER - DAYS WITH]      9 = BLOWING SNOW
                                                   X = TORNADO
MAX 32 OR BELOW:   0    0.01 INCH OR MORE:   7
MAX 90 OR ABOVE:   0    0.10 INCH OR MORE:   4
MIN 32 OR BELOW:   0    0.50 INCH OR MORE:   2
MIN  0 OR BELOW:   0    1.00 INCH OR MORE:   1

[HDD (BASE 65) ]
TOTAL THIS MO.     3    CLEAR  (SCALE 0-3)  13
DPTR FM NORMAL   -17    PTCLDY (SCALE 4-7)   6
TOTAL FM JUL 1     3    CLOUDY (SCALE 8-10)  1
DPTR FM NORMAL   -17

[CDD (BASE 65) ]
TOTAL THIS MO.    94
DPTR FM NORMAL    -6    [PRESSURE DATA]
TOTAL FM JAN 1   174    HIGHEST SLP M ON M
DPTR FM NORMAL   -30    LOWEST  SLP 29.78 ON 12

[REMARKS]
