000
CXUS52 KGSP 170817
CF6AVL
PRELIMINARY LOCAL CLIMATOLOGICAL DATA (WS FORM: F-6)

                                          STATION:   ASHEVILLE NC
                                          MONTH:     JANUARY
                                          YEAR:      2018
                                          LATITUDE:   35 25 N
                                          LONGITUDE:  82 33 W

  TEMPERATURE IN F:       :PCPN:    SNOW:  WIND      :SUNSHINE: SKY     :PK WND
================================================================================
1   2   3   4   5  6A  6B    7    8   9   10  11  12  13   14  15   16   17  18
                                     12Z  AVG MX 2MIN
DY MAX MIN AVG DEP HDD CDD  WTR  SNW DPTH SPD SPD DIR MIN PSBL S-S WX    SPD DR
================================================================================

 1  21  12  17 -20  48   0    T    T    0 15.1 23 330   M    M   3        30 320
 2  33   8  21 -16  44   0 0.00  0.0    0  7.2 28 330   M    M   0        33 330
 3  36  13  25 -12  40   0 0.00  0.0    0  5.4 17 340   M    M   3        21 340
 4  24  13  19 -18  46   0    T    T    0 20.0 32 340   M    M   2        43 330
 5  26  11  19 -18  46   0 0.00  0.0    0 11.3 18 340   M    M   3        29 340
 6  27  10  19 -18  46   0 0.00  0.0    0 10.9 18 340   M    M   0        23 330
 7  32   6  19 -18  46   0 0.00  0.0    0  4.9 10 140   M    M   0        14 150
 8  47  23  35  -2  30   0    T  0.0    0  7.2 16 170   M    M   9 1      22 180
 9  62  29  46   9  19   0 0.00  0.0    0  4.0 12 340   M    M   6 12     14 340
10  53  38  46   9  19   0    T  0.0    0  4.0 13 160   M    M  10 1      16 160
11  58  44  51  14  14   0 1.71  0.0    0  7.2 12 150   M    M  10 1      17 180
12  61  33  47  10  18   0 0.69  0.0    0  9.0 32 340   M    M   9 1      43 330
13  33  18  26 -11  39   0 0.00  0.0    0 21.6 36 340   M    M   6        44 340
14  33  15  24 -13  41   0 0.00  0.0    0  7.8 20 340   M    M   0        27 340
15  40  18  29  -8  36   0 0.00  0.0    0  4.4 10 150   M    M   1        14 160
16  47  20  34  -3  31   0    T  0.1    0  7.1 26 340   M    M   3 1      35 340
================================================================================
SM  633  311       563   0  2.40     0.1 147.1          M       65
================================================================================
AV 39.6 19.4                               9.2 FASTST   M    M   4    MAX(MPH)
                                 MISC ---->  # 36 340               # 44  340
================================================================================
NOTES:
# LAST OF SEVERAL OCCURRENCES

COLUMN 17 PEAK WIND IN M.P.H.

PRELIMINARY LOCAL CLIMATOLOGICAL DATA (WS FORM: F-6) , PAGE 2

                                          STATION:  ASHEVILLE NC
                                          MONTH:    JANUARY
                                          YEAR:     2018
                                          LATITUDE:   35 25 N
                                          LONGITUDE:  82 33 W

[TEMPERATURE DATA]      [PRECIPITATION DATA]       SYMBOLS USED IN COLUMN 16

AVERAGE MONTHLY: 29.5   TOTAL FOR MONTH:   2.40    1 = FOG OR MIST
DPTR FM NORMAL:  -7.5   DPTR FM NORMAL:    0.56    2 = FOG REDUCING VISIBILITY
HIGHEST:    62 ON  9    GRTST 24HR  1.71 ON 11-11      TO 1/4 MILE OR LESS
LOWEST:      6 ON  7                               3 = THUNDER
                        SNOW, ICE PELLETS, HAIL    4 = ICE PELLETS
                        TOTAL MONTH:   0.1 INCH    5 = HAIL
                        GRTST 24HR   0.1 ON 16-16  6 = FREEZING RAIN OR DRIZZLE
                        GRTST DEPTH:   0           7 = DUSTSTORM OR SANDSTORM:
                                                       VSBY 1/2 MILE OR LESS
                                                   8 = SMOKE OR HAZE
[NO. OF DAYS WITH]      [WEATHER - DAYS WITH]      9 = BLOWING SNOW
                                                   X = TORNADO
MAX 32 OR BELOW:   5    0.01 INCH OR MORE:   2
MAX 90 OR ABOVE:   0    0.10 INCH OR MORE:   2
MIN 32 OR BELOW:  13    0.50 INCH OR MORE:   2
MIN  0 OR BELOW:   0    1.00 INCH OR MORE:   1

[HDD (BASE 65) ]
TOTAL THIS MO.   563    CLEAR  (SCALE 0-3)   8
DPTR FM NORMAL   115    PTCLDY (SCALE 4-7)   4
TOTAL FM JUL 1  2039    CLOUDY (SCALE 8-10)  4
DPTR FM NORMAL   -70

[CDD (BASE 65) ]
TOTAL THIS MO.     0
DPTR FM NORMAL     0    [PRESSURE DATA]
TOTAL FM JAN 1     0    HIGHEST SLP M ON M
DPTR FM NORMAL     0    LOWEST  SLP 29.58 ON 12

[REMARKS]
