000
CXUS52 KGSP 280817
CF6AVL
PRELIMINARY LOCAL CLIMATOLOGICAL DATA (WS FORM: F-6)

                                          STATION:   ASHEVILLE NC
                                          MONTH:     MARCH
                                          YEAR:      2015
                                          LATITUDE:   35 25 N
                                          LONGITUDE:  82 33 W

  TEMPERATURE IN F:       :PCPN:    SNOW:  WIND      :SUNSHINE: SKY     :PK WND
================================================================================
1   2   3   4   5  6A  6B    7    8   9   10  11  12  13   14  15   16   17  18
                                     12Z  AVG MX 2MIN
DY MAX MIN AVG DEP HDD CDD  WTR  SNW DPTH SPD SPD DIR MIN PSBL S-S WX    SPD DR
================================================================================

 1  53  30  42  -1  23   0 0.01  0.0    T  3.5 10 170   M    M   8 16     13 180
 2  53  36  45   1  20   0 0.00  0.0    T 11.9 25 340   M    M   3 1      34 340
 3  52  40  46   2  19   0 0.05  0.0    0  7.1 13 160   M    M  10 1      18 140
 4  75  49  62  18   3   0 0.12  0.0    0 12.8 23 190   M    M   6 1      30 200
 5  62  26  44   0  21   0 0.34  0.0    0 17.8 33 330   M    M  10 1      44 340
 6  46  19  33 -12  32   0 0.00  0.0    0  8.7 23 330   M    M   0        30 330
 7  59  23  41  -4  24   0 0.00  0.0    0  3.7 15 330   M    M   0        19 340
 8  68  27  48   3  17   0 0.00  0.0    0  3.8 15 340   M    M   0        18 340
 9  59  44  52   7  13   0 0.21  0.0    0  4.6 15 350   M    M  10 1      20 340
10  67  49  58  12   7   0    T  0.0    0  7.1 25 190   M    M  10        32 180
11  64  53  59  13   6   0 0.20  0.0    0  5.9 16 340   M    M   8 1      19 340
12  65  48  57  11   8   0 0.00  0.0    0  5.0 15 160   M    M   9 12     19 170
13  55  43  49   3  16   0 0.18  0.0    0  5.5 10 190   M    M  10 1      17 150
14  72  44  58  12   7   0 0.20  0.0    0  6.9 17 340   M    M   8 1      22 350
15  69  47  58  11   7   0 0.00  0.0    0 14.7 26 330   M    M   1        36 340
16  78  36  57  10   8   0 0.00  0.0    0  6.7 21 330   M    M   0        28 330
17  75  38  57  10   8   0 0.00  0.0    0 12.4 26 330   M    M   1        34 340
18  62  45  54   6  11   0 0.00  0.0    0  8.2 17 330   M    M   1        24 350
19  51  40  46  -2  19   0 0.22  0.0    0  5.6 14 170   M    M  10 1      19 140
20  63  40  52   4  13   0    T  0.0    0  7.0 18 340   M    M   9 1      22 360
21  68  47  58  10   7   0 0.00  0.0    0  9.2 20 340   M    M   3        24 330
22  65  50  58   9   7   0 0.19  0.0    0  4.5 12 190   M    M   4 1      15 200
23  66  48  57   8   8   0    T  0.0    0  6.6 13 150   M    M   6        17 140
24  69  42  56   7   9   0 0.00  0.0    0  4.6 15 190   M    M   2 1      20 190
25  61  52  57   8   8   0 0.08  0.0    0  5.9 10 140   M    M   9 18     14 120
26  72  51  62  12   3   0 0.01  0.0    0 10.0 24 350   M    M   4 1      32 350
27  51  33  42  -8  23   0 0.08    T    0 16.1 30 340   M    M   9 1      37 340
================================================================================
SM 1700 1100       347   0  1.89    T    215.8          M      151
================================================================================
AV 63.0 40.7                               8.0 FASTST   M    M   6    MAX(MPH)
                                 MISC ---->  # 33 330               # 44  340
================================================================================
NOTES:
# LAST OF SEVERAL OCCURRENCES

COLUMN 17 PEAK WIND IN M.P.H.

PRELIMINARY LOCAL CLIMATOLOGICAL DATA (WS FORM: F-6) , PAGE 2

                                          STATION:  ASHEVILLE NC
                                          MONTH:    MARCH
                                          YEAR:     2015
                                          LATITUDE:   35 25 N
                                          LONGITUDE:  82 33 W

[TEMPERATURE DATA]      [PRECIPITATION DATA]       SYMBOLS USED IN COLUMN 16

AVERAGE MONTHLY: 51.9   TOTAL FOR MONTH:   1.89    1 = FOG OR MIST
DPTR FM NORMAL:   5.3   DPTR FM NORMAL:   -1.44    2 = FOG REDUCING VISIBILITY
HIGHEST:    78 ON 16    GRTST 24HR  0.34 ON  5- 5      TO 1/4 MILE OR LESS
LOWEST:     19 ON  6                               3 = THUNDER
                        SNOW, ICE PELLETS, HAIL    4 = ICE PELLETS
                        TOTAL MONTH:    T          5 = HAIL
                        GRTST 24HR    T  ON 27-27  6 = FREEZING RAIN OR DRIZZLE
                        GRTST DEPTH:   0           7 = DUSTSTORM OR SANDSTORM:
                                                       VSBY 1/2 MILE OR LESS
                                                   8 = SMOKE OR HAZE
[NO. OF DAYS WITH]      [WEATHER - DAYS WITH]      9 = BLOWING SNOW
                                                   X = TORNADO
MAX 32 OR BELOW:   0    0.01 INCH OR MORE:  13
MAX 90 OR ABOVE:   0    0.10 INCH OR MORE:   8
MIN 32 OR BELOW:   5    0.50 INCH OR MORE:   0
MIN  0 OR BELOW:   0    1.00 INCH OR MORE:   0

[HDD (BASE 65) ]
TOTAL THIS MO.   347    CLEAR  (SCALE 0-3)   8
DPTR FM NORMAL  -149    PTCLDY (SCALE 4-7)   7
TOTAL FM JUL 1  3656    CLOUDY (SCALE 8-10) 12
DPTR FM NORMAL   -57

[CDD (BASE 65) ]
TOTAL THIS MO.     0
DPTR FM NORMAL     0    [PRESSURE DATA]
TOTAL FM JAN 1     0    HIGHEST SLP  0.00 ON 18
DPTR FM NORMAL     0    LOWEST  SLP  0.00 ON 18

[REMARKS]
