000
CXUS53 KGRR 281017
CF6AZO
PRELIMINARY LOCAL CLIMATOLOGICAL DATA (WS FORM: F-6)

                                          STATION:   KALAMAZOO MI
                                          MONTH:     AUGUST
                                          YEAR:      2014
                                          LATITUDE:   42 13 N
                                          LONGITUDE:  85 33 W

  TEMPERATURE IN F:       :PCPN:    SNOW:  WIND      :SUNSHINE: SKY     :PK WND
================================================================================
1   2   3   4   5  6A  6B    7    8   9   10  11  12  13   14  15   16   17  18
                                     12Z  AVG MX 2MIN
DY MAX MIN AVG DEP HDD CDD  WTR  SNW DPTH SPD SPD DIR MIN PSBL S-S WX    SPD DR
================================================================================

 1  83  60  72   0   0   7 0.06    M    M  5.2 12 260   M    M   1 13     27 330
 2  83  55  69  -3   0   4 0.00    M    M  3.0 10 320   M    M   1 128    16 310
 3  85  53  69  -3   0   4 0.00    M    M  3.5 13 340   M    M   1 18     18 270
 4  85  61  73   1   0   8 0.02    M    M  5.1 15 250   M    M   2 13     19 250
 5  79  65  72   0   0   7 0.14    M    M  4.7 15 260   M    M   6 1      19 270
 6  81  59  70  -2   0   5 0.00    M    M  3.8 14 360   M    M   3 128    25 340
 7  83  54  69  -3   0   4 0.00    M    M  1.6 12 230   M    M   1 18     19 270
 8  84  55  70  -2   0   5 0.00    M    M  3.4 12 120   M    M   1 1      16 110
 9  82  57  70  -2   0   5 0.00    M    M  3.5 12 100   M    M   0 1      18 120
10  87  56  72   0   0   7    T    M    M  2.4 10  90   M    M   2 1      15  50
11  80  67  74   3   0   9 0.03    M    M  5.7 13 350   M    M   5 18     21 240
12  68  59  64  -7   1   0 0.01    M    M 10.8 18 310   M    M   9 18     24 320
13  80  52  66  -5   0   1 0.00    M    M  7.6 18 310   M    M   2 1      25 310
14  73  50  62  -9   3   0 0.00    M    M  7.8 18 330   M    M   1        25 340
15  76  43  60 -11   5   0 0.00    M    M  4.8 14 270   M    M   1        22 250
16  83  52  68  -3   0   3 0.00    M    M  8.1 18 270   M    M   3        24 260
17  76  68  72   1   0   7 0.04    M    M  2.4  9  60   M    M  10 18     13  50
18  84  61  73   2   0   8 0.00    M    M  3.7 10 240   M    M   6 18     14 180
19  85  64  75   5   0  10 0.40    M    M  9.4 29 290   M    M   6 138    44 290
20  84  65  75   5   0  10 0.00    M    M  5.0 21 250   M    M   4 1      25 270
21  83  65  74   4   0   9 0.03    M    M  4.1 15 210   M    M   4 18     18 210
22  84  69  77   7   0  12 0.00    M    M  2.4 10 190   M    M   8 128    13 350
23  85  68  77   7   0  12 0.00    M    M  4.0  9  90   M    M   5 128    15 100
24  83  66  75   5   0  10 0.00    M    M  4.6 10 100   M    M   6 18     16 110
25  92  68  80  10   0  15    T    M    M  4.6 12  40   M    M   4 138     M  M
26  82  65  74   5   0   9 0.59    M    M  5.7 30 300   M    M   4 13     40 310
27  80  60  70   1   0   5 0.00    M    M  6.4 13 330   M    M   1 1      20 350
================================================================================
SM 2210 1617         9 176  1.32    M    133.3          M       97
================================================================================
AV 81.9 59.9                               4.9 FASTST   M    M   4    MAX(MPH)
                                 MISC ---->  # 30 300               # 44  290
================================================================================
NOTES:
# LAST OF SEVERAL OCCURRENCES

COLUMN 17 PEAK WIND IN M.P.H.

PRELIMINARY LOCAL CLIMATOLOGICAL DATA (WS FORM: F-6) , PAGE 2

                                          STATION:  KALAMAZOO MI
                                          MONTH:    AUGUST
                                          YEAR:     2014
                                          LATITUDE:   42 13 N
                                          LONGITUDE:  85 33 W

[TEMPERATURE DATA]      [PRECIPITATION DATA]       SYMBOLS USED IN COLUMN 16

AVERAGE MONTHLY: 70.9   TOTAL FOR MONTH:   1.32    1 = FOG OR MIST
DPTR FM NORMAL:  -0.1   DPTR FM NORMAL:   -1.97    2 = FOG REDUCING VISIBILITY
HIGHEST:    92 ON 25    GRTST 24HR  0.59 ON 26-26      TO 1/4 MILE OR LESS
LOWEST:     43 ON 15                               3 = THUNDER
                        SNOW, ICE PELLETS, HAIL    4 = ICE PELLETS
                        TOTAL MONTH:    M          5 = HAIL
                        GRTST 24HR    M  ON   M    6 = FREEZING RAIN OR DRIZZLE
                        GRTST DEPTH:  M  ON   M    7 = DUSTSTORM OR SANDSTORM:
                                                       VSBY 1/2 MILE OR LESS
                                                   8 = SMOKE OR HAZE
[NO. OF DAYS WITH]      [WEATHER - DAYS WITH]      9 = BLOWING SNOW
                                                   X = TORNADO
MAX 32 OR BELOW:   0    0.01 INCH OR MORE:   9
MAX 90 OR ABOVE:   1    0.10 INCH OR MORE:   3
MIN 32 OR BELOW:   0    0.50 INCH OR MORE:   1
MIN  0 OR BELOW:   0    1.00 INCH OR MORE:   0

[HDD (BASE 65) ]
TOTAL THIS MO.     9    CLEAR  (SCALE 0-3)  12
DPTR FM NORMAL     6    PTCLDY (SCALE 4-7)  13
TOTAL FM JUL 1    32    CLOUDY (SCALE 8-10)  2
DPTR FM NORMAL    24

[CDD (BASE 65) ]
TOTAL THIS MO.   176
DPTR FM NORMAL     8    [PRESSURE DATA]
TOTAL FM JAN 1   521    HIGHEST SLP  0.00 ON  2
DPTR FM NORMAL   -73    LOWEST  SLP  0.00 ON  2

[REMARKS]
