000
CXUS53 KGRR 301017
CF6AZO
PRELIMINARY LOCAL CLIMATOLOGICAL DATA (WS FORM: F-6)

                                          STATION:   KALAMAZOO
                                          MONTH:     AUGUST
                                          YEAR:      2016
                                          LATITUDE:   42 13 N
                                          LONGITUDE:  85 33 W

  TEMPERATURE IN F:       :PCPN:    SNOW:  WIND      :SUNSHINE: SKY     :PK WND
================================================================================
1   2   3   4   5  6A  6B    7    8   9   10  11  12  13   14  15   16   17  18
                                     12Z  AVG MX 2MIN
DY MAX MIN AVG DEP HDD CDD  WTR  SNW DPTH SPD SPD DIR MIN PSBL S-S WX    SPD DR
================================================================================

 1  84  62  73   1   0   8 0.00    M    M  2.4  9 360   M    M   2 12     12 360
 2  87  61  74   2   0   9 0.00    M    M  1.1  8  60   M    M   1 1      11 290
 3  90  63  77   5   0  12 0.00    M    M  1.6  8 170   M    M   0 1      10 190
 4  91  64  78   6   0  13 0.00    M    M  2.7  9 230   M    M   0 18     12 220
 5  84  65  75   3   0  10 0.00    M    M  7.7 18 300   M    M   3 18     23 300
 6  84  60  72   0   0   7 0.00    M    M  4.9 16 320   M    M   2 1      20 280
 7  83  58  71  -1   0   6 0.00    M    M  4.5 13 350   M    M   1        17 360
 8  84  60  72   0   0   7 0.00    M    M  2.9 12  90   M    M   0        17 110
 9  87  59  73   1   0   8 0.00    M    M  2.1 10 230   M    M   0        13 240
10  90  64  77   5   0  12 0.00    M    M  0.9  8  30   M    M   1 1      12 170
11  92  73  83  12   0  18 0.00    M    M  8.7 18 210   M    M   6 18     25 200
12  91  74  83  12   0  18 1.12    M    M  7.0 21 210   M    M   6 13     29 190
13  85  69  77   6   0  12 0.57    M    M  9.2 20 310   M    M   6 13     24 310
14  83  65  74   3   0   9 0.00    M    M  3.1 10 300   M    M   3 1      13 290
15  81  63  72   1   0   7 3.12    M    M  3.5 16 180   M    M   4 18     22 170
16  83  67  75   4   0  10 0.64    M    M  7.3 20 180   M    M   6 1      25 190
17  84  65  75   4   0  10 0.02    M    M  6.9 16 300   M    M   2 123    24 260
18  83  61  72   1   0   7 0.00    M    M  4.8 14 190   M    M   1 1      18 180
19  80  68  74   4   0   9 0.07    M    M  7.0 20 240   M    M   2 1      26 250
20  80  63  72   2   0   7 1.00    M    M  8.6 18 190   M    M   5 138    26 180
21  74  59  67  -3   0   2    T    M    M  9.1 20 290   M    M   4        26 260
22  77  53  65  -5   0   0 0.00    M    M  3.7 13 210   M    M   2 1      15 210
23  80  58  69  -1   0   4 0.00    M    M  7.6 17 210   M    M   1        22 180
24  80  65  73   3   0   8 0.01    M    M  8.2 20 180   M    M   6 18     26 190
25  82  65  74   4   0   9 0.05    M    M  7.3 18 270   M    M   4 1      24 270
26  84  60  72   3   0   7 0.00    M    M  2.0  9 350   M    M   0 1      14 290
27  82  67  75   6   0  10 0.63    M    M  4.2 14 320   M    M   5 13     17 310
28  86  70  78   9   0  13 0.00    M    M  3.4 10 320   M    M   2 1      13 330
29  87  65  76   7   0  11 0.00    M    M  2.1  9 130   M    M   1 12     13 130
================================================================================
SM 2438 1846         0 263  7.23    M    144.5          M       76
================================================================================
AV 84.1 63.7                               5.0 FASTST   M    M   3    MAX(MPH)
                                 MISC ---->  # 21 210               # 29  190
================================================================================
NOTES:
# LAST OF SEVERAL OCCURRENCES

COLUMN 17 PEAK WIND IN M.P.H.

PRELIMINARY LOCAL CLIMATOLOGICAL DATA (WS FORM: F-6) , PAGE 2

                                          STATION:  KALAMAZOO
                                          MONTH:    AUGUST
                                          YEAR:     2016
                                          LATITUDE:   42 13 N
                                          LONGITUDE:  85 33 W

[TEMPERATURE DATA]      [PRECIPITATION DATA]       SYMBOLS USED IN COLUMN 16

AVERAGE MONTHLY: 73.9   TOTAL FOR MONTH:   7.23    1 = FOG OR MIST
DPTR FM NORMAL:   3.0   DPTR FM NORMAL:    3.68    2 = FOG REDUCING VISIBILITY
HIGHEST:    92 ON 11    GRTST 24HR  3.76 ON 15-16      TO 1/4 MILE OR LESS
LOWEST:     53 ON 22                               3 = THUNDER
                        SNOW, ICE PELLETS, HAIL    4 = ICE PELLETS
                        TOTAL MONTH:    M          5 = HAIL
                        GRTST 24HR    M  ON   M    6 = FREEZING RAIN OR DRIZZLE
                        GRTST DEPTH:  M  ON   M    7 = DUSTSTORM OR SANDSTORM:
                                                       VSBY 1/2 MILE OR LESS
                                                   8 = SMOKE OR HAZE
[NO. OF DAYS WITH]      [WEATHER - DAYS WITH]      9 = BLOWING SNOW
                                                   X = TORNADO
MAX 32 OR BELOW:   0    0.01 INCH OR MORE:  10
MAX 90 OR ABOVE:   5    0.10 INCH OR MORE:   6
MIN 32 OR BELOW:   0    0.50 INCH OR MORE:   6
MIN  0 OR BELOW:   0    1.00 INCH OR MORE:   3

[HDD (BASE 65) ]
TOTAL THIS MO.     0    CLEAR  (SCALE 0-3)  19
DPTR FM NORMAL    -5    PTCLDY (SCALE 4-7)  10
TOTAL FM JUL 1     1    CLOUDY (SCALE 8-10)  0
DPTR FM NORMAL    -9

[CDD (BASE 65) ]
TOTAL THIS MO.   263
DPTR FM NORMAL    86    [PRESSURE DATA]
TOTAL FM JAN 1   779    HIGHEST SLP M ON M
DPTR FM NORMAL   176    LOWEST  SLP 29.56 ON 20

[REMARKS]
