000
CXUS55 KCTP 301131
CF6BFD
PRELIMINARY LOCAL CLIMATOLOGICAL DATA (WS FORM: F-6)

                                          STATION:   BRADFORD
                                          MONTH:     JULY
                                          YEAR:      2015
                                          LATITUDE:   41 47 N
                                          LONGITUDE:  78 38 W

  TEMPERATURE IN F:       :PCPN:    SNOW:  WIND      :SUNSHINE: SKY     :PK WND
================================================================================
1   2   3   4   5  6A  6B    7    8   9   10  11  12  13   14  15   16   17  18
                                     12Z  AVG MX 2MIN
DY MAX MIN AVG DEP HDD CDD  WTR  SNW DPTH SPD SPD DIR MIN PSBL S-S WX    SPD DR
================================================================================

 1  69  53  61  -4   4   0 0.02    M    M  7.9 21 290   M    M   7 18     26 290
 2  72  50  61  -4   4   0 0.00    M    M  2.7 10 350   M    M   5 12     14 320
 3  74  44  59  -6   6   0 0.01    M    M  3.9 10 150   M    M   2 18     17 210
 4  78  50  64  -1   1   0 0.08    M    M  5.0 15 320   M    M   5 1      20 310
 5  78  46  62  -3   3   0 0.00    M    M  2.1  9 100   M    M   0 1      14 170
 6  76  55  66   1   0   1 0.08    M    M  4.1 13 160   M    M   4 18     21 140
 7  82  66  74   9   0   9 0.82    M    M  6.4 21 280   M    M   7 138    36 230
 8  70  59  65   0   0   0 0.02    M    M  4.0 12 350   M    M  10 12     15 330
 9  74  54  64  -1   1   0 0.33    M    M  6.1 20 240   M    M   8 1      31 230
10  75  54  65   0   0   0 0.00    M    M  3.6 10 310   M    M   7 128    14 310
11  79  48  64  -1   1   0 0.00    M    M  2.7 10 300   M    M   0 1      13 300
12  78  52  65   0   0   0 0.00    M    M  1.9 10 190   M    M   2 18     12 180
13  80  53  67   1   0   2 0.06    M    M  6.2 16 130   M    M   2 18     22 190
14  78  65  72   6   0   7 0.31    M    M  4.4 14 190   M    M   6 13     19 220
15  68  48  58  -8   7   0    T    M    M  7.7 15 340   M    M   6 1      18 350
16  76  41  59  -7   6   0 0.00    M    M  7.1 14 100   M    M   M 1      17 110
17  75  52  64  -2   1   0 0.19    M    M  5.8 14 190   M    M   M 1      22 200
18  85  65  75   9   0  10 0.15    M    M  4.4 24 280   M    M   M 18     30 280
19  85  65  75   9   0  10 0.26    M    M  5.7 23 360   M    M   M 12     32 350
20  81  62  72   6   0   7    T    M    M  4.9 14 300   M    M   2 1      16 310
21  77  53  65  -1   0   0 0.12    M    M  6.2 21 330   M    M   3 1      25 330
22  71  49  60  -6   5   0    T    M    M  8.0 24 310   M    M   3 1      33 300
23  76  43  60  -5   5   0    T    M    M  4.6 16 330   M    M   1 1      22 320
24  78  46  62  -3   3   0 0.00  0.0    M  3.4 15 320   M    M   1        18  20
25  82  49  66   1   0   1 0.00  0.0    M  2.8 10 220   M    M   5        13 210
26  83  59  71   6   0   6 0.00  0.0    M  4.2 15 290   M    M   4 1      18 280
27  84  56  70   5   0   5 0.00  0.0    M  2.9 12 110   M    M   2 12     16 100
28  86  54  70   5   0   5 0.00  0.0    M  1.2  9 140   M    M   0 1      13 150
29  85  55  70   5   0   5 0.00    M    M  3.2 12 190   M    M   0 1      15 180
================================================================================
SM 2255 1546        47  68  2.45     0.0 133.1          M       92
================================================================================
AV 77.8 53.3                               4.6 FASTST   M    M   4    MAX(MPH)
                                 MISC ---->  # 24 280               # 36  230
================================================================================
NOTES:
# LAST OF SEVERAL OCCURRENCES

COLUMN 17 PEAK WIND IN M.P.H.

PRELIMINARY LOCAL CLIMATOLOGICAL DATA (WS FORM: F-6) , PAGE 2

                                          STATION:  BRADFORD
                                          MONTH:    JULY
                                          YEAR:     2015
                                          LATITUDE:   41 47 N
                                          LONGITUDE:  78 38 W

[TEMPERATURE DATA]      [PRECIPITATION DATA]       SYMBOLS USED IN COLUMN 16

AVERAGE MONTHLY: 65.5   TOTAL FOR MONTH:   2.45    1 = FOG OR MIST
DPTR FM NORMAL:   0.2   DPTR FM NORMAL:   -1.47    2 = FOG REDUCING VISIBILITY
HIGHEST:    86 ON 28    GRTST 24HR  0.84 ON  7- 8      TO 1/4 MILE OR LESS
LOWEST:     41 ON 16                               3 = THUNDER
                        SNOW, ICE PELLETS, HAIL    4 = ICE PELLETS
                        TOTAL MONTH:   0.0 INCH    5 = HAIL
                        GRTST 24HR     0.0         6 = FREEZING RAIN OR DRIZZLE
                        GRTST DEPTH:  M  ON   M    7 = DUSTSTORM OR SANDSTORM:
                                                       VSBY 1/2 MILE OR LESS
                                                   8 = SMOKE OR HAZE
[NO. OF DAYS WITH]      [WEATHER - DAYS WITH]      9 = BLOWING SNOW
                                                   X = TORNADO
MAX 32 OR BELOW:   0    0.01 INCH OR MORE:  13
MAX 90 OR ABOVE:   0    0.10 INCH OR MORE:   7
MIN 32 OR BELOW:   0    0.50 INCH OR MORE:   1
MIN  0 OR BELOW:   0    1.00 INCH OR MORE:   0

[HDD (BASE 65) ]
TOTAL THIS MO.    47    CLEAR  (SCALE 0-3)  13
DPTR FM NORMAL    46    PTCLDY (SCALE 4-7)  11
TOTAL FM JUL 1    47    CLOUDY (SCALE 8-10)  1
DPTR FM NORMAL    46

[CDD (BASE 65) ]
TOTAL THIS MO.    68
DPTR FM NORMAL     2    [PRESSURE DATA]
TOTAL FM JAN 1   150    HIGHEST SLP M ON M
DPTR FM NORMAL    34    LOWEST  SLP 29.48 ON 14

[REMARKS]
