000
CXUS55 KCYS 291000
CF6BFF
PRELIMINARY LOCAL CLIMATOLOGICAL DATA (WS FORM: F-6)

                                          STATION:   SCOTTSBLUFF NE AIRPORT
                                          MONTH:     MAY
                                          YEAR:      2017
                                          LATITUDE:   41 52 N
                                          LONGITUDE: 103 36 W

  TEMPERATURE IN F:       :PCPN:    SNOW:  WIND      :SUNSHINE: SKY     :PK WND
================================================================================
1   2   3   4   5  6A  6B    7    8   9   10  11  12  13   14  15   16   17  18
                                     12Z  AVG MX 2MIN
DY MAX MIN AVG DEP HDD CDD  WTR  SNW DPTH SPD SPD DIR MIN PSBL S-S WX    SPD DR
================================================================================

 1  61  30  46  -6  19   0    T  0.0    0 13.3 30 360   M    M   7        39 340
 2  56  40  48  -4  17   0 0.11  0.0    0  5.1 14 120   M    M   7 1      19 120
 3  59  35  47  -6  18   0 0.00  0.0    0 11.8 25 320   M    M   7 1      32 330
 4  76  30  53   0  12   0 0.00  0.0    0  6.4 17  10   M    M   0        23  30
 5  82  37  60   6   5   0 0.00  0.0    0  4.1  9 100   M    M   0        13 220
 6  89  46  68  14   0   3 0.00  0.0    0 12.2 22 150   M    M   0        30 130
 7  86  50  68  14   0   3    T  0.0    0  8.5 24 230   M    M   1        32 230
 8  69  49  59   4   6   0 0.02  0.0    0  8.6 23 100   M    M   5        26 100
 9  68  51  60   5   5   0 0.01  0.0    0 10.5 20 170   M    M   9        25 150
10  58  41  50  -5  15   0 0.06  0.0    0  8.3 21  30   M    M   9 13     26  30
11  70  35  53  -3  12   0 0.00  0.0    0  7.2 14 150   M    M   2 12     20 160
12  81  43  62   6   3   0 0.00  0.0    0 13.8 24 150   M    M   0        31 150
13  87  48  68  12   0   3    T  0.0    0 13.8 26 320   M    M   1        36 300
14  77  51  64   7   1   0 0.00  0.0    0 10.8 20 130   M    M   0        26 110
15  79  53  66   9   0   1 0.47  0.0    0 11.7 40 290   M    M   1 13     53 290
16  73  49  61   4   4   0 0.09  0.0    0  8.7 25 310   M    M   4 3      34 300
17  65  47  56  -2   9   0 0.04  0.0    0 11.7 23  20   M    M   5 3      29  40
18  47  33  40 -18  25   0 0.94  0.0    0 18.3 31  60   M    M  10 1      38  60
19  43  35  39 -19  26   0 0.76  0.0    0 14.1 25  40   M    M   8 1      31  30
20  61  35  48 -11  17   0 0.11  0.0    0  9.4 23 340   M    M   8 1      30 340
21  65  36  51  -8  14   0 0.25  0.0    0  8.3 26 320   M    M   4 3      37 320
22  59  38  49 -10  16   0 0.01  0.0    0 11.3 33 350   M    M   4        43 350
23  66  35  51  -9  14   0 0.00  0.0    0 10.6 25 330   M    M   5        35 320
24  83  38  61   1   4   0 0.00  0.0    0  8.7 18 130   M    M   0        22 130
25  73  50  62   2   3   0 0.02  0.0    0  7.7 21 310   M    M   4 3      26 340
26  65  39  52  -9  13   0 0.54  0.0    0  8.5 21  70   M    M   4 13     25  80
27  67  45  56  -5   9   0 0.02  0.0    0  7.2 24  10   M    M   6 3      28  10
28  76  42  59  -2   6   0    T  0.0    0  9.8 37 330   M    M   2        49 330
================================================================================
SM 1941 1161       273  10  3.45     0.0 280.4          M      113
================================================================================
AV 69.3 41.5                              10.0 FASTST   M    M   4    MAX(MPH)
                                 MISC ---->  # 40 290               # 53  290
================================================================================
NOTES:
# LAST OF SEVERAL OCCURRENCES

COLUMN 17 PEAK WIND IN M.P.H.

PRELIMINARY LOCAL CLIMATOLOGICAL DATA (WS FORM: F-6) , PAGE 2

                                          STATION:  SCOTTSBLUFF NE AIRPORT
                                          MONTH:    MAY
                                          YEAR:     2017
                                          LATITUDE:   41 52 N
                                          LONGITUDE: 103 36 W

[TEMPERATURE DATA]      [PRECIPITATION DATA]       SYMBOLS USED IN COLUMN 16

AVERAGE MONTHLY: 55.4   TOTAL FOR MONTH:   3.45    1 = FOG OR MIST
DPTR FM NORMAL:  -1.4   DPTR FM NORMAL:    1.28    2 = FOG REDUCING VISIBILITY
HIGHEST:    89 ON  6    GRTST 24HR  0.94 ON 18-18      TO 1/4 MILE OR LESS
LOWEST:     30 ON  4, 1                            3 = THUNDER
                        SNOW, ICE PELLETS, HAIL    4 = ICE PELLETS
                        TOTAL MONTH:   0.0 INCH    5 = HAIL
                        GRTST 24HR     0.0         6 = FREEZING RAIN OR DRIZZLE
                        GRTST DEPTH:   0           7 = DUSTSTORM OR SANDSTORM:
                                                       VSBY 1/2 MILE OR LESS
                                                   8 = SMOKE OR HAZE
[NO. OF DAYS WITH]      [WEATHER - DAYS WITH]      9 = BLOWING SNOW
                                                   X = TORNADO
MAX 32 OR BELOW:   0    0.01 INCH OR MORE:  15
MAX 90 OR ABOVE:   0    0.10 INCH OR MORE:   7
MIN 32 OR BELOW:   2    0.50 INCH OR MORE:   3
MIN  0 OR BELOW:   0    1.00 INCH OR MORE:   0

[HDD (BASE 65) ]
TOTAL THIS MO.   273    CLEAR  (SCALE 0-3)  11
DPTR FM NORMAL    24    PTCLDY (SCALE 4-7)  13
TOTAL FM JUL 1  5812    CLOUDY (SCALE 8-10)  4
DPTR FM NORMAL  -730

[CDD (BASE 65) ]
TOTAL THIS MO.    10
DPTR FM NORMAL    -7    [PRESSURE DATA]
TOTAL FM JAN 1    10    HIGHEST SLP M ON M
DPTR FM NORMAL    -9    LOWEST  SLP 29.33 ON 25

[REMARKS]
