000
CXUS54 KAMA 301015
CF6BGD
PRELIMINARY LOCAL CLIMATOLOGICAL DATA (WS FORM: F-6)

                                          STATION:   BORGER
                                          MONTH:     JUNE
                                          YEAR:      2015
                                          LATITUDE:   35 42 N
                                          LONGITUDE: 101 24 W

  TEMPERATURE IN F:       :PCPN:    SNOW:  WIND      :SUNSHINE: SKY     :PK WND
================================================================================
1   2   3   4   5  6A  6B    7    8   9   10  11  12  13   14  15   16   17  18
                                     12Z  AVG MX 2MIN
DY MAX MIN AVG DEP HDD CDD  WTR  SNW DPTH SPD SPD DIR MIN PSBL S-S WX    SPD DR
================================================================================

 1  88  64  76   3   0  11 0.03  0.0    0 10.3 20 180   M    M   1        26 130
 2  91  63  77   4   0  12 0.00  0.0    0 12.9 22 180   M    M   0        31 170
 3  94  66  80   6   0  15 0.00  0.0    0 13.6 21 160   M    M   0        30 140
 4  95  68  82   8   0  17 0.00  0.0    0 14.0 25 170   M    M   0        36 180
 5  90  69  80   6   0  15 0.00  0.0    0 13.3 23 170   M    M   0        31 160
 6  89  67  78   4   0  13 0.00  0.0    0 12.8 21 180   M    M   0        27 250
 7  93  65  79   4   0  14 0.39  0.0    0 10.3 37 340   M    M   1 13     48 340
 8  88  64  76   1   0  11 0.00  0.0    0  5.8 15  20   M    M   1        19  30
 9  92  68  80   5   0  15 0.00  0.0    0  7.7 17 170   M    M   1        24 170
10  92  70  81   5   0  16 0.00  0.0    0 12.6 23 180   M    M   1        31 180
11  96  63  80   4   0  15 0.86  0.0    0 11.6 18 180   M    M   1 13     28 180
12  88  61  75  -1   0  10 0.98  0.0    0   M  26 260   M    M  10 13     40 250
13  82  64  73  -3   0   8 0.23  0.0    0  6.0 18 180   M    M   8 13     25 180
14  83  60  72  -5   0   7 2.66  0.0    0  8.1 38 280   M    M   5 13     48 280
15  80  61  71  -6   0   6 0.00  0.0    0  6.5 16  80   M    M   2 1      21  70
16  83  63  73  -4   0   8 0.00  0.0    0  3.9  9 170   M    M   2        19 170
17  86  66  76  -1   0  11 0.00  0.0    0  6.6 14 140   M    M   3 18     25 210
18  91  68  80   2   0  15 0.00  0.0    0  6.7 15  60   M    M   2        21  70
19  92  70  81   3   0  16 0.00  0.0    0 11.2 18 180   M    M   1        26 190
20  94  72  83   5   0  18 0.00  0.0    0 15.0 22 180   M    M   0        31 180
21  94  71  83   5   0  18 0.00  0.0    0 12.8 18 170   M    M   0        25 190
22  92  72  82   3   0  17 0.00  0.0    0 13.4 22 180   M    M   0        32 180
23  92  69  81   2   0  16 0.00  0.0    0 14.4 26 190   M    M   0        36 190
24  91  70  81   2   0  16 0.00  0.0    0 13.6 22 190   M    M   0        31 220
25  95  71  83   4   0  18 0.00  0.0    0 10.7 18 240   M    M   1        26 230
26  89  70  80   0   0  15 0.00  0.0    0  9.7 25  30   M    M   1        31  20
27  87  65  76  -4   0  11 0.00  0.0    0  4.6 14 160   M    M   0        18 170
28  97  70  84   4   0  19 0.00  0.0    0 11.2 18 240   M    M   2        25 250
29  90  69  80   0   0  15 0.00  0.0    0  8.4 21 210   M    M   0        29 210
================================================================================
SM 2614 1939         0 398  5.15     0.0 287.7          M       43
================================================================================
AV 90.1 66.9                              10.3 FASTST   M    M   1    MAX(MPH)
                                 MISC ---->  # 38 280               # 48  340
================================================================================
NOTES:
# LAST OF SEVERAL OCCURRENCES

COLUMN 17 PEAK WIND IN M.P.H.

PRELIMINARY LOCAL CLIMATOLOGICAL DATA (WS FORM: F-6) , PAGE 2

                                          STATION:  BORGER
                                          MONTH:    JUNE
                                          YEAR:     2015
                                          LATITUDE:   35 42 N
                                          LONGITUDE: 101 24 W

[TEMPERATURE DATA]      [PRECIPITATION DATA]       SYMBOLS USED IN COLUMN 16

AVERAGE MONTHLY: 78.5   TOTAL FOR MONTH:   5.15    1 = FOG OR MIST
DPTR FM NORMAL:   1.7   DPTR FM NORMAL:    2.06    2 = FOG REDUCING VISIBILITY
HIGHEST:    97 ON 28    GRTST 24HR  2.80 ON 13-14      TO 1/4 MILE OR LESS
LOWEST:     60 ON 14                               3 = THUNDER
                        SNOW, ICE PELLETS, HAIL    4 = ICE PELLETS
                        TOTAL MONTH:   0.0 INCH    5 = HAIL
                        GRTST 24HR     0.0         6 = FREEZING RAIN OR DRIZZLE
                        GRTST DEPTH:   0           7 = DUSTSTORM OR SANDSTORM:
                                                       VSBY 1/2 MILE OR LESS
                                                   8 = SMOKE OR HAZE
[NO. OF DAYS WITH]      [WEATHER - DAYS WITH]      9 = BLOWING SNOW
                                                   X = TORNADO
MAX 32 OR BELOW:   0    0.01 INCH OR MORE:   6
MAX 90 OR ABOVE:  18    0.10 INCH OR MORE:   5
MIN 32 OR BELOW:   0    0.50 INCH OR MORE:   3
MIN  0 OR BELOW:   0    1.00 INCH OR MORE:   1

[HDD (BASE 65) ]
TOTAL THIS MO.     0    CLEAR  (SCALE 0-3)  25
DPTR FM NORMAL     0    PTCLDY (SCALE 4-7)   3
TOTAL FM JUL 1  3452    CLOUDY (SCALE 8-10)  1
DPTR FM NORMAL  -311

[CDD (BASE 65) ]
TOTAL THIS MO.   398
DPTR FM NORMAL    55    [PRESSURE DATA]
TOTAL FM JAN 1   522    HIGHEST SLP M ON M
DPTR FM NORMAL   -18    LOWEST  SLP 29.55 ON 11

[REMARKS]
