000
CXUS51 KBGM 210531
CF6BGM
PRELIMINARY LOCAL CLIMATOLOGICAL DATA (WS FORM: F-6)

                                          STATION:   BINGHAMTON NY
                                          MONTH:     OCTOBER
                                          YEAR:      2014
                                          LATITUDE:   42 13 N
                                          LONGITUDE:  75 59 W

  TEMPERATURE IN F:       :PCPN:    SNOW:  WIND      :SUNSHINE: SKY     :PK WND
================================================================================
1   2   3   4   5  6A  6B    7    8   9   10  11  12  13   14  15   16   17  18
                                     12Z  AVG MX 2MIN
DY MAX MIN AVG DEP HDD CDD  WTR  SNW DPTH SPD SPD DIR MIN PSBL S-S WX    SPD DR
================================================================================

 1  69  54  62   8   3   0    T  0.0    0  5.9 13  90   M    M   5 12     16 100
 2  68  53  61   8   4   0 0.00  0.0    0  3.9  8 210   M    M   8 12     10 210
 3  68  52  60   7   5   0    T  0.0    0 11.9 23 150   M    M   7        32 150
 4  56  39  48  -4  17   0 0.31  0.0    0 10.2 22 150   M    M   8 1      32 150
 5  51  33  42 -10  23   0 0.00  0.0    0  8.4 17 250   M    M   3        22 220
 6  63  40  52   0  13   0    T  0.0    0 11.9 23 160   M    M   5        32 160
 7  64  54  59   8   6   0 0.05  0.0    0 11.2 20 210   M    M   7 1      30 170
 8  63  47  55   4  10   0 0.13  0.0    0 12.5 29 260   M    M   8 1      36 250
 9  61  41  51   0  14   0    T  0.0    0  8.9 24 260   M    M   2        31 260
10  58  38  48  -2  17   0 0.00  0.0    0  6.1 13 240   M    M   2        16 290
11  57  42  50   0  15   0 0.00  0.0    0  6.4 15 340   M    M   2        21 350
12  58  31  45  -5  20   0 0.00  0.0    0  4.6  9 180   M    M   0 128    14 240
13  59  47  53   4  12   0    T  0.0    0  9.6 16 180   M    M  10        23 180
14  73  59  66  17   0   1 0.00  0.0    0 13.5 21 160   M    M   9        37 180
15  68  60  64  15   1   0 1.94  0.0    0 10.4 24 250   M    M  10 12     32 150
16  68  52  60  12   5   0 0.53  0.0    0  7.2 15 250   M    M   8 1      22 220
17  64  50  57   9   8   0    T  0.0    0 10.1 18 220   M    M   6        27 220
18  59  42  51   3  14   0 0.07  0.0    0 10.2 20 270   M    M  10 1      27 270
19  42  31  37 -10  28   0 0.01  0.0    0 11.2 23 350   M    M   7 1      30 340
20  51  32  42  -5  23   0    T    M    0  6.7 14 200   M    M   7        21 210
================================================================================
SM 1220  897       238   1  3.04     0.0 180.8          M      124
================================================================================
AV 61.0 44.8                               9.0 FASTST   M    M   6    MAX(MPH)
                                 MISC ---->  # 29 260               # 37  180
================================================================================
NOTES:
# LAST OF SEVERAL OCCURRENCES

COLUMN 17 PEAK WIND IN M.P.H.

PRELIMINARY LOCAL CLIMATOLOGICAL DATA (WS FORM: F-6) , PAGE 2

                                          STATION:  BINGHAMTON NY
                                          MONTH:    OCTOBER
                                          YEAR:     2014
                                          LATITUDE:   42 13 N
                                          LONGITUDE:  75 59 W

[TEMPERATURE DATA]      [PRECIPITATION DATA]       SYMBOLS USED IN COLUMN 16

AVERAGE MONTHLY: 52.9   TOTAL FOR MONTH:   3.04    1 = FOG OR MIST
DPTR FM NORMAL:   2.7   DPTR FM NORMAL:    0.86    2 = FOG REDUCING VISIBILITY
HIGHEST:    73 ON 14    GRTST 24HR  2.47 ON 15-16      TO 1/4 MILE OR LESS
LOWEST:     31 ON 19,12                            3 = THUNDER
                        SNOW, ICE PELLETS, HAIL    4 = ICE PELLETS
                        TOTAL MONTH:   0.0 INCH    5 = HAIL
                        GRTST 24HR     0.0         6 = FREEZING RAIN OR DRIZZLE
                        GRTST DEPTH:   0           7 = DUSTSTORM OR SANDSTORM:
                                                       VSBY 1/2 MILE OR LESS
                                                   8 = SMOKE OR HAZE
[NO. OF DAYS WITH]      [WEATHER - DAYS WITH]      9 = BLOWING SNOW
                                                   X = TORNADO
MAX 32 OR BELOW:   0    0.01 INCH OR MORE:   7
MAX 90 OR ABOVE:   0    0.10 INCH OR MORE:   4
MIN 32 OR BELOW:   3    0.50 INCH OR MORE:   2
MIN  0 OR BELOW:   0    1.00 INCH OR MORE:   1

[HDD (BASE 65) ]
TOTAL THIS MO.   238    CLEAR  (SCALE 0-3)   5
DPTR FM NORMAL   -59    PTCLDY (SCALE 4-7)   9
TOTAL FM JUL 1   465    CLOUDY (SCALE 8-10)  6
DPTR FM NORMAL   -89

[CDD (BASE 65) ]
TOTAL THIS MO.     1
DPTR FM NORMAL     1    [PRESSURE DATA]
TOTAL FM JAN 1   341    HIGHEST SLP M ON M
DPTR FM NORMAL   -38    LOWEST  SLP 29.55 ON M

[REMARKS]
