000
CXUS51 KCAR 260600
CF6BGR
PRELIMINARY LOCAL CLIMATOLOGICAL DATA (WS FORM: F-6)

                                          STATION:   BANGOR ME
                                          MONTH:     JULY
                                          YEAR:      2014
                                          LATITUDE:   44 47 N
                                          LONGITUDE:  68 49 W

  TEMPERATURE IN F:       :PCPN:    SNOW:  WIND      :SUNSHINE: SKY     :PK WND
================================================================================
1   2   3   4   5  6A  6B    7    8   9   10  11  12  13   14  15   16   17  18
                                     12Z  AVG MX 2MIN
DY MAX MIN AVG DEP HDD CDD  WTR  SNW DPTH SPD SPD DIR MIN PSBL S-S WX    SPD DR
================================================================================

 1  88  65  77  10   0  12 0.00  0.0    0  8.0 18 180   M    M   7        24 180
 2  89  68  79  12   0  14 0.17  0.0    0 10.4 22 170   M    M   5 13     27 180
 3  84  66  75   8   0  10    T  0.0    0  8.2 20 190   M    M   8 1      23 190
 4  76  65  71   3   0   6 1.33  0.0    0  6.8 18 360   M    M  10 12     26  10
 5  66  54  60  -8   5   0 2.12  0.0    0 12.1 32 350   M    M   9 1      41 350
 6  81  63  72   4   0   7    T  0.0    0  8.6 17 230   M    M   5        25 220
 7  81  58  70   2   0   5 0.03  0.0    0  7.7 20 180   M    M   6 1      24 180
 8  86  64  75   7   0  10 0.05  0.0    0  8.4 16 200   M    M   6 12     22 200
 9  86  67  77   9   0  12    T  0.0    0 10.0 17 220   M    M   6 18     24 200
10  80  56  68   0   0   3    T  0.0    0  5.5 13 280   M    M   3 1      18 280
11  81  52  67  -1   0   2 0.00  0.0    0  2.4 10 300   M    M   4        12 300
12  83  54  69   0   0   4 0.00  0.0    0  5.2 16 190   M    M   3        21 170
13  80  60  70   1   0   5 0.04  0.0    0 11.2 23 170   M    M   9        30 200
14  86  66  76   7   0  11    T  0.0    0  9.2 16 180   M    M   7 18     20 170
15  75  68  72   3   0   7 0.33  0.0    0  7.4 14 170   M    M  10 13     18 180
16  71  66  69   0   0   4 1.54  0.0    0  8.9 21 130   M    M  10 13     27 130
17  78  59  69   0   0   4 0.00  0.0    0  4.3 12 240   M    M   7 12     16 240
18  80  55  68  -1   0   3 0.00  0.0    0  5.4 15 310   M    M   4        20 320
19  81  55  68  -1   0   3 0.00  0.0    0  3.1 14 180   M    M   6        17 190
20  78  60  69   0   0   4    T  0.0    0  2.5 10 180   M    M   9 1      13 160
21  81  56  69   0   0   4 0.00  0.0    0  4.1 15 180   M    M   5 1      20 190
22  85  59  72   3   0   7 0.00  0.0    0  7.7 17 190   M    M   3 1      23 190
23  88  65  77   8   0  12 0.27  0.0    0  8.2 21 280   M    M   4 138    27 280
24  78  58  68  -1   0   3 0.02  0.0    0  8.7 20  20   M    M   6 1      24  20
25  80  52  66  -3   0   1 0.00  0.0    0  5.9 13 290   M    M   1        20 300
================================================================================
SM 2022 1511         5 153  5.90     0.0 179.9          M      153
================================================================================
AV 80.9 60.4                               7.2 FASTST   M    M   6    MAX(MPH)
                                 MISC ---->  # 32 350               # 41  350
================================================================================
NOTES:
# LAST OF SEVERAL OCCURRENCES

COLUMN 17 PEAK WIND IN M.P.H.

PRELIMINARY LOCAL CLIMATOLOGICAL DATA (WS FORM: F-6) , PAGE 2

                                          STATION:  BANGOR ME
                                          MONTH:    JULY
                                          YEAR:     2014
                                          LATITUDE:   44 47 N
                                          LONGITUDE:  68 49 W

[TEMPERATURE DATA]      [PRECIPITATION DATA]       SYMBOLS USED IN COLUMN 16

AVERAGE MONTHLY: 70.7   TOTAL FOR MONTH:   5.90    1 = FOG OR MIST
DPTR FM NORMAL:   2.2   DPTR FM NORMAL:    3.15    2 = FOG REDUCING VISIBILITY
HIGHEST:    89 ON  2    GRTST 24HR  3.43 ON  4- 5      TO 1/4 MILE OR LESS
LOWEST:     52 ON 25,11                            3 = THUNDER
                        SNOW, ICE PELLETS, HAIL    4 = ICE PELLETS
                        TOTAL MONTH:   0.0 INCH    5 = HAIL
                        GRTST 24HR     0.0         6 = FREEZING RAIN OR DRIZZLE
                        GRTST DEPTH:   0           7 = DUSTSTORM OR SANDSTORM:
                                                       VSBY 1/2 MILE OR LESS
                                                   8 = SMOKE OR HAZE
[NO. OF DAYS WITH]      [WEATHER - DAYS WITH]      9 = BLOWING SNOW
                                                   X = TORNADO
MAX 32 OR BELOW:   0    0.01 INCH OR MORE:  10
MAX 90 OR ABOVE:   0    0.10 INCH OR MORE:   6
MIN 32 OR BELOW:   0    0.50 INCH OR MORE:   3
MIN  0 OR BELOW:   0    1.00 INCH OR MORE:   3

[HDD (BASE 65) ]
TOTAL THIS MO.     5    CLEAR  (SCALE 0-3)   3
DPTR FM NORMAL   -20    PTCLDY (SCALE 4-7)  16
TOTAL FM JUL 1     5    CLOUDY (SCALE 8-10)  6
DPTR FM NORMAL   -20

[CDD (BASE 65) ]
TOTAL THIS MO.   153
DPTR FM NORMAL    47    [PRESSURE DATA]
TOTAL FM JAN 1   199    HIGHEST SLP M ON M
DPTR FM NORMAL    35    LOWEST  SLP 29.54 ON  5

[REMARKS]
