000
CXUS54 KBMX 231216
CF6BHM
PRELIMINARY LOCAL CLIMATOLOGICAL DATA (WS FORM: F-6)

                                          STATION:   BIRMINGHAM
                                          MONTH:     JULY
                                          YEAR:      2017
                                          LATITUDE:   33 34 N
                                          LONGITUDE:  86 45 W

  TEMPERATURE IN F:       :PCPN:    SNOW:  WIND      :SUNSHINE: SKY     :PK WND
================================================================================
1   2   3   4   5  6A  6B    7    8   9   10  11  12  13   14  15   16   17  18
                                     12Z  AVG MX 2MIN
DY MAX MIN AVG DEP HDD CDD  WTR  SNW DPTH SPD SPD DIR MIN PSBL S-S WX    SPD DR
================================================================================

 1  91  72  82   2   0  17 1.20  0.0    0  7.3 18 250   M    M   5 123    21 360
 2  89  71  80   0   0  15 0.02  0.0    0  5.5 20 280   M    M   5        24 280
 3  91  74  83   3   0  18 0.00  0.0    0  5.8 15 260   M    M   4        18 260
 4  90  76  83   2   0  18 0.41  0.0    0  6.0 24 260   M    M   4 138    32 270
 5  91  74  83   2   0  18 0.73  0.0    0  4.0 24 280   M    M   4 138    34 270
 6  92  73  83   2   0  18    T  0.0    0  6.7 21 330   M    M   5 3      27 250
 7  91  74  83   2   0  18 0.00  0.0    0  8.1 16 240   M    M   5 3      23 280
 8  89  74  82   1   0  17    T  0.0    0  6.2 21 300   M    M   5        27 290
 9  90  70  80  -1   0  15 0.00  0.0    0  4.7 13 330   M    M   4 1      16  20
10  92  67  80  -1   0  15 0.00  0.0    0  2.7 12  10   M    M   0        15  10
11  90  72  81   0   0  16 1.39  0.0    0  2.9 21 250   M    M   5 13     26 250
12  91  72  82   1   0  17 0.00  0.0    0  3.6  9 300   M    M   4 3      14 180
13  90  73  82   1   0  17    T  0.0    0  2.4 12 310   M    M   3 3      18 140
14  91  73  82   1   0  17 1.14  0.0    0  3.7 20 310   M    M   5 138    24 310
15  89  73  81   0   0  16 0.12  0.0    0  3.4 21  30   M    M   6 13     26  40
16  89  73  81   0   0  16 0.45  0.0    0  2.6 15 140   M    M   6 38     21  80
17  91  73  82   1   0  17 0.00  0.0    0  3.8 25  80   M    M   5 3      33  70
18  92  71  82   1   0  17 0.00  0.0    0  2.3 10 200   M    M   3 1      13 210
19  94  74  84   3   0  19 0.00  0.0    0  3.5 13 330   M    M   1        16 320
20  94  74  84   3   0  19 0.00  0.0    0  3.1 16 350   M    M   3 3      21 360
21  96  77  87   6   0  22 0.00  0.0    0  4.3 12 210   M    M   3        16 170
22  92  75  84   3   0  19 0.00  0.0    0  5.1 15 200   M    M   3 3      19 210
================================================================================
SM 2005 1605         0 381  5.46     0.0  97.7          M       88
================================================================================
AV 91.1 73.0                               4.4 FASTST   M    M   4    MAX(MPH)
                                 MISC ---->  # 25  80               # 34  270
================================================================================
NOTES:
# LAST OF SEVERAL OCCURRENCES

COLUMN 17 PEAK WIND IN M.P.H.

PRELIMINARY LOCAL CLIMATOLOGICAL DATA (WS FORM: F-6) , PAGE 2

                                          STATION:  BIRMINGHAM
                                          MONTH:    JULY
                                          YEAR:     2017
                                          LATITUDE:   33 34 N
                                          LONGITUDE:  86 45 W

[TEMPERATURE DATA]      [PRECIPITATION DATA]       SYMBOLS USED IN COLUMN 16

AVERAGE MONTHLY: 82.1   TOTAL FOR MONTH:   5.46    1 = FOG OR MIST
DPTR FM NORMAL:   1.2   DPTR FM NORMAL:    2.00    2 = FOG REDUCING VISIBILITY
HIGHEST:    96 ON 21    GRTST 24HR  1.39 ON 11-11      TO 1/4 MILE OR LESS
LOWEST:     67 ON 10                               3 = THUNDER
                        SNOW, ICE PELLETS, HAIL    4 = ICE PELLETS
                        TOTAL MONTH:   0.0 INCH    5 = HAIL
                        GRTST 24HR     0.0         6 = FREEZING RAIN OR DRIZZLE
                        GRTST DEPTH:   0           7 = DUSTSTORM OR SANDSTORM:
                                                       VSBY 1/2 MILE OR LESS
                                                   8 = SMOKE OR HAZE
[NO. OF DAYS WITH]      [WEATHER - DAYS WITH]      9 = BLOWING SNOW
                                                   X = TORNADO
MAX 32 OR BELOW:   0    0.01 INCH OR MORE:   8
MAX 90 OR ABOVE:  18    0.10 INCH OR MORE:   7
MIN 32 OR BELOW:   0    0.50 INCH OR MORE:   4
MIN  0 OR BELOW:   0    1.00 INCH OR MORE:   3

[HDD (BASE 65) ]
TOTAL THIS MO.     0    CLEAR  (SCALE 0-3)   5
DPTR FM NORMAL     0    PTCLDY (SCALE 4-7)  17
TOTAL FM JUL 1     0    CLOUDY (SCALE 8-10)  0
DPTR FM NORMAL     0

[CDD (BASE 65) ]
TOTAL THIS MO.   381
DPTR FM NORMAL    32    [PRESSURE DATA]
TOTAL FM JAN 1  1203    HIGHEST SLP M ON M
DPTR FM NORMAL   190    LOWEST  SLP 29.91 ON 16

[REMARKS]
