078
CXUS54 KBMX 261216
CF6BHM
PRELIMINARY LOCAL CLIMATOLOGICAL DATA (WS FORM: F-6)

                                          STATION:   BIRMINGHAM
                                          MONTH:     APRIL
                                          YEAR:      2017
                                          LATITUDE:   33 34 N
                                          LONGITUDE:  86 45 W

  TEMPERATURE IN F:       :PCPN:    SNOW:  WIND      :SUNSHINE: SKY     :PK WND
================================================================================
1   2   3   4   5  6A  6B    7    8   9   10  11  12  13   14  15   16   17  18
                                     12Z  AVG MX 2MIN
DY MAX MIN AVG DEP HDD CDD  WTR  SNW DPTH SPD SPD DIR MIN PSBL S-S WX    SPD DR
================================================================================

 1  80  49  65   6   0   0 0.00  0.0    0  4.7 13 360   M    M   1        18 340
 2  85  53  69  10   0   4 0.00  0.0    0  6.2 16 190   M    M   5 3      19 180
 3  76  60  68   9   0   3 3.18  0.0    0 11.8 25 210   M    M   7 13     34 180
 4  84  55  70  10   0   5 0.00  0.0    0  5.1 15 240   M    M   2        22 260
 5  84  55  70  10   0   5 1.24  0.0    0 12.7 25 260   M    M   6 13     37 290
 6  62  50  56  -4   9   0    T  0.0    0 15.8 28 280   M    M   7        36 280
 7  68  44  56  -4   9   0 0.00  0.0    0  8.0 22 320   M    M   0        33 310
 8  73  39  56  -4   9   0 0.00  0.0    0  1.9  9 360   M    M   2        13  30
 9  80  45  63   2   2   0 0.00  0.0    0  6.1 17 190   M    M   0 8      23 140
10  81  51  66   5   0   1 0.00  0.0    0  6.2 20 190   M    M   3        25 190
11  81  57  69   8   0   4 0.00  0.0    0  3.2 15 250   M    M   5        20 230
12  83  60  72  10   0   7 0.00  0.0    0  3.8 14 350   M    M   5        17  10
13  88  56  72  10   0   7 0.00  0.0    0  1.4 12 340   M    M   3        16  50
14  86  61  74  12   0   9 0.00  0.0    0  5.6 15 160   M    M   5        19 180
15  83  62  73  11   0   8 0.00  0.0    0  6.1 18 180   M    M   5        23 180
16  83  59  71   9   0   6 0.00  0.0    0  4.7 17 200   M    M   3        25 240
17  84  61  73  10   0   8 0.00  0.0    0  6.1 17 250   M    M   6        22 200
18  85  65  75  12   0  10 0.00  0.0    0  3.7 15 190   M    M   8        24 170
19  86  65  76  13   0  11 0.00  0.0    0  5.2 14 180   M    M   5        19 180
20  88  65  77  13   0  12 0.00  0.0    0  5.3 15 190   M    M   3        22 190
21  87  63  75  11   0  10 0.00  0.0    0  7.3 20 220   M    M   1        27 200
22  84  66  75  11   0  10 0.07  0.0    0  9.7 20 190   M    M   6 13     24 200
23  66  51  59  -5   6   0 0.54  0.0    0 10.1 20 290   M    M  10 13     23 300
24  73  51  62  -3   3   0 0.00  0.0    0  6.0 15 360   M    M   7        18 350
25  80  53  67   2   0   2 0.00  0.0    0  3.8 10 200   M    M   2 1      15 210
================================================================================
SM 2010 1396        38 122  5.03     0.0 160.5          M      107
================================================================================
AV 80.4 55.8                               6.4 FASTST   M    M   4    MAX(MPH)
                                 MISC ---->  # 28 280                 37    M
================================================================================
NOTES:
# LAST OF SEVERAL OCCURRENCES

COLUMN 17 PEAK WIND IN M.P.H.

PRELIMINARY LOCAL CLIMATOLOGICAL DATA (WS FORM: F-6) , PAGE 2

                                          STATION:  BIRMINGHAM
                                          MONTH:    APRIL
                                          YEAR:     2017
                                          LATITUDE:   33 34 N
                                          LONGITUDE:  86 45 W

[TEMPERATURE DATA]      [PRECIPITATION DATA]       SYMBOLS USED IN COLUMN 16

AVERAGE MONTHLY: 68.1   TOTAL FOR MONTH:   5.03    1 = FOG OR MIST
DPTR FM NORMAL:   6.3   DPTR FM NORMAL:    1.37    2 = FOG REDUCING VISIBILITY
HIGHEST:    88 ON 20,13 GRTST 24HR  3.18 ON  2- 3      TO 1/4 MILE OR LESS
LOWEST:     39 ON  8                               3 = THUNDER
                        SNOW, ICE PELLETS, HAIL    4 = ICE PELLETS
                        TOTAL MONTH:   0.0 INCH    5 = HAIL
                        GRTST 24HR     0.0         6 = FREEZING RAIN OR DRIZZLE
                        GRTST DEPTH:   0           7 = DUSTSTORM OR SANDSTORM:
                                                       VSBY 1/2 MILE OR LESS
                                                   8 = SMOKE OR HAZE
[NO. OF DAYS WITH]      [WEATHER - DAYS WITH]      9 = BLOWING SNOW
                                                   X = TORNADO
MAX 32 OR BELOW:   0    0.01 INCH OR MORE:   4
MAX 90 OR ABOVE:   0    0.10 INCH OR MORE:   3
MIN 32 OR BELOW:   0    0.50 INCH OR MORE:   3
MIN  0 OR BELOW:   0    1.00 INCH OR MORE:   2

[HDD (BASE 65) ]
TOTAL THIS MO.    38    CLEAR  (SCALE 0-3)   8
DPTR FM NORMAL   -90    PTCLDY (SCALE 4-7)  16
TOTAL FM JUL 1  1661    CLOUDY (SCALE 8-10)  1
DPTR FM NORMAL  -979

[CDD (BASE 65) ]
TOTAL THIS MO.   122
DPTR FM NORMAL    75    [PRESSURE DATA]
TOTAL FM JAN 1   191    HIGHEST SLP M ON M
DPTR FM NORMAL   122    LOWEST  SLP 29.64 ON  3

[REMARKS]
