000
CXUS51 KRLX 282357
CF6BKW
PRELIMINARY LOCAL CLIMATOLOGICAL DATA (WS FORM: F-6)

                                          STATION:   BECKLEY WV
                                          MONTH:     FEBRUARY
                                          YEAR:      2015
                                          LATITUDE:   37 46 N
                                          LONGITUDE:  81  7 W

  TEMPERATURE IN F:       :PCPN:    SNOW:  WIND      :SUNSHINE: SKY     :PK WND
================================================================================
1   2   3   4   5  6A  6B    7    8   9   10  11  12  13   14  15   16   17  18
                                     12Z  AVG MX 2MIN
DY MAX MIN AVG DEP HDD CDD  WTR  SNW DPTH SPD SPD DIR MIN PSBL S-S WX    SPD DR
================================================================================

 1  45  29  37   5  28   0 0.46  0.0    T  8.3 23 200   M    M   9 1      35 180
 2  48  17  33   1  32   0 0.27  1.3    2 14.2 25 330   M    M  10 12     34 340
 3  34  15  25  -7  40   0    T  0.3    1  5.8 13 220   M    M   5 18     16 320
 4  50  23  37   5  28   0 0.00  0.0    0  7.6 16 220   M    M   1        22 210
 5  39   8  24  -9  41   0 0.01  0.8    T 11.0 22 340   M    M   7 1      29 350
 6  34   7  21 -12  44   0 0.00  0.0    T  6.1 14 250   M    M   2        19 250
 7  55  26  41   8  24   0 0.00  0.0    0  8.9 21 250   M    M   1        30 220
 8  61  43  52  19  13   0 0.01  0.0    0 10.5 22 230   M    M   2        30 210
 9  51  30  41   8  24   0 0.25  0.0    0  5.6 15  10   M    M   9 126    20 350
10  30  23  27  -6  38   0 0.00  0.0    0  8.7 15 340   M    M  10 12     19 360
11  42  22  32  -2  33   0 0.00  0.0    0  5.2 15 260   M    M   9 1      18 260
12  33  12  23 -11  42   0 0.05  2.1    T 13.5 28 320   M    M  10 1268   36 330
13  23   4  14 -20  51   0    T    T    2  6.4 22 330   M    M   3        29 320
14  32   3  18 -16  47   0 0.05  4.0    T 14.9 31 330   M    M  10 1289   44 330
15  11  -1   5 -29  60   0    T    T    4 11.9 24 320   M    M   4 89     35 300
16  15   5  10 -25  55   0 0.92  7.7    5  8.2 20 140   M    M  10        28 130
17  23   7  15 -20  50   0 0.01    T   12  5.6 13 270   M    M   6 18     17 320
18  20   3  12 -23  53   0 0.09  3.4   10 11.0 25 280   M    M   6 1289   40 280
19   4  -5   0 -35  65   0 0.05  1.5   13 12.1 22 280   M    M  10 89     31 270
20  21  -9   6 -29  59   0 0.00  0.0   11  6.2 16 160   M    M   3        25 150
21  38  17  28  -8  37   0 2.10 20.0   12 11.7 20 150   M    M   9 1268   28 150
22  37  28  33  -3  32   0 0.05  0.0   27  5.3 12 360   M    M  10 12     14 350
23  28   5  17 -19  48   0    T  0.2   19  9.2 18 340   M    M   6 1268   23 340
24  27   3  15 -21  50   0    T  0.2   19  6.7 16 240   M    M   5 8      22 230
25  35  18  27 -10  38   0 0.00  0.0   18  5.5 14 290   M    M   4        19 290
26  34  24  29  -8  36   0 0.10  2.0   19  4.6 14 340   M    M  10 18     19 120
27  24   9  17 -20  48   0    T  0.5   19  7.3 14 320   M    M   7 18     17 320
================================================================================
SM  894  366      1116   0  4.42    44.0 232.0          M      178
================================================================================
AV 33.1 13.6                               8.6 FASTST   M    M   7    MAX(MPH)
                                 MISC ---->  # 31 330               # 44  330
================================================================================
NOTES:
# LAST OF SEVERAL OCCURRENCES

COLUMN 17 PEAK WIND IN M.P.H.

PRELIMINARY LOCAL CLIMATOLOGICAL DATA (WS FORM: F-6) , PAGE 2

                                          STATION:  BECKLEY WV
                                          MONTH:    FEBRUARY
                                          YEAR:     2015
                                          LATITUDE:   37 46 N
                                          LONGITUDE:  81  7 W

[TEMPERATURE DATA]      [PRECIPITATION DATA]       SYMBOLS USED IN COLUMN 16

AVERAGE MONTHLY: 23.3   TOTAL FOR MONTH:   4.42    1 = FOG OR MIST
DPTR FM NORMAL: -11.0   DPTR FM NORMAL:    1.77    2 = FOG REDUCING VISIBILITY
HIGHEST:    61 ON  8    GRTST 24HR  2.15 ON 21-22      TO 1/4 MILE OR LESS
LOWEST:     -9 ON 20                               3 = THUNDER
                        SNOW, ICE PELLETS, HAIL    4 = ICE PELLETS
                        TOTAL MONTH:  44.0 INCHES  5 = HAIL
                        GRTST 24HR  20.0 ON 21-21  6 = FREEZING RAIN OR DRIZZLE
                        GRTST DEPTH:  27 ON 22     7 = DUSTSTORM OR SANDSTORM:
                                                       VSBY 1/2 MILE OR LESS
                                                   8 = SMOKE OR HAZE
[NO. OF DAYS WITH]      [WEATHER - DAYS WITH]      9 = BLOWING SNOW
                                                   X = TORNADO
MAX 32 OR BELOW:  12    0.01 INCH OR MORE:  14
MAX 90 OR ABOVE:   0    0.10 INCH OR MORE:   6
MIN 32 OR BELOW:  26    0.50 INCH OR MORE:   2
MIN  0 OR BELOW:   3    1.00 INCH OR MORE:   1

[HDD (BASE 65) ]
TOTAL THIS MO.  1116    CLEAR  (SCALE 0-3)   6
DPTR FM NORMAL   287    PTCLDY (SCALE 4-7)   9
TOTAL FM JUL 1  4288    CLOUDY (SCALE 8-10) 12
DPTR FM NORMAL   315

[CDD (BASE 65) ]
TOTAL THIS MO.     0
DPTR FM NORMAL     0    [PRESSURE DATA]
TOTAL FM JAN 1     0    HIGHEST SLP M ON M
DPTR FM NORMAL     0    LOWEST  SLP 29.46 ON  2

[REMARKS]
