000
CXUS51 KRLX 251103
CF6BKW
PRELIMINARY LOCAL CLIMATOLOGICAL DATA (WS FORM: F-6)

                                          STATION:   BECKLEY WV
                                          MONTH:     OCTOBER
                                          YEAR:      2014
                                          LATITUDE:   37 46 N
                                          LONGITUDE:  81  7 W

  TEMPERATURE IN F:       :PCPN:    SNOW:  WIND      :SUNSHINE: SKY     :PK WND
================================================================================
1   2   3   4   5  6A  6B    7    8   9   10  11  12  13   14  15   16   17  18
                                     12Z  AVG MX 2MIN
DY MAX MIN AVG DEP HDD CDD  WTR  SNW DPTH SPD SPD DIR MIN PSBL S-S WX    SPD DR
================================================================================

 1  76  52  64   6   1   0 0.00  0.0    0  4.5 18 270   M    M   2        24 260
 2  77  51  64   7   1   0 0.00  0.0    0  4.1 13 230   M    M   1 1      19 250
 3  70  57  64   7   1   0 0.43  0.0    0  8.3 17 170   M    M   5 1      24 170
 4  57  39  48  -9  17   0 0.07  0.0    0  9.5 28 280   M    M   7 1      35 270
 5  56  34  45 -11  20   0 0.00  0.0    0  7.5 17 270   M    M   2        23 250
 6  69  50  60   4   5   0 1.40  0.0    0 11.1 26 250   M    M   6 1      36 250
 7  62  49  56   0   9   0 0.87    M    0  9.5 24 290   M    M   8 1      40 210
 8  66  46  56   1   9   0    T    M    0  7.6 22 280   M    M   2 1      30 290
 9  70  44  57   2   8   0    T  0.0    0  4.3 17 330   M    M   2        22 330
10  64  53  59   4   6   0 0.54  0.0    0  4.7 12 240   M    M   9 1      14 240
11  64  50  57   3   8   0 0.32  0.0    0  6.3 16 240   M    M  10 12     23 210
12  59  50  55   1  10   0 0.05  0.0    0 12.1 17 130   M    M  10 12     28 150
13  74  54  64  10   1   0 0.10  0.0    0 11.1 20 160   M    M   5 1      25 160
14  72  55  64  10   1   0 0.65  0.0    0 13.2 24 140   M    M   6 1      39 160
15  64  49  57   4   8   0 0.06    M    0  5.5 14 250   M    M   6 12     18 250
16  56  50  53   0  12   0 0.04  0.0    0  7.3 17 270   M    M  10 18     21 260
17  70  48  59   6   6   0 0.00  0.0    0 10.2 22 220   M    M   6        30 230
18  60  42  51  -2  14   0 0.13    M    0 11.3 21 300   M    M  10 1      30 300
19  53  38  46  -6  19   0 0.01    M    0  7.4 15 330   M    M   5 1      20 330
20  59  34  47  -5  18   0 0.01  0.0    0  5.8 17 260   M    M   4        23 230
21  53  42  48  -4  17   0 0.15    M    0  8.3 21 310   M    M   9 1      28 320
22  44  40  42 -10  23   0 0.07    M    0  9.7 16 350   M    M   7 1      22 350
23  49  36  43  -8  22   0 0.00  0.0    0  7.6 16 340   M    M   8 1      21 350
24  58  35  47  -4  18   0 0.00  0.0    0  2.6 12 330   M    M   1 1      14 330
================================================================================
SM 1502 1098       254   0  4.90     0.0 189.5          M      141
================================================================================
AV 62.6 45.8                               7.9 FASTST   M    M   6    MAX(MPH)
                                 MISC ---->  # 28 280               # 40  210
================================================================================
NOTES:
# LAST OF SEVERAL OCCURRENCES

COLUMN 17 PEAK WIND IN M.P.H.

PRELIMINARY LOCAL CLIMATOLOGICAL DATA (WS FORM: F-6) , PAGE 2

                                          STATION:  BECKLEY WV
                                          MONTH:    OCTOBER
                                          YEAR:     2014
                                          LATITUDE:   37 46 N
                                          LONGITUDE:  81  7 W

[TEMPERATURE DATA]      [PRECIPITATION DATA]       SYMBOLS USED IN COLUMN 16

AVERAGE MONTHLY: 54.2   TOTAL FOR MONTH:   4.90    1 = FOG OR MIST
DPTR FM NORMAL:  -0.0   DPTR FM NORMAL:    2.95    2 = FOG REDUCING VISIBILITY
HIGHEST:    77 ON  2    GRTST 24HR  1.65 ON  6- 7      TO 1/4 MILE OR LESS
LOWEST:     34 ON 20, 5                            3 = THUNDER
                        SNOW, ICE PELLETS, HAIL    4 = ICE PELLETS
                        TOTAL MONTH:   0.0 INCH    5 = HAIL
                        GRTST 24HR     0.0         6 = FREEZING RAIN OR DRIZZLE
                        GRTST DEPTH:   0           7 = DUSTSTORM OR SANDSTORM:
                                                       VSBY 1/2 MILE OR LESS
                                                   8 = SMOKE OR HAZE
[NO. OF DAYS WITH]      [WEATHER - DAYS WITH]      9 = BLOWING SNOW
                                                   X = TORNADO
MAX 32 OR BELOW:   0    0.01 INCH OR MORE:  16
MAX 90 OR ABOVE:   0    0.10 INCH OR MORE:   9
MIN 32 OR BELOW:   0    0.50 INCH OR MORE:   4
MIN  0 OR BELOW:   0    1.00 INCH OR MORE:   1

[HDD (BASE 65) ]
TOTAL THIS MO.   254    CLEAR  (SCALE 0-3)   6
DPTR FM NORMAL   -13    PTCLDY (SCALE 4-7)  11
TOTAL FM JUL 1   342    CLOUDY (SCALE 8-10)  7
DPTR FM NORMAL   -59

[CDD (BASE 65) ]
TOTAL THIS MO.     0
DPTR FM NORMAL    -2    [PRESSURE DATA]
TOTAL FM JAN 1   602    HIGHEST SLP M ON M
DPTR FM NORMAL    50    LOWEST  SLP 29.63 ON 14

[REMARKS]
