000
CXUS51 KRLX 201235
CF6BKW
PRELIMINARY LOCAL CLIMATOLOGICAL DATA (WS FORM: F-6)

                                          STATION:   BECKLEY WV
                                          MONTH:     FEBRUARY
                                          YEAR:      2018
                                          LATITUDE:   37 46 N
                                          LONGITUDE:  81  7 W

  TEMPERATURE IN F:       :PCPN:    SNOW:  WIND      :SUNSHINE: SKY     :PK WND
================================================================================
1   2   3   4   5  6A  6B    7    8   9   10  11  12  13   14  15   16   17  18
                                     12Z  AVG MX 2MIN
DY MAX MIN AVG DEP HDD CDD  WTR  SNW DPTH SPD SPD DIR MIN PSBL S-S WX    SPD DR
================================================================================

 1  46  30  38   6  27   0 0.42  5.0    0  9.7 18 330   M    M   7 1      26 210
 2  30   2  16 -16  49   0 0.07  1.8    7 10.8 23 330   M    M   8 189    33 330
 3  35   2  19 -13  46   0 0.00  0.0    5  6.7 18 160   M    M   5        27 150
 4  39  28  34   2  31   0 0.71  0.5    3 10.1 20 160   M    M  10 16     26 160
 5  33  17  25  -8  40   0 0.01  0.1    1  8.1 25 330   M    M   5 18     32 340
 6  37  28  33   0  32   0    T    T    T  6.0 18 160   M    M   8 1      24 150
 7  45  25  35   2  30   0 0.80    T    0 10.8 18 330   M    M  10 1      27 150
 8  34  21  28  -5  37   0    T    T    T  7.2 15 270   M    M   6 18     20 330
 9  49  24  37   4  28   0 0.00  0.0    0  8.0 16 140   M    M   0        25 150
10  52  43  48  15  17   0 1.26  0.0    0  9.0 16 150   M    M  10 1      22 150
11  61  48  55  21  10   0 0.71  0.0    0 12.1 22 210   M    M   9 1      32 230
12  48  27  38   4  27   0 0.05  0.0    0  8.3 16 340   M    M  10 12     20 340
13  41  27  34   0  31   0 0.03  0.0    0  9.8 18 130   M    M   8 1      25 130
14  59  35  47  13  18   0 0.12  0.0    0  9.0 16 220   M    M   8 1      22 220
15  68  55  62  28   3   0 0.05  0.0    0 11.8 23 250   M    M   6 18     34 250
16  62  35  49  14  16   0 1.03  0.0    0  9.6 22 240   M    M  10 1      31 330
17  41  30  36   1  29   0 0.85    T    0  7.4 20 150   M    M   8 1      30 140
18  48  32  40   5  25   0 0.01    T    T  9.6 21 130   M    M   5 1      31 130
19  64  42  53  18  12   0 0.10  0.0    0 10.9 20 150   M    M   6 18     30 150
================================================================================
SM  892  551       508   0  6.22     7.3 174.9          M      139
================================================================================
AV 47.0 29.0                               9.2 FASTST   M    M   7    MAX(MPH)
                                 MISC ---->  # 25 330               # 34  250
================================================================================
NOTES:
# LAST OF SEVERAL OCCURRENCES

COLUMN 17 PEAK WIND IN M.P.H.

PRELIMINARY LOCAL CLIMATOLOGICAL DATA (WS FORM: F-6) , PAGE 2

                                          STATION:  BECKLEY WV
                                          MONTH:    FEBRUARY
                                          YEAR:     2018
                                          LATITUDE:   37 46 N
                                          LONGITUDE:  81  7 W

[TEMPERATURE DATA]      [PRECIPITATION DATA]       SYMBOLS USED IN COLUMN 16

AVERAGE MONTHLY: 38.0   TOTAL FOR MONTH:   6.22    1 = FOG OR MIST
DPTR FM NORMAL:   4.5   DPTR FM NORMAL:    4.37    2 = FOG REDUCING VISIBILITY
HIGHEST:    68 ON 15    GRTST 24HR  1.26 ON 10-10      TO 1/4 MILE OR LESS
LOWEST:      2 ON  3, 2                            3 = THUNDER
                        SNOW, ICE PELLETS, HAIL    4 = ICE PELLETS
                        TOTAL MONTH:   7.3 INCHES  5 = HAIL
                        GRTST 24HR   5.0 ON  1- 1  6 = FREEZING RAIN OR DRIZZLE
                        GRTST DEPTH:   7 ON  2     7 = DUSTSTORM OR SANDSTORM:
                                                       VSBY 1/2 MILE OR LESS
                                                   8 = SMOKE OR HAZE
[NO. OF DAYS WITH]      [WEATHER - DAYS WITH]      9 = BLOWING SNOW
                                                   X = TORNADO
MAX 32 OR BELOW:   1    0.01 INCH OR MORE:  15
MAX 90 OR ABOVE:   0    0.10 INCH OR MORE:   9
MIN 32 OR BELOW:  13    0.50 INCH OR MORE:   6
MIN  0 OR BELOW:   0    1.00 INCH OR MORE:   2

[HDD (BASE 65) ]
TOTAL THIS MO.   508    CLEAR  (SCALE 0-3)   1
DPTR FM NORMAL   -91    PTCLDY (SCALE 4-7)  10
TOTAL FM JUL 1  3610    CLOUDY (SCALE 8-10)  8
DPTR FM NORMAL  -133

[CDD (BASE 65) ]
TOTAL THIS MO.     0
DPTR FM NORMAL     0    [PRESSURE DATA]
TOTAL FM JAN 1     0    HIGHEST SLP M ON M
DPTR FM NORMAL     0    LOWEST  SLP 29.73 ON 16

[REMARKS]
