000
CXUS55 KPSR 281005
CF6BLH
PRELIMINARY LOCAL CLIMATOLOGICAL DATA (WS FORM: F-6)

                                          STATION:   BLYTHE CA
                                          MONTH:     MARCH
                                          YEAR:      2015
                                          LATITUDE:   33 37 N
                                          LONGITUDE: 114 43 W

  TEMPERATURE IN F:       :PCPN:    SNOW:  WIND      :SUNSHINE: SKY     :PK WND
================================================================================
1   2   3   4   5  6A  6B    7    8   9   10  11  12  13   14  15   16   17  18
                                     12Z  AVG MX 2MIN
DY MAX MIN AVG DEP HDD CDD  WTR  SNW DPTH SPD SPD DIR MIN PSBL S-S WX    SPD DR
================================================================================

 1  60  51  56  -6   9   0 0.74  0.0    0  7.6 16 330   M    M   8 1      19 300
 2  64  50  57  -5   8   0 0.25  0.0    0  8.5 29 250   M    M   5 1      34 250
 3  65  43  54  -8  11   0 0.00  0.0    0  3.5  9 360   M    M   0        12 350
 4  69  50  60  -2   5   0 0.00  0.0    0 11.0 22 340   M    M   0        28  20
 5  74  46  60  -2   5   0 0.00  0.0    0  4.9 13 340   M    M   0        18 330
 6  82  46  64   1   1   0 0.00  0.0    0 10.3 21  10   M    M   0        29 360
 7  83  53  68   5   0   3 0.00  0.0    0  4.8 13  10   M    M   0        16 340
 8  83  49  66   3   0   1 0.00  0.0    0  4.0 10 250   M    M   0        10 250
 9  87  51  69   6   0   4 0.00  0.0    0  5.5 15 320   M    M   0        18  10
10  87  56  72   8   0   7 0.00  0.0    0  2.9 12 340   M    M   0        12 340
11  84  56  70   6   0   5 0.00  0.0    0  2.8  9 360   M    M   0        11 360
12  88  63  76  12   0  11 0.00  0.0    0 13.9 24 340   M    M   0        30 350
13  88  66  77  13   0  12 0.00  0.0    0 12.3 26 350   M    M   0        32 350
14  92  62  77  13   0  12 0.00  0.0    0  6.4 15  50   M    M   0        19  50
15  91  60  76  12   0  11 0.00  0.0    0  4.5 12  40   M    M   0         M  M
16  91  56  74   9   0   9 0.00  0.0    0  3.4 12  50   M    M   0        14  50
17  91  59  75  10   0  10 0.00  0.0    0  7.3 16 230   M    M   0        17 160
18  85  65  75  10   0  10 0.00  0.0    0 11.7 31 200   M    M   0        37 200
19  76  64  70   5   0   5 0.03  0.0    0  8.2 15 160   M    M   4         M  M
20  83  58  71   6   0   6 0.00  0.0    0  4.7  9  90   M    M   0         M  M
21  93  56  75   9   0  10 0.00  0.0    0  7.6 20 170   M    M   0        26 240
22  90  56  73   7   0   8 0.00  0.0    0  8.1 21 220   M    M   0        26 220
23  86  57  72   6   0   7 0.00  0.0    0  6.1 13  80   M    M   0        16  80
24  87  60  74   8   0   9 0.00  0.0    0  5.1 14 350   M    M   0 8      19 360
25  89  65  77  11   0  12 0.00  0.0    0 14.1 25 340   M    M   0        35 320
26  89  65  77  11   0  12 0.00  0.0    0  7.1 18 100   M    M   0        24  20
27  94  57  76   9   0  11 0.00  0.0    0  3.1  8 330   M    M   0        10  80
================================================================================
SM 2251 1520        39 175  1.02     0.0 189.4          M       17
================================================================================
AV 83.4 56.3                               7.0 FASTST   M    M   1    MAX(MPH)
                                 MISC ---->  # 31 200               # 37  200
================================================================================
NOTES:
# LAST OF SEVERAL OCCURRENCES

COLUMN 17 PEAK WIND IN M.P.H.

PRELIMINARY LOCAL CLIMATOLOGICAL DATA (WS FORM: F-6) , PAGE 2

                                          STATION:  BLYTHE CA
                                          MONTH:    MARCH
                                          YEAR:     2015
                                          LATITUDE:   33 37 N
                                          LONGITUDE: 114 43 W

[TEMPERATURE DATA]      [PRECIPITATION DATA]       SYMBOLS USED IN COLUMN 16

AVERAGE MONTHLY: 69.8   TOTAL FOR MONTH:   1.02    1 = FOG OR MIST
DPTR FM NORMAL:   5.6   DPTR FM NORMAL:    0.55    2 = FOG REDUCING VISIBILITY
HIGHEST:    94 ON 27    GRTST 24HR  0.74 ON  1- 1      TO 1/4 MILE OR LESS
LOWEST:     43 ON  3                               3 = THUNDER
                        SNOW, ICE PELLETS, HAIL    4 = ICE PELLETS
                        TOTAL MONTH:   0.0 INCH    5 = HAIL
                        GRTST 24HR     0.0         6 = FREEZING RAIN OR DRIZZLE
                        GRTST DEPTH:   0           7 = DUSTSTORM OR SANDSTORM:
                                                       VSBY 1/2 MILE OR LESS
                                                   8 = SMOKE OR HAZE
[NO. OF DAYS WITH]      [WEATHER - DAYS WITH]      9 = BLOWING SNOW
                                                   X = TORNADO
MAX 32 OR BELOW:   0    0.01 INCH OR MORE:   3
MAX 90 OR ABOVE:   7    0.10 INCH OR MORE:   2
MIN 32 OR BELOW:   0    0.50 INCH OR MORE:   1
MIN  0 OR BELOW:   0    1.00 INCH OR MORE:   0

[HDD (BASE 65) ]
TOTAL THIS MO.    39    CLEAR  (SCALE 0-3)  24
DPTR FM NORMAL   -40    PTCLDY (SCALE 4-7)   2
TOTAL FM JUL 1   651    CLOUDY (SCALE 8-10)  1
DPTR FM NORMAL  -421

[CDD (BASE 65) ]
TOTAL THIS MO.   175
DPTR FM NORMAL   119    [PRESSURE DATA]
TOTAL FM JAN 1   214    HIGHEST SLP M ON M
DPTR FM NORMAL   147    LOWEST  SLP 29.76 ON  9

[REMARKS]
