000
CXUS53 KIND 260730
CF6BMG
PRELIMINARY LOCAL CLIMATOLOGICAL DATA (WS FORM: F-6)

                                          STATION:   BLOOMINGTON IN
                                          MONTH:     JULY
                                          YEAR:      2016
                                          LATITUDE:   39  7 N
                                          LONGITUDE:  86 37 W

  TEMPERATURE IN F:       :PCPN:    SNOW:  WIND      :SUNSHINE: SKY     :PK WND
================================================================================
1   2   3   4   5  6A  6B    7    8   9   10  11  12  13   14  15   16   17  18
                                     12Z  AVG MX 2MIN
DY MAX MIN AVG DEP HDD CDD  WTR  SNW DPTH SPD SPD DIR MIN PSBL S-S WX    SPD DR
================================================================================

 1  82  61  72  -2   0   7 0.00    M    M  8.2 16  10   M    M   5        22  20
 2  74  50  62 -12   3   0 0.01    M    M  2.9  9 100   M    M   2        12 100
 3  69  61  65  -9   0   0 1.33    M    M  7.2 15 130   M    M  10 13     22 130
 4  77  67  72  -2   0   7 0.12    M    M  3.7 10 230   M    M  10 1      14 230
 5  84  70  77   3   0  12 0.02    M    M  1.7 10 240   M    M   6 1      13 250
 6  83  68  76   2   0  11 0.51    M    M  6.3 17 180   M    M   3 138    26 280
 7  82  68  75   1   0  10 0.00    M    M  6.6 17 220   M    M   4 1      22 210
 8  86  68  77   3   0  12 0.74    M    M  5.5 22 280   M    M   4 123    36 200
 9  82  63  73  -1   0   8 0.00    M    M  4.1 12 280   M    M   1        17 300
10  84  58  71  -3   0   6 0.00    M    M  2.1  9 130   M    M   0 1      13 100
11  87  62  75   1   0  10 0.00    M    M  3.6 10 130   M    M   1 1      13 130
12  83  67  75   1   0  10 0.01    M    M  7.1 18 220   M    M   2 3      28 200
13  90  69  80   6   0  15 0.32    M    M  8.1 33 260   M    M   2 13     45 270
14  85  68  77   3   0  12 0.10    M    M  4.8 17 140   M    M   3 1      31 310
15  85  67  76   2   0  11 0.00    M    M  3.9 12 290   M    M   1 1      16 300
16  83  61  72  -2   0   7 0.00    M    M  1.9  9 350   M    M   0 1      13 350
17  87  62  75   1   0  10 0.00    M    M  5.6 16 200   M    M   1 1      21 200
18  81  67  74   0   0   9 1.29    M    M  6.3 39  20   M    M   2 13     49  20
19  89  66  78   4   0  13 0.00    M    M  1.2  7 300   M    M   3 12     10 300
20  88  71  80   6   0  15 0.22    M    M  4.4 21 290   M    M   4 13     27 290
21  89  69  79   5   0  14 0.00    M    M  3.8 13 220   M    M   1 12     15 220
22  88  74  81   7   0  16 0.01    M    M  4.5 17 220   M    M   2 13     24 210
23  92  69  81   7   0  16 0.00    M    M  1.6  7 160   M    M   4 12      9 140
24  91  72  82   8   0  17 0.00    M    M  4.4 13 230   M    M   2 12     16 210
25  90  72  81   7   0  16 0.00    M    M  2.4  8 360   M    M   1        12 320
================================================================================
SM 2111 1650         3 264  4.68    M    111.9          M       74
================================================================================
AV 84.4 66.0                               4.5 FASTST   M    M   3    MAX(MPH)
                                 MISC ---->  # 39  20               # 49   20
================================================================================
NOTES:
# LAST OF SEVERAL OCCURRENCES

COLUMN 17 PEAK WIND IN M.P.H.

PRELIMINARY LOCAL CLIMATOLOGICAL DATA (WS FORM: F-6) , PAGE 2

                                          STATION:  BLOOMINGTON IN
                                          MONTH:    JULY
                                          YEAR:     2016
                                          LATITUDE:   39  7 N
                                          LONGITUDE:  86 37 W

[TEMPERATURE DATA]      [PRECIPITATION DATA]       SYMBOLS USED IN COLUMN 16

AVERAGE MONTHLY: 75.2   TOTAL FOR MONTH:   4.68    1 = FOG OR MIST
DPTR FM NORMAL:   1.2   DPTR FM NORMAL:    0.38    2 = FOG REDUCING VISIBILITY
HIGHEST:    92 ON 23    GRTST 24HR  1.33 ON  3- 3      TO 1/4 MILE OR LESS
LOWEST:     50 ON  2                               3 = THUNDER
                        SNOW, ICE PELLETS, HAIL    4 = ICE PELLETS
                        TOTAL MONTH:    M          5 = HAIL
                        GRTST 24HR    M  ON   M    6 = FREEZING RAIN OR DRIZZLE
                        GRTST DEPTH:  M  ON   M    7 = DUSTSTORM OR SANDSTORM:
                                                       VSBY 1/2 MILE OR LESS
                                                   8 = SMOKE OR HAZE
[NO. OF DAYS WITH]      [WEATHER - DAYS WITH]      9 = BLOWING SNOW
                                                   X = TORNADO
MAX 32 OR BELOW:   0    0.01 INCH OR MORE:  12
MAX 90 OR ABOVE:   4    0.10 INCH OR MORE:   8
MIN 32 OR BELOW:   0    0.50 INCH OR MORE:   4
MIN  0 OR BELOW:   0    1.00 INCH OR MORE:   2

[HDD (BASE 65) ]
TOTAL THIS MO.     3    CLEAR  (SCALE 0-3)  17
DPTR FM NORMAL     3    PTCLDY (SCALE 4-7)   6
TOTAL FM JUL 1     3    CLOUDY (SCALE 8-10)  2
DPTR FM NORMAL     3

[CDD (BASE 65) ]
TOTAL THIS MO.   264
DPTR FM NORMAL    39    [PRESSURE DATA]
TOTAL FM JAN 1   642    HIGHEST SLP M ON M
DPTR FM NORMAL   127    LOWEST  SLP 29.78 ON  7

[REMARKS]
