000
CXUS55 KRIW 240901
CF6BPI
PRELIMINARY LOCAL CLIMATOLOGICAL DATA (WS FORM: F-6)

                                          STATION:   BIG PINEY  WY
                                          MONTH:     DECEMBER
                                          YEAR:      2014
                                          LATITUDE:   42 34 N
                                          LONGITUDE: 110  6 W

  TEMPERATURE IN F:       :PCPN:    SNOW:  WIND      :SUNSHINE: SKY     :PK WND
================================================================================
1   2   3   4   5  6A  6B    7    8   9   10  11  12  13   14  15   16   17  18
                                     12Z  AVG MX 2MIN
DY MAX MIN AVG DEP HDD CDD  WTR  SNW DPTH SPD SPD DIR MIN PSBL S-S WX    SPD DR
================================================================================

 1  36  17  27  11  38   0    T    M    M  5.9 21 270   M    M   9 1      27 270
 2  45  22  34  18  31   0 0.00  0.0    M  9.8 24 270   M    M   3        30 270
 3  35  21  28  13  37   0    T    M    M  2.9 10  20   M    M   8 1      12  20
 4  42  23  33  18  32   0    T    M    M  2.9 12  10   M    M   8        14  10
 5  45  21  33  18  32   0 0.00  0.0    M  3.8 10  50   M    M   5        11  50
 6  44  19  32  18  33   0 0.00  0.0    M  3.5 14  20   M    M   3        17  30
 7  45  20  33  19  32   0 0.00  0.0    M  5.2 13  10   M    M   4        18  20
 8  39  14  27  13  38   0 0.00  0.0    M  3.3  8  80   M    M   0         9 350
 9  46  12  29  16  36   0 0.00  0.0    M  3.9 12  20   M    M   0        12  20
10  49  16  33  20  32   0 0.00  0.0    M  3.3  9  50   M    M   1        10  60
11  41  11  26  13  39   0 0.00  0.0    M  2.1  9  50   M    M   0        10  90
12  44  21  33  20  32   0 0.00  0.0    M  3.0 10 350   M    M   1        11 340
13  42  27  35  23  30   0    T    M    M  6.3 20 350   M    M   9 1      25 350
14  32  25  29  17  36   0    T    M    M 11.4 18 330   M    M  10 8      22 330
15  30   7  19   7  46   0 0.00  0.0    M  6.0 16 340   M    M   1        20 350
16  30   6  18   6  47   0    T    M    M  3.6  9  60   M    M   9 1      11  60
17  35   9  22  10  43   0 0.00  0.0    M  4.2 10  50   M    M   4        11  50
18  33   4  19   7  46   0 0.00  0.0    M  4.8 12 360   M    M   2        13  50
19  35   8  22  10  43   0    T    M    M  2.9  9  40   M    M   7        10  70
20  35  18  27  15  38   0    T    M    M  3.4 10  70   M    M   7 1      12  70
21  36  21  29  17  36   0 0.11    M    M 13.4 41 350   M    M   9 1      50 350
22  33  12  23  12  42   0 0.01    M    M 14.2 37 330   M    M   6 18     46 320
23  27   6  17   6  48   0 0.00  0.0    M 10.6 16  30   M    M   0        20 330
================================================================================
SM  879  360       867   0  0.12     0.0 130.4          M      106
================================================================================
AV 38.2 15.7                               5.7 FASTST   M    M   5    MAX(MPH)
                                 MISC ---->  # 41 350               # 50  350
================================================================================
NOTES:
# LAST OF SEVERAL OCCURRENCES

COLUMN 17 PEAK WIND IN M.P.H.

PRELIMINARY LOCAL CLIMATOLOGICAL DATA (WS FORM: F-6) , PAGE 2

                                          STATION:  BIG PINEY  WY
                                          MONTH:    DECEMBER
                                          YEAR:     2014
                                          LATITUDE:   42 34 N
                                          LONGITUDE: 110  6 W

[TEMPERATURE DATA]      [PRECIPITATION DATA]       SYMBOLS USED IN COLUMN 16

AVERAGE MONTHLY: 26.9   TOTAL FOR MONTH:   0.12    1 = FOG OR MIST
DPTR FM NORMAL:  13.8   DPTR FM NORMAL:   -0.09    2 = FOG REDUCING VISIBILITY
HIGHEST:    49 ON 10    GRTST 24HR  0.11 ON 21-21      TO 1/4 MILE OR LESS
LOWEST:      4 ON 18                               3 = THUNDER
                        SNOW, ICE PELLETS, HAIL    4 = ICE PELLETS
                        TOTAL MONTH:   0.0 INCH    5 = HAIL
                        GRTST 24HR     0.0         6 = FREEZING RAIN OR DRIZZLE
                        GRTST DEPTH:  M  ON   M    7 = DUSTSTORM OR SANDSTORM:
                                                       VSBY 1/2 MILE OR LESS
                                                   8 = SMOKE OR HAZE
[NO. OF DAYS WITH]      [WEATHER - DAYS WITH]      9 = BLOWING SNOW
                                                   X = TORNADO
MAX 32 OR BELOW:   4    0.01 INCH OR MORE:   2
MAX 90 OR ABOVE:   0    0.10 INCH OR MORE:   1
MIN 32 OR BELOW:  23    0.50 INCH OR MORE:   0
MIN  0 OR BELOW:   0    1.00 INCH OR MORE:   0

[HDD (BASE 65) ]
TOTAL THIS MO.   867    CLEAR  (SCALE 0-3)  10
DPTR FM NORMAL  -327    PTCLDY (SCALE 4-7)   8
TOTAL FM JUL 1  3095    CLOUDY (SCALE 8-10)  5
DPTR FM NORMAL  -914

[CDD (BASE 65) ]
TOTAL THIS MO.     0
DPTR FM NORMAL     0    [PRESSURE DATA]
TOTAL FM JAN 1    26    HIGHEST SLP M ON M
DPTR FM NORMAL    -9    LOWEST  SLP 29.64 ON 21

[REMARKS]
