000
CXUS54 KLCH 280710
CF6BPT
PRELIMINARY LOCAL CLIMATOLOGICAL DATA (WS FORM: F-6)

                                          STATION:   BEAUMONT PORT ARTHUR
                                          MONTH:     AUGUST
                                          YEAR:      2014
                                          LATITUDE:   29 57 N
                                          LONGITUDE:  94  1 W

  TEMPERATURE IN F:       :PCPN:    SNOW:  WIND      :SUNSHINE: SKY     :PK WND
================================================================================
1   2   3   4   5  6A  6B    7    8   9   10  11  12  13   14  15   16   17  18
                                     12Z  AVG MX 2MIN
DY MAX MIN AVG DEP HDD CDD  WTR  SNW DPTH SPD SPD DIR MIN PSBL S-S WX    SPD DR
================================================================================

 1  90  73  82  -1   0  17 0.12  0.0    0  6.6 15 340   M    M   7 138    30 310
 2  85  71  78  -5   0  13 0.00  0.0    0  6.6 12  10   M    M   6 1      23  80
 3  90  73  82  -1   0  17 0.00  0.0    0  7.2 16  30   M    M   6 18     19  20
 4  92  76  84   1   0  19    T  0.0    0  6.6 16 110   M    M   3 1      22 130
 5  92  76  84   1   0  19    T  0.0    0  3.9 13 160   M    M   3 18     15 170
 6  93  75  84   1   0  19    T  0.0    0  5.5 14 170   M    M   2 1      17 190
 7  92  77  85   2   0  20    T  0.0    0  5.5 16 240   M    M   1 3      24 220
 8  94  75  85   2   0  20    T  0.0    0  6.6 15 220   M    M   2 13     21 220
 9  93  75  84   1   0  19    T  0.0    0  4.2 16 360   M    M   3 13     20 220
10  93  77  85   2   0  20    T  0.0    0  4.2 13 220   M    M   2 3      18 230
11  97  75  86   3   0  21 0.34  0.0    0  5.6 28 360   M    M   3 13     33 350
12  95  76  86   3   0  21 0.00  0.0    0  7.0 16 350   M    M   1        22  10
13  94  75  85   2   0  20 0.00  0.0    0  7.1 14 100   M    M   3        26 350
14  91  74  83   0   0  18 0.00  0.0    0  6.2 14  70   M    M   4        18  50
15  93  73  83   0   0  18    T  0.0    0  5.2 18 140   M    M   2 3      23 140
16  90  76  83   0   0  18 1.27  0.0    0  7.0 22 190   M    M   3 38     28 200
17  92  76  84   1   0  19 0.00  0.0    0  8.5 18 190   M    M   1        25 200
18  94  77  86   3   0  21    T  0.0    0  6.7 18 190   M    M   2 3      25 210
19  93  75  84   1   0  19    T  0.0    0  6.2 24 310   M    M   2 13     30 310
20  93  76  85   2   0  20 0.08  0.0    0  9.2 20 180   M    M   2 3      23 180
21  94  76  85   2   0  20    T  0.0    0  7.9 15 190   M    M   1        21 200
22  97  75  86   3   0  21 0.00  0.0    0  4.2 14 180   M    M   1 1      19 170
23  95  74  85   2   0  20 0.00  0.0    0  4.0 13 160   M    M   2 13     16 200
24  96  75  86   3   0  21 0.00  0.0    0  3.7 12 300   M    M   2        36 330
25  98  76  87   4   0  22 0.01  0.0    0  7.6 32  40   M    M   2 13     42  40
26  94  74  84   1   0  19 0.00  0.0    0  9.2 16  90   M    M   3        22  70
27   M   M   M   M   M   M    M    M    M   M   M   M   M    M   M         M  M
================================================================================
SM 2420 1951         0 501  1.82     0.0 162.2          M       69
================================================================================
AV 93.1 75.0                               6.2 FASTST   M    M   3    MAX(MPH)
                                 MISC ---->  # 32  40               # 42   40
================================================================================
NOTES:
# LAST OF SEVERAL OCCURRENCES

COLUMN 17 PEAK WIND IN M.P.H.

PRELIMINARY LOCAL CLIMATOLOGICAL DATA (WS FORM: F-6) , PAGE 2

                                          STATION:  BEAUMONT PORT ARTHUR
                                          MONTH:    AUGUST
                                          YEAR:     2014
                                          LATITUDE:   29 57 N
                                          LONGITUDE:  94  1 W

[TEMPERATURE DATA]      [PRECIPITATION DATA]       SYMBOLS USED IN COLUMN 16

AVERAGE MONTHLY: 84.1   TOTAL FOR MONTH:   1.82    1 = FOG OR MIST
DPTR FM NORMAL:   1.1   DPTR FM NORMAL:   -2.78    2 = FOG REDUCING VISIBILITY
HIGHEST:    98 ON 25    GRTST 24HR  1.27 ON 16-16      TO 1/4 MILE OR LESS
LOWEST:     71 ON  2                               3 = THUNDER
                        SNOW, ICE PELLETS, HAIL    4 = ICE PELLETS
                        TOTAL MONTH:   0.0 INCH    5 = HAIL
                        GRTST 24HR     0.0         6 = FREEZING RAIN OR DRIZZLE
                        GRTST DEPTH:   0           7 = DUSTSTORM OR SANDSTORM:
                                                       VSBY 1/2 MILE OR LESS
                                                   8 = SMOKE OR HAZE
[NO. OF DAYS WITH]      [WEATHER - DAYS WITH]      9 = BLOWING SNOW
                                                   X = TORNADO
MAX 32 OR BELOW:   0    0.01 INCH OR MORE:   5
MAX 90 OR ABOVE:  25    0.10 INCH OR MORE:   3
MIN 32 OR BELOW:   0    0.50 INCH OR MORE:   1
MIN  0 OR BELOW:   0    1.00 INCH OR MORE:   1

[HDD (BASE 65) ]
TOTAL THIS MO.     0    CLEAR  (SCALE 0-3)  22
DPTR FM NORMAL     0    PTCLDY (SCALE 4-7)   4
TOTAL FM JUL 1     0    CLOUDY (SCALE 8-10)  0
DPTR FM NORMAL     0

[CDD (BASE 65) ]
TOTAL THIS MO.   501
DPTR FM NORMAL    15    [PRESSURE DATA]
TOTAL FM JAN 1  2057    HIGHEST SLP M ON M
DPTR FM NORMAL   -35    LOWEST  SLP 29.87 ON 25

[REMARKS]
