000
CXUS55 KDVN 011100
CF6BRL
PRELIMINARY LOCAL CLIMATOLOGICAL DATA (WS FORM: F-6)

                                          STATION:   BURLINGTON IA
                                          MONTH:     JUNE
                                          YEAR:      2015
                                          LATITUDE:   40 46 N
                                          LONGITUDE:  91  7 W

  TEMPERATURE IN F:       :PCPN:    SNOW:  WIND      :SUNSHINE: SKY     :PK WND
================================================================================
1   2   3   4   5  6A  6B    7    8   9   10  11  12  13   14  15   16   17  18
                                     12Z  AVG MX 2MIN
DY MAX MIN AVG DEP HDD CDD  WTR  SNW DPTH SPD SPD DIR MIN PSBL S-S WX    SPD DR
================================================================================

 1  70  54  62  -7   3   0 0.00    M    M  6.2 13  80   M    M   7 18     19  60
 2  73  53  63  -6   2   0 0.00    M    M  5.0 12 190   M    M   3 18     15 160
 3  76  54  65  -5   0   0 0.00    M    M  8.3 17 200   M    M   2 18     23 180
 4  82  62  72   2   0   7 0.00    M    M  4.0 13 210   M    M   3 128    15 250
 5  86  65  76   6   0  11 0.00    M    M  6.0 16  50   M    M   4 1      22  80
 6  78  57  68  -3   0   3 0.00    M    M  7.4 13 110   M    M   0        19  70
 7  87  66  77   6   0  12 1.56    M    M 10.6 31 210   M    M   1 13     38 220
 8  84  63  74   3   0   9 0.00    M    M  7.0 18 290   M    M   1        25 300
 9  89  60  75   3   0  10 0.00    M    M  6.6 14 230   M    M   0 1      19 220
10  93  70  82  10   0  17 1.71    M    M  9.4 40 270   M    M   2 1238   56 270
11  82  68  75   3   0  10 0.76    M    M  9.7 24 240   M    M   1 138    31 250
12  81  68  75   3   0  10 0.45    M    M  6.6 16 150   M    M   9 13     21 150
13  84  69  77   4   0  12 0.25    M    M  4.3 16 190   M    M   8 123    21 200
14  85  71  78   5   0  13    T    M    M  6.2 13 200   M    M   5 13     16 210
15  84  70  77   4   0  12 0.38    M    M  7.2 18 210   M    M   7 13     23 210
16  81  64  73  -1   0   8 0.14    M    M  7.8 16  70   M    M   4        22  70
17  80  62  71  -3   0   6 0.41    M    M  5.3 15  90   M    M   6 1      19  90
18  77  65  71  -3   0   6 0.00    M    M  5.8 10  30   M    M   2 1      14 320
19  77  63  70  -4   0   5 0.00    M    M  9.5 22  40   M    M   0        27  30
20  86  58  72  -3   0   7 0.91    M    M  7.0  M   M   M    M   0 13      M  M
21  80   M   M   M   M   M    T    M    M  6.4  M   M   M    M   1         M  M
22  87  73  80   5   0  15 0.00    M    M 11.5 25 200   M    M   4        34 180
23  79  64  72  -3   0   7 0.00    M    M  5.8 17  20   M    M   0 8      22  20
24  76  63  70  -6   0   5 0.06    M    M  9.1 39  10   M    M   6 13     51 320
25  82  67  75  -1   0  10    M    M    M  6.6 33  30   M    M   5 13     43  30
26  73  66  70  -6   0   5 0.11    M    M  9.5 18  20   M    M   8 1      22  10
27  81  60  71  -5   0   6 0.00    M    M  6.3 14 350   M    M   2 1      19 320
28  74  59  67  -9   0   2 0.23    M    M  6.4 17 180   M    M   3 12     24 280
29  82  63  73  -3   0   8 0.09    M    M  4.8 16  10   M    M   6 13     21 340
30  82  63  73  -3   0   8 0.00  0.0    0  4.8 12 350   M    M   2 18     16 360
================================================================================
SM 2431 1840         5 224  7.06     0.0 211.1          M      102
================================================================================
AV 81.0 63.4                               7.0 FASTST   M    M   3    MAX(MPH)
                                 MISC ---->  # 40 270               # 56  270
================================================================================
NOTES:
# LAST OF SEVERAL OCCURRENCES

COLUMN 17 PEAK WIND IN M.P.H.

PRELIMINARY LOCAL CLIMATOLOGICAL DATA (WS FORM: F-6) , PAGE 2

                                          STATION:  BURLINGTON IA
                                          MONTH:    JUNE
                                          YEAR:     2015
                                          LATITUDE:   40 46 N
                                          LONGITUDE:  91  7 W

[TEMPERATURE DATA]      [PRECIPITATION DATA]       SYMBOLS USED IN COLUMN 16

AVERAGE MONTHLY: 72.2   TOTAL FOR MONTH:   7.06    1 = FOG OR MIST
DPTR FM NORMAL:  -1.1   DPTR FM NORMAL:    2.59    2 = FOG REDUCING VISIBILITY
HIGHEST:    93 ON 10    GRTST 24HR  2.12 ON 10-11      TO 1/4 MILE OR LESS
LOWEST:     53 ON  2                               3 = THUNDER
                        SNOW, ICE PELLETS, HAIL    4 = ICE PELLETS
                        TOTAL MONTH:   0.0 INCH    5 = HAIL
                        GRTST 24HR     0.0         6 = FREEZING RAIN OR DRIZZLE
                        GRTST DEPTH:   0           7 = DUSTSTORM OR SANDSTORM:
                                                       VSBY 1/2 MILE OR LESS
                                                   8 = SMOKE OR HAZE
[NO. OF DAYS WITH]      [WEATHER - DAYS WITH]      9 = BLOWING SNOW
                                                   X = TORNADO
MAX 32 OR BELOW:   0    0.01 INCH OR MORE:  13
MAX 90 OR ABOVE:   1    0.10 INCH OR MORE:  11
MIN 32 OR BELOW:   0    0.50 INCH OR MORE:   4
MIN  0 OR BELOW:   0    1.00 INCH OR MORE:   2

[HDD (BASE 65) ]
TOTAL THIS MO.     5    CLEAR  (SCALE 0-3)  17
DPTR FM NORMAL    -8    PTCLDY (SCALE 4-7)  11
TOTAL FM JUL 1  6101    CLOUDY (SCALE 8-10)  2
DPTR FM NORMAL   501

[CDD (BASE 65) ]
TOTAL THIS MO.   224
DPTR FM NORMAL   -36    [PRESSURE DATA]
TOTAL FM JAN 1   317    HIGHEST SLP 30.22 ON  1
DPTR FM NORMAL   -46    LOWEST  SLP 29.62 ON  7

[REMARKS]
#FINAL-06-15#
