000
CXAK56 PABR 012355 CCA
CF6BRW

PRELIMINARY LOCAL CLIMATOLOGICAL DATA (WS FORM: F-6)

                                          STATION:   BARROW
           CXAK56 PABR 012345
CF6BRW

PRELIMINARY LOCAL CLIMATOLOGICAL DATA (WS FORM: F-6)

                                          STATION:   BARROW
                                          MONTH:     08
                                          YEAR:      2015
                                          LATITUDE:   71 17 N
                                          LONGITUDE: 156 46 W

  TEMPERATURE IN F:       :PCPN:    SNOW:  WIND      :SUNSHINE: SKY     :PK WND
================================================================================
1   2   3   4   5  6A  6B    7     8   9   10  11  12  13   14  15   16  17  18
                                      12Z  AVG MX 2MIN
DY MAX MIN AVG DEP HDD CDD  WTR   SNW DPTH SPD SPD DIR MIN PSBL S-S WX   SPD DR
================================================================================

 1  39  34  37  -4  28   0     T  0.0   0  8.7 17  310   M    M   M 1    20 350
 2  52  34  43   3  22   0  0.24  0.0   0 11.5 23  240   M    M   M 2    30 240
 3  46  38  42   2  23   0  0.12  0.0   0 17.8 29  270   M    M   M 1    36 280
 4  42  36  39  -1  26   0     T  0.0   0 12.8 28  290   M    M   M 1    32 280
 5  40  36  38  -2  27   0     T  0.0   0  8.5 14  280   M    M   M 1    16 340
 6  49  33  41   1  24   0  0.00  0.0   0 11.5 22  120   M    M   M      27 120
 7  49  36  43   3  22   0  0.20  0.0   0  8.4 21  120   M    M   M 1    25 120
 8  45  34  40   0  25   0  0.06  0.0   0  7.4 14   70   M    M   M 1    16  90
 9  49  38  44   4  21   0  0.00  0.0   0  7.7 10   30   M    M   M      13 210
10  42  36  39  -1  26   0     T  0.0   0  6.6 14  330   M    M   M 2    16 330
11  40  33  37  -3  28   0  0.02  0.0   0  6.9 14   60   M    M   M 1    16  60
12  44  32  38  -2  27   0  0.00  0.0   0 14.3 22  100   M    M   M 2    26 100
13  48  37  43   3  22   0  0.04  0.0   0 11.6 17  110   M    M   M 2    21 110
14  49  40  45   6  20   0  0.01  0.0   0 11.7 17  220   M    M   M 2    21 220
15  40  35  38  -1  27   0     T  0.0   0  7.9 14  310   M    M   M      16 310
16  40  33  37  -2  28   0  0.00  0.0   0 17.0 23   70   M    M   M      28  70
17  40  33  37  -2  28   0  0.00  0.0   0 18.8 24   70   M    M   M      29  80
18  38  31  35  -4  30   0  0.01  0.2   T 13.2 21   60   M    M   M 1    24  60
19  38  27  33  -6  32   0     T    T   0  5.6 10  100   M    M   M      12  50
20  39  26  33  -6  32   0     T  0.0   0  7.4 13   60   M    M   M 1    18  70
21  40  33  37  -2  28   0  0.02    T   0 13.5 21  100   M    M   M 1    26  90
22  37  34  36  -2  29   0  0.19  0.0   0 13.8 20   70   M    M   M 1    24 100
23  38  33  36  -2  29   0     T  0.0   0 10.5 18  100   M    M   M 1    23 100
24  38  32  35  -3  30   0  0.00  0.0   0 16.2 25  100   M    M   M 2    30 100
25  52  34  43   5  22   0  0.55  0.0   0 12.6 24  100   M    M   M 1    30 100
26  46  36  41   3  24   0     T    T   0 20.3 33  270   M    M   M 1    42 260
27  38  35  37  -1  28   0     T    T   0 31.1 40  270   M    M   M 19   49 270
28  39  33  36  -1  29   0  0.14  0.2   0 21.0 35  270   M    M   M 1    43 270
29  37  31  34  -3  31   0  0.08  0.4   0  8.7 21  280   M    M   M 1    24 270
30  39  32  36  -1  29   0  0.01  0.0   0 10.8 17   60   M    M   M 1    21  30
31  38  32  35  -2  30   0     T    T   0 11.9 17  310   M    M   M 1    20 310
================================================================================
SM 1311 1047       827   0  1.69  0.8    385.7           M        M
================================================================================
AV 42.3 33.8                             12.4 FASTST  PSBL  %   M    MAX(MPH)
                                 MISC ---->     40  270                 49 270
================================================================================
NOTES:
# LAST OF SEVERAL OCCURRENCES

COLUMN 17 PEAK WIND IN M.P.H.

PRELIMINARY LOCAL CLIMATOLOGICAL DATA (WS FORM: F-6) , PAGE 2

                                          STATION:   BARROW
                                          MONTH:     08
                                          YEAR:      2015
                                          LATITUDE:  71 17 N
                                          LONGITUDE: 156 46 W

[TEMPERATURE DATA]      [PRECIPITATION DATA]       SYMBOLS USED IN COLUMN 16

AVERAGE MONTHLY:38.1     TOTAL FOR MONTH: 1.69    1 = FOG
DPTR FM NORMAL: -0.9     DPTR FM NORMAL: 0.64     2 = FOG REDUCING VISIBILITY
HIGHEST: 52 ON 8-2 8-25   GRTST 24HR   0.55 ON 25        TO 1/4 MILE OR LESS
LOWEST:  26 ON 20                                 3 = THUNDER
                        SNOW, ICE PELLETS, HAIL   4 = ICE PELLETS
                        TOTAL MONTH:  0.8   INCH  5 = HAIL
                        GRTST 24HR 0.6 ON 28-29   6 = GLAZE OR RIME
                        GRTST DEPTH: T            7 = BLOWING DUST OR SAND:
                                     ON 18 19 29    VSBY 1/2 MILE OR LESS
                                                  8 = SMOKE OR HAZE
[NO. OF DAYS WITH]      [WEATHER - DAYS WITH]     9 = BLOWING SNOW
                                                  X = TORNADO
MAX 32 OR BELOW:   0    0.01 INCH OR MORE:  14
MAX 70 OR ABOVE:   0    0.10 INCH OR MORE:   6
MIN 32 OR BELOW:   8    0.50 INCH OR MORE:   1
MIN  0 OR BELOW:   0    1.00 INCH OR MORE:   0

[HDD (BASE 65) ]
TOTAL THIS MO.   827    CLEAR  (SCALE 0-3)   M
DPTR FM NORMAL    21    PTCLDY (SCALE 4-7)   M
SEASONAL TOTAL  1578    CLOUDY (SCALE 8-10)  M
DPTR FM NORMAL    23

[CDD (BASE 65) ]
TOTAL THIS MO.     0
DPTR FM NORMAL     0    [PRESSURE DATA]
SEASONAL TOTAL     0    HIGHEST SLP 30.19 IN. ON 16TH
DPTR FM NORMAL     0    LOWEST  SLP 29.30 IN. ON 29TH
                        AVERAGE SLP 29.86 IN.
[REMARKS]
25TH....0.55 IN. PCPN IS RECORD MAX PCPN FOR THE DATE AND THE 6TH GREATEST DAILY PCPN FOR ANY DAY IN AUGUST FOR THE PERIOD OF RECORD.
MONTH...1.69 IN. OF PCPN IS THE 8TH GREATEST TOTAL MONTHLY PCPN FOR ALL AUGUSTS
 OF RECORD.  RFL.
#FINAL-08-15#
