000
CXAK56 PABR 250911
CF6BRW

PRELIMINARY LOCAL CLIMATOLOGICAL DATA (WS FORM: F-6)

                                          STATION:   BARROW
                                          MONTH:     05
                                          YEAR:      2016
                                          LATITUDE:   71 17 N
                                          LONGITUDE: 156 46 W

  TEMPERATURE IN F:       :PCPN:    SNOW:  WIND      :SUNSHINE: SKY     :PK WND
================================================================================
1   2   3   4   5  6A  6B    7     8   9   10  11  12  13   14  15   16  17  18
                                      12Z  AVG MX 2MIN
DY MAX MIN AVG DEP HDD CDD  WTR   SNW DPTH SPD SPD DIR MIN PSBL S-S WX   SPD DR
================================================================================

 1  31  25  28  16  37   0     T  0.0   4  4.6  9   60   M    M   M 1     11  50
 2  29  20  25  12  40   0     T    T   4  8.2 15  100   M    M   M 2     18 100
 3  29  24  27  13  38   0     T    T   4 11.4 18   80   M    M   M 1     21  80
 4  25  20  23   9  42   0     T    T   4  9.9 14   70   M    M   M 1     16  60
 5  20  17  19   4  46   0  0.00  0.0   4  6.4 10   60   M    M   M 2     12  60
 6  17  15  16   0  49   0  0.01  0.4   4  6.2 10  110   M    M   M 28    13 120
 7  17  14  16   0  49   0     T  0.2   4  8.4 16  110   M    M   M 1     19 100
 8  23  14  19   2  46   0     T    T   4 12.2 20  100   M    M   M 1     24  90
 9  30  18  24   7  41   0  0.00  0.0   4 13.3 21  110   M    M   M 28    23 110
10  36  21  29  11  36   0     T  0.0   4 12.2 18  140   M    M   M       21 140
11  41  34  38  19  27   0     T  0.0   3  0.0 14  170   M    M   M       19 180
12  41  34  38  19  27   0     T  0.0   3  9.4 16  160   M    M   M 1     19 160
13  42  32  37  17  28   0     T    T   1 12.6 24  250   M    M   M       29 250
14  32  25  29   9  36   0     T    T   T 11.4 22  280   M    M   M 1     24 290
15  33  24  29   8  36   0     T  0.1   T 13.3 23   80   M    M   M 1     25  80
16  27  22  25   4  40   0  0.01  0.1   T 14.8 21   70   M    M   M 1     23  60
17  27  21  24   2  41   0     T    T   T 17.6 24   70   M    M   M 16    28  80
18  30  24  27   5  38   0     T  0.1   T 18.5 24   80   M    M   M 1     27  70
19  35  27  31   8  34   0     T    T   T 14.1 20  110   M    M   M 128   24 110
20  31  24  28   4  37   0     T    T   T 11.4 15   40   M    M   M 2     17  50
21  34  23  29   5  36   0     T    T   T 13.9 18   80   M    M   M 1     23  80
22  35  32  34   9  31   0  0.02    T   T  8.8 17   80   M    M   M 2     20  80
23  38  30  34   9  31   0     T    T   T 10.8 17  100   M    M   M 2     21  90
24  37  30  34   8  31   0  0.02  0.0   0 12.2 18  110   M    M   M 2     23 100
================================================================================
SM  740  570       897   0  0.06 0.9    261.6           M        M
================================================================================
AV 30.8 23.8                             10.9 FASTST  PSBL  %   M    MAX(MPH)
                                 MISC ---->  #  24   80                 29 250
================================================================================
NOTES:
# LAST OF SEVERAL OCCURRENCES

COLUMN 17 PEAK WIND IN M.P.H.

PRELIMINARY LOCAL CLIMATOLOGICAL DATA (WS FORM: F-6) , PAGE 2

                                          STATION:   BARROW
                                          MONTH:     05
                                          YEAR:      2016
                                          LATITUDE:  71 17 N
                                          LONGITUDE: 156 46 W

[TEMPERATURE DATA]      [PRECIPITATION DATA]       SYMBOLS USED IN COLUMN 16

AVERAGE MONTHLY:27.3   TOTAL FOR MONTH: 0.06       1 = FOG
DPTR FM NORMAL:  8.0   DPTR FM NORMAL: -0.07       2 = FOG REDUCING VISIBILITY
HIGHEST:    42 ON 13    GRTST 24HR   0.02 ON 24        TO 1/4 MILE OR LESS
LOWEST:     14 ON  8                               3 = THUNDER
                        SNOW, ICE PELLETS, HAIL    4 = ICE PELLETS
                        TOTAL MONTH: 0.9   INCH  5 = HAIL
                        GRTST 24HR   0.4 ON  6     6 = GLAZE OR RIME
                        GRTST DEPTH:    4 ON 10    7 = BLOWING DUST OR SAND:
                                                       VSBY 1/2 MILE OR LESS
                                                   8 = SMOKE OR HAZE
[NO. OF DAYS WITH]      [WEATHER - DAYS WITH]      9 = BLOWING SNOW
                                                   X = TORNADO
MAX 32 OR BELOW:  14    0.01 INCH OR MORE:   4
MAX 70 OR ABOVE:   0    0.10 INCH OR MORE:   0
MIN 32 OR BELOW:  22    0.50 INCH OR MORE:   0
MIN  0 OR BELOW:   0    1.00 INCH OR MORE:   0

[HDD (BASE 65) ]
TOTAL THIS MO.   897    CLEAR  (SCALE 0-3)   M
DPTR FM NORMAL  -202    PTCLDY (SCALE 4-7)   M
SEASONAL TOTAL 16926    CLOUDY (SCALE 8-10)  M
DPTR FM NORMAL -1320

[CDD (BASE 65) ]
TOTAL THIS MO.     0
DPTR FM NORMAL     0    [PRESSURE DATA]
SEASONAL TOTAL     0    HIGHEST SLP     M
DPTR FM NORMAL     0    LOWEST  SLP     M

[REMARKS]
