000
CXUS55 KLIX 291000
CF6BTR
PRELIMINARY LOCAL CLIMATOLOGICAL DATA (WS FORM: F-6)

                                          STATION:   BATON ROUGE  ASOS
                                          MONTH:     MARCH
                                          YEAR:      2015
                                          LATITUDE:   30 31 N
                                          LONGITUDE:  91  9 W

  TEMPERATURE IN F:       :PCPN:    SNOW:  WIND      :SUNSHINE: SKY     :PK WND
================================================================================
1   2   3   4   5  6A  6B    7    8   9   10  11  12  13   14  15   16   17  18
                                     12Z  AVG MX 2MIN
DY MAX MIN AVG DEP HDD CDD  WTR  SNW DPTH SPD SPD DIR MIN PSBL S-S WX    SPD DR
================================================================================

 1  65  53  59   1   6   0 1.14  0.0    0 10.3 17 100   M    M   9 13     23 130
 2  66  56  61   3   4   0 0.25  0.0    0  3.7 13  80   M    M  10 12     16  80
 3  79  56  68   9   0   3 0.07  0.0    0  7.6 23 190   M    M   8 12     29 190
 4  84  68  76  17   0  11    T  0.0    0 11.3 24 200   M    M   9 18     30 200
 5  73  30  52  -7  13   0 0.12    T    0 11.0 21 210   M    M   8 1      33 350
 6  55  26  41 -18  24   0 0.00  0.0    0  6.9 15  40   M    M   0        20 360
 7  68  30  49 -11  16   0 0.00  0.0    0  3.4 13  60   M    M   1        15  70
 8  73  42  58  -2   7   0    T    M    0  3.9 13  60   M    M   7        15 170
 9  66  54  60   0   5   0 0.01  0.0    0  8.5 14 110   M    M   9 1      18 100
10  72  64  68   8   0   3 0.31  0.0    0  5.1 14 250   M    M   9 13     18 240
11  72  61  67   7   0   2 0.06  0.0    0  5.6 13  40   M    M  10 1      18  30
12  71  61  66   5   0   1 0.24  0.0    0  9.4 16 120   M    M   9 1      21 120
13  76  62  69   8   0   4 0.64  0.0    0 10.0 21 210   M    M   9 1      25 220
14  77  61  69   8   0   4 0.00  0.0    0  7.4 17 280   M    M   7        22 280
15  80  57  69   8   0   4 0.00  0.0    0  5.2 14 150   M    M   1 1      19 200
16  84  57  71   9   0   6 0.00  0.0    0  5.0 14 270   M    M   0 1      18 280
17  87  61  74  12   0   9 0.00  0.0    0  6.0 15 270   M    M   1        19 260
18  80  65  73  11   0   8    T  0.0    0  4.6 13 220   M    M   6 18     14 240
19  83  65  74  12   0   9    T  0.0    0  1.5 12 190   M    M   8 18     13 190
20  83  64  74  12   0   9 0.00  0.0    0  3.9 12 240   M    M   6 1      14 240
21  81  64  73  10   0   8 0.51  0.0    0  5.7 17 250   M    M   7 18     22 250
22  81  59  70   7   0   5    T  0.0    0  9.8 18 260   M    M   8 18     24 270
23  69  57  63   0   2   0    T  0.0    0  5.9 13  30   M    M  10 1      20  40
24  75  60  68   5   0   3 0.00  0.0    0  4.6 14 210   M    M   8        17 210
25  80  53  67   4   0   2 0.00  0.0    0  5.5 14 110   M    M   4 12     18 150
26  72  54  63  -1   2   0 0.03  0.0    0  5.9 21 170   M    M   6 18     26 180
27  70  45  58  -6   7   0 0.00  0.0    0  7.2 20 270   M    M   2 8      25 280
28  74  42  58  -6   7   0 0.00  0.0    0  5.4 14 170   M    M   0        17 170
================================================================================
SM 2096 1527        93  91  3.38    T    180.3          M      172
================================================================================
AV 74.9 54.5                               6.4 FASTST   M    M   6    MAX(MPH)
                                 MISC ---->  # 24 200               # 33  350
================================================================================
NOTES:
# LAST OF SEVERAL OCCURRENCES

COLUMN 17 PEAK WIND IN M.P.H.

PRELIMINARY LOCAL CLIMATOLOGICAL DATA (WS FORM: F-6) , PAGE 2

                                          STATION:  BATON ROUGE  ASOS
                                          MONTH:    MARCH
                                          YEAR:     2015
                                          LATITUDE:   30 31 N
                                          LONGITUDE:  91  9 W

[TEMPERATURE DATA]      [PRECIPITATION DATA]       SYMBOLS USED IN COLUMN 16

AVERAGE MONTHLY: 64.7   TOTAL FOR MONTH:   3.38    1 = FOG OR MIST
DPTR FM NORMAL:   3.5   DPTR FM NORMAL:   -0.57    2 = FOG REDUCING VISIBILITY
HIGHEST:    87 ON 17    GRTST 24HR  1.14 ON  1- 1      TO 1/4 MILE OR LESS
LOWEST:     26 ON  6                               3 = THUNDER
                        SNOW, ICE PELLETS, HAIL    4 = ICE PELLETS
                        TOTAL MONTH:    T          5 = HAIL
                        GRTST 24HR    T  ON  5- 5  6 = FREEZING RAIN OR DRIZZLE
                        GRTST DEPTH:   0           7 = DUSTSTORM OR SANDSTORM:
                                                       VSBY 1/2 MILE OR LESS
                                                   8 = SMOKE OR HAZE
[NO. OF DAYS WITH]      [WEATHER - DAYS WITH]      9 = BLOWING SNOW
                                                   X = TORNADO
MAX 32 OR BELOW:   0    0.01 INCH OR MORE:  11
MAX 90 OR ABOVE:   0    0.10 INCH OR MORE:   7
MIN 32 OR BELOW:   3    0.50 INCH OR MORE:   3
MIN  0 OR BELOW:   0    1.00 INCH OR MORE:   1

[HDD (BASE 65) ]
TOTAL THIS MO.    93    CLEAR  (SCALE 0-3)   7
DPTR FM NORMAL   -65    PTCLDY (SCALE 4-7)  11
TOTAL FM JUL 1  1635    CLOUDY (SCALE 8-10) 10
DPTR FM NORMAL   142

[CDD (BASE 65) ]
TOTAL THIS MO.    91
DPTR FM NORMAL    41    [PRESSURE DATA]
TOTAL FM JAN 1    95    HIGHEST SLP M ON M
DPTR FM NORMAL    14    LOWEST  SLP 29.80 ON 26

[REMARKS]
