000
CXAK56 PAFG 171439
CF6BTT
PRELIMINARY LOCAL CLIMATOLOGICAL DATA (WS FORM: F-6)

                                          STATION:   BETTLES AK
                                          MONTH:     DECEMBER
                                          YEAR:      2017
                                          LATITUDE:   66 55 N
                                          LONGITUDE: 151 31 W

  TEMPERATURE IN F:       :PCPN:    SNOW:  WIND      :SUNSHINE: SKY     :PK WND
================================================================================
1   2   3   4   5  6A  6B    7    8   9   10  11  12  13   14  15   16   17  18
                                     12Z  AVG MX 2MIN
DY MAX MIN AVG DEP HDD CDD  WTR  SNW DPTH SPD SPD DIR MIN PSBL S-S WX    SPD DR
================================================================================

 1  15   5  10  14  55   0 0.01  0.3   18  2.2 10  10   M    M  10 1      14  20
 2  17   3  10  14  55   0 0.13  1.7   20  4.4 10  20   M    M   9 1      13  20
 3  17   8  13  17  52   0 0.07  0.9   20  5.2 17  20   M    M   7 1      22  20
 4  23  11  17  21  48   0 0.12  1.7   22  5.4 13 350   M    M  10 1      16 350
 5  22   1  12  16  53   0 0.00  0.0   22  3.4 14 360   M    M   5 18     20 350
 6  27  19  23  27  42   0 0.03  0.5   21  4.2 12  20   M    M  10 16     17  10
 7  26  14  20  25  45   0 0.00  0.0   21  8.5 21  40   M    M   8 19     33  40
 8  26  17  22  27  43   0 0.17  2.5   24  4.2 15  50   M    M  10 19     24  40
 9  20  13  17  22  48   0 0.04  0.5   24  5.1 10 340   M    M   9 1      13 350
10  19   8  14  19  51   0    T  0.1   22  3.9 13 350   M    M   9 1      19 350
11  34  11  23  28  42   0 0.18  2.3   25  5.6 20  40   M    M  10 1      27  40
12  32  14  23  28  42   0    T    T   25  5.8 13  30   M    M   9 1      18  30
13  38  22  30  35  35   0 0.03  0.5   23 10.2 26  40   M    M   8 1      35  40
14  32  28  30  35  35   0 0.12  2.1   25  0.1  5 340   M    M  10 16      6 350
15  29  17  23  28  42   0 0.04  1.0   26  4.4 13  30   M    M   9 1      19  30
16  20  13  17  22  48   0 0.01  0.2   25  4.5  8 330   M    M   9 1      10 330
================================================================================
SM  397  204       736   0  0.95    14.3  77.1          M      142
================================================================================
AV 24.8 12.8                               4.8 FASTST   M    M   9    MAX(MPH)
                                 MISC ---->  # 26  40               # 35   40
================================================================================
NOTES:
# LAST OF SEVERAL OCCURRENCES

COLUMN 17 PEAK WIND IN M.P.H.

PRELIMINARY LOCAL CLIMATOLOGICAL DATA (WS FORM: F-6) , PAGE 2

                                          STATION:  BETTLES AK
                                          MONTH:    DECEMBER
                                          YEAR:     2017
                                          LATITUDE:   66 55 N
                                          LONGITUDE: 151 31 W

[TEMPERATURE DATA]      [PRECIPITATION DATA]       SYMBOLS USED IN COLUMN 16

AVERAGE MONTHLY: 18.8   TOTAL FOR MONTH:   0.95    1 = FOG OR MIST
DPTR FM NORMAL:  23.4   DPTR FM NORMAL:    0.47    2 = FOG REDUCING VISIBILITY
HIGHEST:    38 ON 13    GRTST 24HR  0.18 ON 11-11      TO 1/4 MILE OR LESS
LOWEST:      1 ON  5                               3 = THUNDER
                        SNOW, ICE PELLETS, HAIL    4 = ICE PELLETS
                        TOTAL MONTH:  14.3 INCHES  5 = HAIL
                        GRTST 24HR   2.5 ON  8- 8  6 = FREEZING RAIN OR DRIZZLE
                        GRTST DEPTH:  26 ON 15     7 = DUSTSTORM OR SANDSTORM:
                                                       VSBY 1/2 MILE OR LESS
                                                   8 = SMOKE OR HAZE
[NO. OF DAYS WITH]      [WEATHER - DAYS WITH]      9 = BLOWING SNOW
                                                   X = TORNADO
MAX 32 OR BELOW:  14    0.01 INCH OR MORE:  12
MAX 90 OR ABOVE:   0    0.10 INCH OR MORE:   5
MIN 32 OR BELOW:  16    0.50 INCH OR MORE:   0
MIN  0 OR BELOW:   0    1.00 INCH OR MORE:   0

[HDD (BASE 65) ]
TOTAL THIS MO.   736    CLEAR  (SCALE 0-3)   0
DPTR FM NORMAL  -379    PTCLDY (SCALE 4-7)   3
TOTAL FM JUL 1  4992    CLOUDY (SCALE 8-10) 13
DPTR FM NORMAL  -839

[CDD (BASE 65) ]
TOTAL THIS MO.     0
DPTR FM NORMAL     0    [PRESSURE DATA]
TOTAL FM JAN 1    50    HIGHEST SLP M ON M
DPTR FM NORMAL    14    LOWEST  SLP 29.70 ON 16

[REMARKS]
