654
CXAK56 PAFG 281325
CF6BTT
PRELIMINARY LOCAL CLIMATOLOGICAL DATA (WS FORM: F-6)

                                          STATION:   BETTLES AK
                                          MONTH:     APRIL
                                          YEAR:      2017
                                          LATITUDE:   66 55 N
                                          LONGITUDE: 151 31 W

  TEMPERATURE IN F:       :PCPN:    SNOW:  WIND      :SUNSHINE: SKY     :PK WND
================================================================================
1   2   3   4   5  6A  6B    7    8   9   10  11  12  13   14  15   16   17  18
                                     12Z  AVG MX 2MIN
DY MAX MIN AVG DEP HDD CDD  WTR  SNW DPTH SPD SPD DIR MIN PSBL S-S WX    SPD DR
================================================================================

 1  34  13  24  12  41   0    T    T   26  7.9 13 360   M    M  10        17 360
 2  34  18  26  13  39   0 0.04  0.8   26  3.8  8 320   M    M   9 1      12 330
 3  39  14  27  13  38   0 0.06  0.9   26  2.6  9  40   M    M   8 1      12  60
 4  41   9  25  11  40   0 0.00  0.0   26 10.1 18  40   M    M   4        27  40
 5  40  17  29  14  36   0 0.00  0.0   25 10.2 21  50   M    M   3        33  20
 6  38  23  31  15  34   0 0.00  0.0   24  9.0 17  70   M    M   2        31  60
 7  31  15  23   6  42   0 0.00  0.0   24  7.9 18  40   M    M   0        27  60
 8  31   0  16  -2  49   0 0.00  0.0   24  5.2 16 130   M    M   3        21 130
 9  36  10  23   5  42   0 0.00  0.0   24  5.0 12  40   M    M   4        15  60
10  40   3  22   3  43   0 0.00  0.0   24  3.2 10  20   M    M   2        14  20
11  41  10  26   6  39   0 0.00  0.0   24  3.7  7 170   M    M   2        10 320
12  46  14  30   9  35   0 0.00  0.0   23  5.7 12 360   M    M   1        15  10
13  43  20  32  11  33   0 0.00  0.0   23  6.9 15  30   M    M   1        18  30
14  45  16  31   9  34   0 0.00  0.0   23  5.0 12 120   M    M   1        16 120
15  36  11  24   1  41   0 0.00  0.0   23  6.8 17  50   M    M   2        25  50
16  34  19  27   3  38   0 0.00  0.0   23 12.1 20  50   M    M   2        30  70
17  36  16  26   2  39   0 0.00  0.0   23  7.4 16  50   M    M   0        23  90
18  40   9  25   0  40   0 0.00  0.0   22  6.0 13  50   M    M   1        18  40
19  38  12  25  -1  40   0 0.00  0.0   22  3.7 10 110   M    M   2        14  70
20  38  12  25  -2  40   0 0.00  0.0   22  4.4 12  40   M    M   1        15  20
21  40   9  25  -3  40   0 0.00  0.0   22  6.1 13  50   M    M   0        17  40
22  41  16  29   1  36   0 0.00  0.0   22  8.1 15  20   M    M   1        19  40
23  44  18  31   2  34   0 0.00  0.0   22  7.8 15  40   M    M   2        19  30
24  44  23  34   4  31   0 0.00  0.0   21  7.2 13  40   M    M   6        17  30
25  43  18  31   0  34   0 0.00  0.0   20  5.1 12  30   M    M   4        15  40
26  43  23  33   2  32   0 0.00  0.0   20  5.5 12 150   M    M   8        15 150
27  37  21  29  -3  36   0 0.00  0.0   19  3.7  8 140   M    M   6        10 160
================================================================================
SM 1053  389      1026   0  0.10     1.7 170.1          M       85
================================================================================
AV 39.0 14.4                               6.3 FASTST   M    M   3    MAX(MPH)
                                 MISC ---->  # 21  50               # 33   20
================================================================================
NOTES:
# LAST OF SEVERAL OCCURRENCES

COLUMN 17 PEAK WIND IN M.P.H.

PRELIMINARY LOCAL CLIMATOLOGICAL DATA (WS FORM: F-6) , PAGE 2

                                          STATION:  BETTLES AK
                                          MONTH:    APRIL
                                          YEAR:     2017
                                          LATITUDE:   66 55 N
                                          LONGITUDE: 151 31 W

[TEMPERATURE DATA]      [PRECIPITATION DATA]       SYMBOLS USED IN COLUMN 16

AVERAGE MONTHLY: 26.7   TOTAL FOR MONTH:   0.10    1 = FOG OR MIST
DPTR FM NORMAL:   4.6   DPTR FM NORMAL:   -0.43    2 = FOG REDUCING VISIBILITY
HIGHEST:    46 ON 12    GRTST 24HR  0.06 ON  3- 3      TO 1/4 MILE OR LESS
LOWEST:      0 ON  8                               3 = THUNDER
                        SNOW, ICE PELLETS, HAIL    4 = ICE PELLETS
                        TOTAL MONTH:   1.7 INCHES  5 = HAIL
                        GRTST 24HR   0.9 ON   M    6 = FREEZING RAIN OR DRIZZLE
                        GRTST DEPTH:  26 ON  4, 3  7 = DUSTSTORM OR SANDSTORM:
                                                       VSBY 1/2 MILE OR LESS
                                                   8 = SMOKE OR HAZE
[NO. OF DAYS WITH]      [WEATHER - DAYS WITH]      9 = BLOWING SNOW
                                                   X = TORNADO
MAX 32 OR BELOW:   2    0.01 INCH OR MORE:   2
MAX 90 OR ABOVE:   0    0.10 INCH OR MORE:   0
MIN 32 OR BELOW:  27    0.50 INCH OR MORE:   0
MIN  0 OR BELOW:   1    1.00 INCH OR MORE:   0

[HDD (BASE 65) ]
TOTAL THIS MO.  1026    CLEAR  (SCALE 0-3)  18
DPTR FM NORMAL  -131    PTCLDY (SCALE 4-7)   6
TOTAL FM JUL 1 14153    CLOUDY (SCALE 8-10)  3
DPTR FM NORMAL   -79

[CDD (BASE 65) ]
TOTAL THIS MO.     0
DPTR FM NORMAL     0    [PRESSURE DATA]
TOTAL FM JAN 1     0    HIGHEST SLP M ON M
DPTR FM NORMAL     0    LOWEST  SLP 29.62 ON  5

[REMARKS]
