000
CXUS51 KBTV 210700
CF6BTV
PRELIMINARY LOCAL CLIMATOLOGICAL DATA (WS FORM: F-6)

                                          STATION:   BURLINGTON VT
                                          MONTH:     NOVEMBER
                                          YEAR:      2017
                                          LATITUDE:   44 28 N
                                          LONGITUDE:  73  9 W

  TEMPERATURE IN F:       :PCPN:    SNOW:  WIND      :SUNSHINE: SKY     :PK WND
================================================================================
1   2   3   4   5  6A  6B    7    8   9   10  11  12  13   14  15   16   17  18
                                     12Z  AVG MX 2MIN
DY MAX MIN AVG DEP HDD CDD  WTR  SNW DPTH SPD SPD DIR MIN PSBL S-S WX    SPD DR
================================================================================

 1  49  40  45   2  20   0 0.02  0.0    0  5.7 16 190   M    M   8        23 200
 2  64  44  54  11  11   0 0.22  0.0    M 13.3 25 180   M    M   8 1      34 170
 3  65  42  54  12  11   0 0.18  0.0    0 12.3 22 310   M    M   7 1      30 300
 4  47  34  41  -1  24   0 0.00  0.0    0  4.8 16 340   M    M   5        20 340
 5  57  39  48   6  17   0 0.19  0.0    0 11.8 22 170   M    M   9 1      30 180
 6  62  40  51   9  14   0 0.05  0.0    0 13.6 22 340   M    M   9 1      33 190
 7  40  28  34  -7  31   0 0.00  0.0    0  5.7 16 330   M    M   7        20 340
 8  47  24  36  -5  29   0 0.00  0.0    0  1.6  7  50   M    M   1        11 200
 9  47  27  37  -4  28   0    T  0.0    0  9.8 24 190   M    M   6 3      34 200
10  47  21  34  -6  31   0 0.09    T    0 17.6 29 320   M    M   7 13     44 300
11  31  19  25 -15  40   0    T    T    0  8.6 21 330   M    M   7        30 330
12  41  25  33  -7  32   0 0.00  0.0    0  4.7 15 190   M    M   5        20 190
13  38  24  31  -8  34   0    T    T    0  2.3 12 220   M    M   7        15 220
14  37  33  35  -4  30   0    T    T    0  2.0  7 360   M    M  10         9 360
15  46  31  39   0  26   0 0.00  0.0    0  5.5 17 180   M    M   7        26 160
16  51  38  45   7  20   0 0.03    T    T 10.9 24 290   M    M   9        32 300
17  38  22  30  -8  35   0 0.03    T    0 11.8 24 310   M    M   6        34 300
18  42  20  31  -7  34   0 0.13  0.0    0  6.7 18 170   M    M   7 1      28 170
19  49  31  40   3  25   0 0.23    T    0 12.8 28 290   M    M   9 1      38 300
20  31  25  28  -9  37   0 0.06  1.3    0  7.2 21 270   M    M   9 1      31 270
================================================================================
SM  929  607       529   0  1.23     1.3 168.7          M      143
================================================================================
AV 46.5 30.4                               8.4 FASTST   M    M   7    MAX(MPH)
                                 MISC ---->  # 29 320               # 44  300
================================================================================
NOTES:
# LAST OF SEVERAL OCCURRENCES

COLUMN 17 PEAK WIND IN M.P.H.

PRELIMINARY LOCAL CLIMATOLOGICAL DATA (WS FORM: F-6) , PAGE 2

                                          STATION:  BURLINGTON VT
                                          MONTH:    NOVEMBER
                                          YEAR:     2017
                                          LATITUDE:   44 28 N
                                          LONGITUDE:  73  9 W

[TEMPERATURE DATA]      [PRECIPITATION DATA]       SYMBOLS USED IN COLUMN 16

AVERAGE MONTHLY: 38.4   TOTAL FOR MONTH:   1.23    1 = FOG OR MIST
DPTR FM NORMAL:  -1.7   DPTR FM NORMAL:   -0.93    2 = FOG REDUCING VISIBILITY
HIGHEST:    65 ON  3    GRTST 24HR  0.23 ON 19-19      TO 1/4 MILE OR LESS
LOWEST:     19 ON 11                               3 = THUNDER
                        SNOW, ICE PELLETS, HAIL    4 = ICE PELLETS
                        TOTAL MONTH:   1.3 INCHES  5 = HAIL
                        GRTST 24HR   1.3 ON 20-20  6 = FREEZING RAIN OR DRIZZLE
                        GRTST DEPTH:   T           7 = DUSTSTORM OR SANDSTORM:
                                                       VSBY 1/2 MILE OR LESS
                                                   8 = SMOKE OR HAZE
[NO. OF DAYS WITH]      [WEATHER - DAYS WITH]      9 = BLOWING SNOW
                                                   X = TORNADO
MAX 32 OR BELOW:   2    0.01 INCH OR MORE:  11
MAX 90 OR ABOVE:   0    0.10 INCH OR MORE:   5
MIN 32 OR BELOW:  12    0.50 INCH OR MORE:   0
MIN  0 OR BELOW:   0    1.00 INCH OR MORE:   0

[HDD (BASE 65) ]
TOTAL THIS MO.   529    CLEAR  (SCALE 0-3)   1
DPTR FM NORMAL    31    PTCLDY (SCALE 4-7)  12
TOTAL FM JUL 1   849    CLOUDY (SCALE 8-10)  7
DPTR FM NORMAL  -390

[CDD (BASE 65) ]
TOTAL THIS MO.     0
DPTR FM NORMAL     0    [PRESSURE DATA]
TOTAL FM JAN 1   652    HIGHEST SLP M ON M
DPTR FM NORMAL   161    LOWEST  SLP 29.07 ON 19

[REMARKS]
