000
CXUS51 KBTV 270700
CF6BTV
PRELIMINARY LOCAL CLIMATOLOGICAL DATA (WS FORM: F-6)

                                          STATION:   BURLINGTON VT
                                          MONTH:     DECEMBER
                                          YEAR:      2014
                                          LATITUDE:   44 28 N
                                          LONGITUDE:  73  9 W

  TEMPERATURE IN F:       :PCPN:    SNOW:  WIND      :SUNSHINE: SKY     :PK WND
================================================================================
1   2   3   4   5  6A  6B    7    8   9   10  11  12  13   14  15   16   17  18
                                     12Z  AVG MX 2MIN
DY MAX MIN AVG DEP HDD CDD  WTR  SNW DPTH SPD SPD DIR MIN PSBL S-S WX    SPD DR
================================================================================

 1  50  29  40   8  25   0    T    T    0 12.0 23 320   M    M   9        35 180
 2  30  14  22 -10  43   0 0.08  1.5    0  6.2 25 330   M    M   6 1      30 330
 3  41  30  36   5  29   0 0.07  0.3    2 11.2 28 280   M    M   9 14     42 290
 4  37  15  26  -5  39   0    T  0.3    0 10.7 18 250   M    M   5        36 280
 5  35  13  24  -6  41   0 0.01    T    0  5.4 14 180   M    M   6 6      20 170
 6  35  32  34   4  31   0 0.26  0.5    0  6.2 16 360   M    M   9 12     20 350
 7  32   8  20 -10  45   0    T    T    1 10.9 23 330   M    M   5        29 330
 8  28   8  18 -11  47   0 0.00  0.0    T  8.9 18 170   M    M   5        24 170
 9  36  28  32   3  33   0 0.80  3.0    3  8.1 21 360   M    M  10 14     29 340
10  33  30  32   4  33   0 0.50  9.4    5 14.8 21 340   M    M  10 1246   31 360
11  33  30  32   4  33   0 0.16  2.6   12  4.8 10 300   M    M  10 1468   13 300
12  31  27  29   2  36   0 0.11  1.6   11  2.7 10 320   M    M  10 18     12 320
13  32  23  28   1  37   0    T    T   12  1.0  6 170   M    M   7 128     8  30
14  34  26  30   4  35   0    T    T   12  2.8 10  10   M    M  10        14  10
15  33  29  31   5  34   0 0.00  0.0   10  4.1  9 120   M    M  10        12 120
16  38  30  34   8  31   0 0.01  0.0    9  7.6 15 160   M    M  10 1      20 170
17  39  35  37  12  28   0 0.15  0.0    8  1.2  8 220   M    M   9 1      10 230
18  37  29  33   8  32   0 0.06  0.2    7  7.4 18 310   M    M  10 1      25 300
19  29  18  24   0  41   0    T    T    7  8.9 16 340   M    M   8        21 330
20  27  10  19  -5  46   0 0.00  0.0    7  2.9  7 310   M    M   2 18      8  80
21  27  16  22  -2  43   0 0.00  0.0    7  2.5  8  90   M    M  10 18      9  90
22  28  22  25   2  40   0 0.00  0.0    6  3.5  8 310   M    M  10 18      9 310
23  40  26  33  10  32   0 0.27  1.6    7  4.4 10 180   M    M  10 18     13 190
24  47  39  43  20  22   0 0.30  0.0    5 10.2 17 160   M    M  10 1      23 200
25  54  42  48  26  17   0 0.05  0.0    2 15.9 28 280   M    M   8 1      39 260
26  46  34  40  18  25   0 0.00  0.0    T  6.7 24 270   M    M   8        31 270
================================================================================
SM  932  643       898   0  2.83    21.0 181.0          M      216
================================================================================
AV 35.8 24.7                               7.0 FASTST   M    M   8    MAX(MPH)
                                 MISC ---->  # 28 280               # 42  290
================================================================================
NOTES:
# LAST OF SEVERAL OCCURRENCES

COLUMN 17 PEAK WIND IN M.P.H.

PRELIMINARY LOCAL CLIMATOLOGICAL DATA (WS FORM: F-6) , PAGE 2

                                          STATION:  BURLINGTON VT
                                          MONTH:    DECEMBER
                                          YEAR:     2014
                                          LATITUDE:   44 28 N
                                          LONGITUDE:  73  9 W

[TEMPERATURE DATA]      [PRECIPITATION DATA]       SYMBOLS USED IN COLUMN 16

AVERAGE MONTHLY: 30.3   TOTAL FOR MONTH:   2.83    1 = FOG OR MIST
DPTR FM NORMAL:   3.5   DPTR FM NORMAL:    0.79    2 = FOG REDUCING VISIBILITY
HIGHEST:    54 ON 25    GRTST 24HR  0.98 ON  9-10      TO 1/4 MILE OR LESS
LOWEST:      8 ON  8, 7                            3 = THUNDER
                        SNOW, ICE PELLETS, HAIL    4 = ICE PELLETS
                        TOTAL MONTH:  21.0 INCHES  5 = HAIL
                        GRTST 24HR   9.4 ON   M    6 = FREEZING RAIN OR DRIZZLE
                        GRTST DEPTH:  12 ON 14,13  7 = DUSTSTORM OR SANDSTORM:
                                                       VSBY 1/2 MILE OR LESS
                                                   8 = SMOKE OR HAZE
[NO. OF DAYS WITH]      [WEATHER - DAYS WITH]      9 = BLOWING SNOW
                                                   X = TORNADO
MAX 32 OR BELOW:   9    0.01 INCH OR MORE:  14
MAX 90 OR ABOVE:   0    0.10 INCH OR MORE:   8
MIN 32 OR BELOW:  22    0.50 INCH OR MORE:   2
MIN  0 OR BELOW:   0    1.00 INCH OR MORE:   0

[HDD (BASE 65) ]
TOTAL THIS MO.   898    CLEAR  (SCALE 0-3)   1
DPTR FM NORMAL   -96    PTCLDY (SCALE 4-7)   9
TOTAL FM JUL 1  2223    CLOUDY (SCALE 8-10) 16
DPTR FM NORMAL  -316

[CDD (BASE 65) ]
TOTAL THIS MO.     0
DPTR FM NORMAL     0    [PRESSURE DATA]
TOTAL FM JAN 1   582    HIGHEST SLP M ON M
DPTR FM NORMAL    91    LOWEST  SLP 29.42 ON 25

[REMARKS]
