000
CXUS51 KBUF 241015
CF6BUF
PRELIMINARY LOCAL CLIMATOLOGICAL DATA (WS FORM: F-6)

                                          STATION:   BUFFALO NY
                                          MONTH:     AUGUST
                                          YEAR:      2016
                                          LATITUDE:   42 55 N
                                          LONGITUDE:  78 44 W

  TEMPERATURE IN F:       :PCPN:    SNOW:  WIND      :SUNSHINE: SKY     :PK WND
================================================================================
1   2   3   4   5  6A  6B    7    8   9   10  11  12  13   14  15   16   17  18
                                     12Z  AVG MX 2MIN
DY MAX MIN AVG DEP HDD CDD  WTR  SNW DPTH SPD SPD DIR MIN PSBL S-S WX    SPD DR
================================================================================

 1  83  65  74   3   0   9 0.00  0.0    0  6.4 15  70   M    M   4 1      20  20
 2  86  62  74   3   0   9 0.00  0.0    0  6.4 16  30   M    M   1        24  40
 3  87  60  74   3   0   9 0.00  0.0    0  3.8 13 320   M    M   2        16 320
 4  91  65  78   7   0  13 0.00  0.0    0  6.7 18 170   M    M   2        24 190
 5  89  71  80   9   0  15 0.00  0.0    0 13.7 22 230   M    M   5 3      29 240
 6  85  70  78   7   0  13    T  0.0    0 10.9 20 240   M    M   6        25 210
 7  81  64  73   2   0   8 0.00  0.0    0  8.4 17 220   M    M   5        23 250
 8  86  60  73   2   0   8 0.00  0.0    0  4.5 14  20   M    M   2 8      18 360
 9  92  65  79   9   0  14 0.00  0.0    0  8.9 18 180   M    M   5 3      27 200
10  89  72  81  11   0  16 0.37  0.0    0  9.7 23 260   M    M   4 13     30 250
11  91  74  83  13   0  18 0.00  0.0    0  9.4 18 220   M    M   5        25 240
12  88  76  82  12   0  17 0.05  0.0    0 13.9 29 240   M    M   5 18     36 230
13  92  76  84  14   0  19 0.06  0.0    0 13.7 29 250   M    M   8 13     38 240
14  82  71  77   7   0  12 0.00  0.0    0  9.5 22 230   M    M   8        29 240
15  83  66  75   5   0  10 0.08  0.0    0  3.7 12 180   M    M   8 1      14 160
16  87  68  78   8   0  13 0.72  0.0    0 12.6 33 240   M    M   8 1      44 250
17  83  64  74   4   0   9 0.00  0.0    0  5.5 14 290   M    M   6        18 300
18  83  66  75   5   0  10 0.18  0.0    0  7.8 18 260   M    M   6 13     22 250
19  86  70  78   8   0  13 0.00  0.0    0  6.7 14 220   M    M   4        17 210
20  89  70  80  11   0  15 0.00  0.0    0 10.2 21 170   M    M   6 3      27 180
21  79  66  73   4   0   8 0.27  0.0    0 14.4 26 240   M    M   8 18     33 240
22  73  60  67  -2   0   2 0.01  0.0    0  8.1 18 240   M    M   5        24 240
23  80  57  69   0   0   4 0.00  0.0    0  9.2 20 260   M    M   2        25 260
================================================================================
SM 1965 1538         0 264  1.74     0.0 204.1          M      115
================================================================================
AV 85.4 66.9                               8.9 FASTST   M    M   5    MAX(MPH)
                                 MISC ---->  # 33 240               # 44  250
================================================================================
NOTES:
# LAST OF SEVERAL OCCURRENCES

COLUMN 17 PEAK WIND IN M.P.H.

PRELIMINARY LOCAL CLIMATOLOGICAL DATA (WS FORM: F-6) , PAGE 2

                                          STATION:  BUFFALO NY
                                          MONTH:    AUGUST
                                          YEAR:     2016
                                          LATITUDE:   42 55 N
                                          LONGITUDE:  78 44 W

[TEMPERATURE DATA]      [PRECIPITATION DATA]       SYMBOLS USED IN COLUMN 16

AVERAGE MONTHLY: 76.2   TOTAL FOR MONTH:   1.74    1 = FOG OR MIST
DPTR FM NORMAL:   6.0   DPTR FM NORMAL:   -0.70    2 = FOG REDUCING VISIBILITY
HIGHEST:    92 ON 13, 9 GRTST 24HR  0.80 ON 15-16      TO 1/4 MILE OR LESS
LOWEST:     57 ON 23                               3 = THUNDER
                        SNOW, ICE PELLETS, HAIL    4 = ICE PELLETS
                        TOTAL MONTH:   0.0 INCH    5 = HAIL
                        GRTST 24HR     0.0         6 = FREEZING RAIN OR DRIZZLE
                        GRTST DEPTH:   0           7 = DUSTSTORM OR SANDSTORM:
                                                       VSBY 1/2 MILE OR LESS
                                                   8 = SMOKE OR HAZE
[NO. OF DAYS WITH]      [WEATHER - DAYS WITH]      9 = BLOWING SNOW
                                                   X = TORNADO
MAX 32 OR BELOW:   0    0.01 INCH OR MORE:   8
MAX 90 OR ABOVE:   4    0.10 INCH OR MORE:   4
MIN 32 OR BELOW:   0    0.50 INCH OR MORE:   1
MIN  0 OR BELOW:   0    1.00 INCH OR MORE:   0

[HDD (BASE 65) ]
TOTAL THIS MO.     0    CLEAR  (SCALE 0-3)   5
DPTR FM NORMAL    -8    PTCLDY (SCALE 4-7)  17
TOTAL FM JUL 1     0    CLOUDY (SCALE 8-10)  1
DPTR FM NORMAL   -17

[CDD (BASE 65) ]
TOTAL THIS MO.   264
DPTR FM NORMAL   135    [PRESSURE DATA]
TOTAL FM JAN 1   744    HIGHEST SLP M ON M
DPTR FM NORMAL   289    LOWEST  SLP 29.62 ON 21

[REMARKS]
