000
CXUS55 KLOX 281155
CF6BUR
PRELIMINARY LOCAL CLIMATOLOGICAL DATA (WS FORM: F-6)

                                          STATION:   BOB HOPE AIRPORT (BURBANK) CA
                                          MONTH:     MARCH
                                          YEAR:      2015
                                          LATITUDE:   34 12 N
                                          LONGITUDE: 118 22 W

  TEMPERATURE IN F:       :PCPN:    SNOW:  WIND      :SUNSHINE: SKY     :PK WND
================================================================================
1   2   3   4   5  6A  6B    7    8   9   10  11  12  13   14  15   16   17  18
                                     12Z  AVG MX 2MIN
DY MAX MIN AVG DEP HDD CDD  WTR  SNW DPTH SPD SPD DIR MIN PSBL S-S WX    SPD DR
================================================================================

 1  62  47  55  -2  10   0 0.63    M    0  5.8 18 130   M    M   7 1      23 140
 2  59  45  52  -5  13   0 0.20    M    0  3.1 22 230   M    M   5 1      26 240
 3  65  43  54  -3  11   0    T    M    0  3.1 14 210   M    M   1        17 360
 4  70  45  58   1   7   0 0.00  0.0    0  3.1 13 170   M    M   0        17 180
 5  76  44  60   2   5   0 0.00  0.0    0  2.5 13 180   M    M   0        16 170
 6  85  44  65   7   0   0 0.00  0.0    0  5.5 20  10   M    M   0        24  20
 7  86  53  70  12   0   5 0.00  0.0    0  4.3 15 180   M    M   0        17 180
 8  79  51  65   7   0   0 0.00  0.0    0  4.1 12 160   M    M   0        15 140
 9  76  52  64   6   1   0 0.00  0.0    0  3.5 10 130   M    M   3 18     15 120
10  83  50  67   9   0   2 0.00  0.0    0  2.4 13 170   M    M   0 8      20 130
11  74  61  68  10   0   3    T  0.0    0  3.5 13 320   M    M   4        18 330
12  87  55  71  13   0   6 0.00  0.0    0  9.6 24  20   M    M   0        32  10
13  90  68  79  21   0  14 0.00  0.0    0  8.4 22  20   M    M   0        31  30
14  91  59  75  17   0  10 0.00  0.0    0  3.5 13 260   M    M   0        16 200
15  90  63  77  19   0  12 0.00  0.0    0  3.5 16 270   M    M   0        21 270
16  89  62  76  18   0  11 0.00  0.0    0  3.7 14 190   M    M   0        17 210
17  82  60  71  13   0   6 0.00  0.0    0  3.9 13 120   M    M   0        17 110
18  73  61  67   9   0   2    T  0.0    0  6.2 12 170   M    M   2        15 180
19  76  59  68  10   0   3 0.00  0.0    0  3.5 12 110   M    M   4 8      17 100
20  83  56  70  11   0   5 0.00  0.0    0  3.5 12 110   M    M   1 18     15 130
21  76  58  67   8   0   2 0.00  0.0    0  5.2 13 190   M    M   3 18     16 180
22  71  58  65   6   0   0 0.00  0.0    0  4.5 13 210   M    M   7 18     18 230
23  73  53  63   4   2   0 0.00  0.0    0  4.7 17 340   M    M   1        23 340
24  80  56  68   9   0   3 0.00  0.0    0  8.6 23 330   M    M   0 8      32 320
25  87  56  72  13   0   7 0.00  0.0    0  3.8 16 160   M    M   0        24 150
26  91  58  75  16   0  10 0.00  0.0    0  3.6 14 190   M    M   0        17 180
27  91  60  76  17   0  11 0.00  0.0    0  4.0 15 280   M    M   0         M  M
================================================================================
SM 2145 1477        49 112  0.83     0.0 121.0          M       38
================================================================================
AV 79.4 54.7                               4.5 FASTST   M    M   1    MAX(MPH)
                                 MISC ---->    24   M               # 32  320
================================================================================
NOTES:
# LAST OF SEVERAL OCCURRENCES

COLUMN 17 PEAK WIND IN M.P.H.

PRELIMINARY LOCAL CLIMATOLOGICAL DATA (WS FORM: F-6) , PAGE 2

                                          STATION:  BOB HOPE AIRPORT (BURBANK) CA
                                          MONTH:    MARCH
                                          YEAR:     2015
                                          LATITUDE:   34 12 N
                                          LONGITUDE: 118 22 W

[TEMPERATURE DATA]      [PRECIPITATION DATA]       SYMBOLS USED IN COLUMN 16

AVERAGE MONTHLY: 67.1   TOTAL FOR MONTH:   0.83    1 = FOG OR MIST
DPTR FM NORMAL:   8.9   DPTR FM NORMAL:   -1.89    2 = FOG REDUCING VISIBILITY
HIGHEST:    91 ON 27,26 GRTST 24HR  0.63 ON  1- 1      TO 1/4 MILE OR LESS
LOWEST:     43 ON  3                               3 = THUNDER
                        SNOW, ICE PELLETS, HAIL    4 = ICE PELLETS
                        TOTAL MONTH:   0.0 INCH    5 = HAIL
                        GRTST 24HR     0.0         6 = FREEZING RAIN OR DRIZZLE
                        GRTST DEPTH:   0           7 = DUSTSTORM OR SANDSTORM:
                                                       VSBY 1/2 MILE OR LESS
                                                   8 = SMOKE OR HAZE
[NO. OF DAYS WITH]      [WEATHER - DAYS WITH]      9 = BLOWING SNOW
                                                   X = TORNADO
MAX 32 OR BELOW:   0    0.01 INCH OR MORE:   2
MAX 90 OR ABOVE:   5    0.10 INCH OR MORE:   2
MIN 32 OR BELOW:   0    0.50 INCH OR MORE:   1
MIN  0 OR BELOW:   0    1.00 INCH OR MORE:   0

[HDD (BASE 65) ]
TOTAL THIS MO.    49    CLEAR  (SCALE 0-3)  22
DPTR FM NORMAL  -144    PTCLDY (SCALE 4-7)   5
TOTAL FM JUL 1   606    CLOUDY (SCALE 8-10)  0
DPTR FM NORMAL  -728

[CDD (BASE 65) ]
TOTAL THIS MO.   112
DPTR FM NORMAL   112    [PRESSURE DATA]
TOTAL FM JAN 1   138    HIGHEST SLP M ON M
DPTR FM NORMAL   132    LOWEST  SLP 29.82 ON  9

[REMARKS]
