000
CXUS54 KLZK 271330
CF6BVX
PRELIMINARY LOCAL CLIMATOLOGICAL DATA (WS FORM: F-6)

                                          STATION:   Batesville Regional Airport
                                          MONTH:     AUGUST
                                          YEAR:      2014
                                          LATITUDE:   35 43 N
                                          LONGITUDE:  91 39 W

  TEMPERATURE IN F:       :PCPN:    SNOW:  WIND      :SUNSHINE: SKY     :PK WND
================================================================================
1   2   3   4   5  6A  6B    7    8   9   10  11  12  13   14  15   16   17  18
                                     12Z  AVG MX 2MIN
DY MAX MIN AVG DEP HDD CDD  WTR  SNW DPTH SPD SPD DIR MIN PSBL S-S WX    SPD DR
================================================================================

 1  82  66  74  -7   0   9 0.00  0.0    0  1.8  7  80   M    M   7         M  M
 2  88  64  76  -5   0  11 0.00  0.0    0  3.6  9  90   M    M   0         M  M
 3  90  64  77  -4   0  12 0.00  0.0    0  3.5  8 110   M    M   0         M  M
 4  90  63  77  -4   0  12 0.00  0.0    0  3.2  9 120   M    M   0         M  M
 5  91  64  78  -3   0  13 0.00  0.0    0  2.9  9 250   M    M   0         M  M
 6  93  66  80  -1   0  15 0.00  0.0    0  3.1  7 210   M    M   1         M  M
 7  91  73  82   1   0  17 0.00  0.0    0  5.0 12 250   M    M   1        16 250
 8  93  75  84   3   0  19 0.00  0.0    0  5.5 13 220   M    M   2 3      17 220
 9  91  72  82   1   0  17 0.00  0.0    0  4.4 16 250   M    M   2        22 250
10  93  70  82   2   0  17 0.00  0.0    0  4.7 10 240   M    M   1         M  M
11  90  73  82   2   0  17 0.00  0.0    0  4.4 12 280   M    M   4        16 280
12  86  64  75  -5   0  10 0.00  0.0    0  4.4  8 280   M    M   2         M  M
13  86  61  74  -6   0   9 0.00  0.0    0  2.9  7 130   M    M   2         M  M
14  90  61  76  -4   0  11 0.00  0.0    0  3.2  7 160   M    M   1         M  M
15  91  64  78  -2   0  13 0.00  0.0    0  4.0  9 150   M    M   2         M  M
16  93  70  82   2   0  17 0.00  0.0    0  6.0 14 190   M    M   1        18 180
17  97  73  85   5   0  20 0.13  0.0    0  7.4 17 260   M    M   3 3      18 250
18  90  72  81   1   0  16 0.00  0.0    0  2.5  7 200   M    M   4         M  M
19  99  70  85   5   0  20 0.33  0.0    0  4.8 13 260   M    M   2 3      22 280
20  99  75  87   7   0  22 0.00  0.0    0  6.9 12 250   M    M   1        20 240
21  97  77  87   8   0  22 0.00  0.0    0  9.6 15 230   M    M   0        21 230
22  99  75  87   8   0  22 0.00  0.0    0  7.2 13 260   M    M   0        20 230
23 100  77  89  10   0  24 0.00  0.0    0  5.5  9 210   M    M   0         M  M
24 102  75  89  10   0  24 0.00  0.0    0  2.3  9 130   M    M   0        16 130
25  99  73  86   7   0  21 0.00  0.0    0  3.1  9 100   M    M   0         M  M
26  99  72  86   8   0  21 0.00  0.0    0  2.5 10 110   M    M   1         M  M
================================================================================
SM 2419 1809         0 431  0.46     0.0 114.4          M       37
================================================================================
AV 93.0 69.6                               4.4 FASTST   M    M   1    MAX(MPH)
                                 MISC ---->    17   M                 22    M
================================================================================
NOTES:
# LAST OF SEVERAL OCCURRENCES

COLUMN 17 PEAK WIND IN M.P.H.

PRELIMINARY LOCAL CLIMATOLOGICAL DATA (WS FORM: F-6) , PAGE 2

                                          STATION:  Batesville Regional Airport
                                          MONTH:    AUGUST
                                          YEAR:     2014
                                          LATITUDE:   35 43 N
                                          LONGITUDE:  91 39 W

[TEMPERATURE DATA]      [PRECIPITATION DATA]       SYMBOLS USED IN COLUMN 16

AVERAGE MONTHLY: 81.3   TOTAL FOR MONTH:   0.46    1 = FOG OR MIST
DPTR FM NORMAL:   1.2   DPTR FM NORMAL:   -2.06    2 = FOG REDUCING VISIBILITY
HIGHEST:   102 ON 24    GRTST 24HR  0.33 ON 19-19      TO 1/4 MILE OR LESS
LOWEST:     61 ON 14,13                            3 = THUNDER
                        SNOW, ICE PELLETS, HAIL    4 = ICE PELLETS
                        TOTAL MONTH:   0.0 INCH    5 = HAIL
                        GRTST 24HR     0.0         6 = FREEZING RAIN OR DRIZZLE
                        GRTST DEPTH:   0           7 = DUSTSTORM OR SANDSTORM:
                                                       VSBY 1/2 MILE OR LESS
                                                   8 = SMOKE OR HAZE
[NO. OF DAYS WITH]      [WEATHER - DAYS WITH]      9 = BLOWING SNOW
                                                   X = TORNADO
MAX 32 OR BELOW:   0    0.01 INCH OR MORE:   2
MAX 90 OR ABOVE:  22    0.10 INCH OR MORE:   2
MIN 32 OR BELOW:   0    0.50 INCH OR MORE:   0
MIN  0 OR BELOW:   0    1.00 INCH OR MORE:   0

[HDD (BASE 65) ]
TOTAL THIS MO.     0    CLEAR  (SCALE 0-3)  23
DPTR FM NORMAL     0    PTCLDY (SCALE 4-7)   3
TOTAL FM JUL 1     0    CLOUDY (SCALE 8-10)  0
DPTR FM NORMAL     0

[CDD (BASE 65) ]
TOTAL THIS MO.   431
DPTR FM NORMAL    39    [PRESSURE DATA]
TOTAL FM JAN 1  1369    HIGHEST SLP M ON M
DPTR FM NORMAL   -41    LOWEST  SLP M ON M

[REMARKS]
