595
CXUS54 KLZK 301130
CF6BVX
PRELIMINARY LOCAL CLIMATOLOGICAL DATA (WS FORM: F-6)

                                          STATION:   Batesville Regional Airport
                                          MONTH:     JULY
                                          YEAR:      2016
                                          LATITUDE:   35 43 N
                                          LONGITUDE:  91 39 W

  TEMPERATURE IN F:       :PCPN:    SNOW:  WIND      :SUNSHINE: SKY     :PK WND
================================================================================
1   2   3   4   5  6A  6B    7    8   9   10  11  12  13   14  15   16   17  18
                                     12Z  AVG MX 2MIN
DY MAX MIN AVG DEP HDD CDD  WTR  SNW DPTH SPD SPD DIR MIN PSBL S-S WX    SPD DR
================================================================================

 1  90  70  80   0   0  15 0.11    M    M  2.7  8 260   M    M   0         M  M
 2  91  72  82   2   0  17 0.00    M    M  4.6  8 180   M    M   4         M  M
 3  91  72  82   2   0  17 0.00    M    M  4.8 14 200   M    M   1        20 200
 4  88  73  81   1   0  16 0.24    M    M  6.5 16 240   M    M   5        20 240
 5  93  73  83   3   0  18 0.00    M    M  6.3 13 160   M    M   2        16 160
 6  91  77  84   4   0  19 0.04    M    M  7.8 13 160   M    M   3 3      18 170
 7  93  77  85   5   0  20 0.00    M    M  7.4 14 190   M    M   1        20 230
 8  97  73  85   5   0  20 0.58    M    M  6.4 16 240   M    M   2 3      22 230
 9  88  70  79  -1   0  14 0.86    M    M  2.7  6 150   M    M   3 3       M  M
10  91  70  81   0   0  16 0.00    M    M  3.7 10  40   M    M   1         M  M
11  91  70  81   0   0  16 0.00    M    M  5.7 10 220   M    M   2        18 170
12  91  75  83   2   0  18 0.01    M    M  7.5 14 250   M    M   1        18 250
13  95  75  85   4   0  20 0.00  0.0    0  6.6 13 160   M    M   1        17 160
14  90  70  80  -1   0  15 1.00  0.0    0  3.5 10 250   M    M   1 3       M  M
15  84  70  77  -4   0  12 0.00  0.0    0  3.6  7  60   M    M   1         M  M
16  90  66  78  -3   0  13 0.00  0.0    0  3.8  8  90   M    M   1         M  M
17  95  73  84   3   0  19 0.00  0.0    0  3.9  9 160   M    M   0         M  M
18  95  73  84   3   0  19 0.00  0.0    0  2.6  9  80   M    M   1         M  M
19  95  73  84   3   0  19 0.00  0.0    0  2.6  9 140   M    M   0         M  M
20  97  73  85   4   0  20 0.07  0.0    0  1.4  7 190   M    M   1 3       M  M
21  97  73  85   4   0  20 0.00  0.0    0  2.3  7 200   M    M   2         M  M
22  99  75  87   6   0  22 0.08  0.0    0  3.2 15  90   M    M   2 3       M  M
23  99  73  86   5   0  21 0.00  0.0    0  2.1 10 100   M    M   1 3       M  M
24  97  73  85   4   0  20 0.05  0.0    0  2.9  8 220   M    M   0 3       M  M
25  97  73  85   4   0  20 0.00  0.0    0  2.7  7  20   M    M   2 3       M  M
26  97  73  85   4   0  20 0.00  0.0    0  3.2  9 160   M    M   4         M  M
27  95  72  84   3   0  19 1.11  0.0    0  1.3  7  70   M    M   3 3       M  M
28  93  72  83   2   0  18 0.01  0.0    0  3.1  9 180   M    M   3 3       M  M
29  90  72  81   0   0  16 1.08  0.0    0  3.4 13 270   M    M   5 3      18 270
================================================================================
SM 2700 2101         0 519  5.24     0.0 118.3          M       53
================================================================================
AV 93.1 72.4                               4.1 FASTST   M    M   2    MAX(MPH)
                                 MISC ---->    16   M                 22    M
================================================================================
NOTES:
# LAST OF SEVERAL OCCURRENCES

COLUMN 17 PEAK WIND IN M.P.H.

PRELIMINARY LOCAL CLIMATOLOGICAL DATA (WS FORM: F-6) , PAGE 2

                                          STATION:  Batesville Regional Airport
                                          MONTH:    JULY
                                          YEAR:     2016
                                          LATITUDE:   35 43 N
                                          LONGITUDE:  91 39 W

[TEMPERATURE DATA]      [PRECIPITATION DATA]       SYMBOLS USED IN COLUMN 16

AVERAGE MONTHLY: 82.8   TOTAL FOR MONTH:   5.24    1 = FOG OR MIST
DPTR FM NORMAL:   2.1   DPTR FM NORMAL:    1.83    2 = FOG REDUCING VISIBILITY
HIGHEST:    99 ON 23,22 GRTST 24HR  1.11 ON 27-27      TO 1/4 MILE OR LESS
LOWEST:     66 ON 16                               3 = THUNDER
                        SNOW, ICE PELLETS, HAIL    4 = ICE PELLETS
                        TOTAL MONTH:   0.0 INCH    5 = HAIL
                        GRTST 24HR     0.0         6 = FREEZING RAIN OR DRIZZLE
                        GRTST DEPTH:   0           7 = DUSTSTORM OR SANDSTORM:
                                                       VSBY 1/2 MILE OR LESS
                                                   8 = SMOKE OR HAZE
[NO. OF DAYS WITH]      [WEATHER - DAYS WITH]      9 = BLOWING SNOW
                                                   X = TORNADO
MAX 32 OR BELOW:   0    0.01 INCH OR MORE:  13
MAX 90 OR ABOVE:  26    0.10 INCH OR MORE:   7
MIN 32 OR BELOW:   0    0.50 INCH OR MORE:   5
MIN  0 OR BELOW:   0    1.00 INCH OR MORE:   3

[HDD (BASE 65) ]
TOTAL THIS MO.     0    CLEAR  (SCALE 0-3)  22
DPTR FM NORMAL     0    PTCLDY (SCALE 4-7)   7
TOTAL FM JUL 1     0    CLOUDY (SCALE 8-10)  0
DPTR FM NORMAL     0

[CDD (BASE 65) ]
TOTAL THIS MO.   519
DPTR FM NORMAL    63    [PRESSURE DATA]
TOTAL FM JAN 1  1136    HIGHEST SLP M ON M
DPTR FM NORMAL   149    LOWEST  SLP M ON M

[REMARKS]
