000
CXUS53 KLMK 230800
CF6BWG
PRELIMINARY LOCAL CLIMATOLOGICAL DATA (WS FORM: F-6)

                                          STATION:   BOWLING GREEN KY
                                          MONTH:     MAY
                                          YEAR:      2017
                                          LATITUDE:   36 58 N
                                          LONGITUDE:  86 26 W

  TEMPERATURE IN F:       :PCPN:    SNOW:  WIND      :SUNSHINE: SKY     :PK WND
================================================================================
1   2   3   4   5  6A  6B    7    8   9   10  11  12  13   14  15   16   17  18
                                     12Z  AVG MX 2MIN
DY MAX MIN AVG DEP HDD CDD  WTR  SNW DPTH SPD SPD DIR MIN PSBL S-S WX    SPD DR
================================================================================

 1  68  54  61  -1   4   0 0.19  0.0    0 14.6 29 250   M    M   6 1      38 220
 2  77  50  64   2   1   0 0.00  0.0    0 10.5 28 270   M    M   1        37 270
 3  73  46  60  -3   5   0    T  0.0    0  6.8 18  60   M    M   2        23  80
 4  67  56  62  -1   3   0 0.63  0.0    0  9.2 30 170   M    M  10 1      38 170
 5  56  44  50 -13  15   0 0.29  0.0    0  6.1 14 320   M    M   9 1      22 330
 6  63  40  52 -12  13   0 0.02  0.0    0  5.8 15  80   M    M   4        21 300
 7  72  38  55  -9  10   0 0.00  0.0    0  3.2 18 290   M    M   1 1      25 290
 8  76  44  60  -4   5   0 0.00  0.0    0  2.8 12  90   M    M   1 1      15  80
 9  84  60  72   8   0   7 0.00  0.0    0  9.2 23 230   M    M   1        31 230
10  85  58  72   7   0   7 0.00  0.0    0  8.0 17 210   M    M   2        24 190
11  85  69  77  12   0  12    T  0.0    0  7.6 20 240   M    M   4        26 230
12  71  59  65   0   0   0 0.62  0.0    0  5.5 21 240   M    M  10 1      26 250
13  76  53  65  -1   0   0 0.00  0.0    0  4.8 18  40   M    M   1 12     24  30
14  82  52  67   1   0   2 0.00  0.0    0  2.5 13 230   M    M   0 1      22 220
15  85  56  71   5   0   6 0.00  0.0    0  2.1 10 180   M    M   0 1      14 180
16  87  58  73   7   0   8 0.00  0.0    0  6.3 18 190   M    M   0 12     30 220
17  88  66  77  10   0  12 0.00  0.0    0 11.0 26 210   M    M   1        36 220
18  88  72  80  13   0  15 0.00  0.0    0 10.9 21 210   M    M   1        26 190
19  82  68  75   8   0  10 1.69  0.0    0  4.3 24 200   M    M   4 138    35 200
20  87  67  77   9   0  12 0.89  0.0    0  7.9 31 280   M    M   4 138    40 280
21  83  65  74   6   0   9 0.07  0.0    0  7.6 18 210   M    M   6 1      23 230
22  72  55  64  -4   1   0 0.00  0.0    0  4.6 12  50   M    M   0        26  50
================================================================================
SM 1707 1230        57 100  4.40     0.0 151.3          M       68
================================================================================
AV 77.6 55.9                               6.9 FASTST   M    M   3    MAX(MPH)
                                 MISC ---->  # 31 280               # 40  280
================================================================================
NOTES:
# LAST OF SEVERAL OCCURRENCES

COLUMN 17 PEAK WIND IN M.P.H.

PRELIMINARY LOCAL CLIMATOLOGICAL DATA (WS FORM: F-6) , PAGE 2

                                          STATION:  BOWLING GREEN KY
                                          MONTH:    MAY
                                          YEAR:     2017
                                          LATITUDE:   36 58 N
                                          LONGITUDE:  86 26 W

[TEMPERATURE DATA]      [PRECIPITATION DATA]       SYMBOLS USED IN COLUMN 16

AVERAGE MONTHLY: 66.8   TOTAL FOR MONTH:   4.40    1 = FOG OR MIST
DPTR FM NORMAL:   1.6   DPTR FM NORMAL:    0.36    2 = FOG REDUCING VISIBILITY
HIGHEST:    88 ON 18,17 GRTST 24HR  1.69 ON 19-19      TO 1/4 MILE OR LESS
LOWEST:     38 ON  7                               3 = THUNDER
                        SNOW, ICE PELLETS, HAIL    4 = ICE PELLETS
                        TOTAL MONTH:   0.0 INCH    5 = HAIL
                        GRTST 24HR     0.0         6 = FREEZING RAIN OR DRIZZLE
                        GRTST DEPTH:   0           7 = DUSTSTORM OR SANDSTORM:
                                                       VSBY 1/2 MILE OR LESS
                                                   8 = SMOKE OR HAZE
[NO. OF DAYS WITH]      [WEATHER - DAYS WITH]      9 = BLOWING SNOW
                                                   X = TORNADO
MAX 32 OR BELOW:   0    0.01 INCH OR MORE:   8
MAX 90 OR ABOVE:   0    0.10 INCH OR MORE:   6
MIN 32 OR BELOW:   0    0.50 INCH OR MORE:   4
MIN  0 OR BELOW:   0    1.00 INCH OR MORE:   1

[HDD (BASE 65) ]
TOTAL THIS MO.    57    CLEAR  (SCALE 0-3)  13
DPTR FM NORMAL    -8    PTCLDY (SCALE 4-7)   6
TOTAL FM JUL 1  2986    CLOUDY (SCALE 8-10)  3
DPTR FM NORMAL -1048

[CDD (BASE 65) ]
TOTAL THIS MO.   100
DPTR FM NORMAL    33    [PRESSURE DATA]
TOTAL FM JAN 1   194    HIGHEST SLP M ON M
DPTR FM NORMAL    91    LOWEST  SLP 29.37 ON  5

[REMARKS]
