000
CXUS55 KRIW 280945
CF6BYG
PRELIMINARY LOCAL CLIMATOLOGICAL DATA (WS FORM: F-6)

                                          STATION:   BUFFALO WY
                                          MONTH:     JUNE
                                          YEAR:      2017
                                          LATITUDE:   44 22 N
                                          LONGITUDE: 106 43 W

  TEMPERATURE IN F:       :PCPN:    SNOW:  WIND      :SUNSHINE: SKY     :PK WND
================================================================================
1   2   3   4   5  6A  6B    7    8   9   10  11  12  13   14  15   16   17  18
                                     12Z  AVG MX 2MIN
DY MAX MIN AVG DEP HDD CDD  WTR  SNW DPTH SPD SPD DIR MIN PSBL S-S WX    SPD DR
================================================================================

 1  86  59  73  17   0   8 0.01  0.0    0 10.0 52 230   M    M   0 3      74 220
 2  71  54  63   7   2   0 0.01  0.0    0  7.6 21 340   M    M   3        29 330
 3  79  53  66   9   0   1 0.00  0.0    0 10.7 23 150   M    M   0        29 160
 4  86  56  71  14   0   6 0.00    M    M  7.9 17 150   M    M   0 3      20 140
 5  78  58  68  11   0   3    T    M    M 14.5 28 350   M    M   2 3      39 340
 6  70  52  61   3   4   0 0.00    M    M  5.1 14 340   M    M   7        20 340
 7  80  52  66   8   0   1    T    M    M  5.5 18 190   M    M   1 3      22 190
 8  90  56  73  15   0   8 0.00    M    M  9.1 23 150   M    M   0        28 150
 9  83  51  67   8   0   2    T  0.0    M 14.3 39 340   M    M   1        53 330
10  79  46  63   4   2   0    T    M    M  8.3 31 200   M    M   3        41 330
11  70  49  60   1   5   0 0.27    M    M  7.7 30 340   M    M   6 13     40 340
12  75  54  65   5   0   0 0.61  0.0    M 11.6 31 260   M    M   4 138    39 270
13  68  46  57  -3   8   0 0.00  0.0    M 12.7 30 180   M    M   3        38 190
14  70  45  58  -2   7   0 0.00  0.0    M  5.6 16 350   M    M   3        28 310
15  72  50  61   0   4   0 0.00  0.0    0  6.7 17 350   M    M   3        26 350
16  68  53  61   0   4   0 0.10  0.0    0  5.4 16 340   M    M   8 1      27 340
17  66  48  57  -5   8   0 0.13  0.0    0 15.3 33 350   M    M   4 1      42 330
18  69  47  58  -4   7   0 0.00  0.0    0  9.4 23 350   M    M   8        28 340
19  74  55  65   3   0   0    T  0.0    0  6.8 21 330   M    M   3        27 330
20  89  56  73  10   0   8    T  0.0    0  9.0 26 330   M    M   1        38 290
21  80  60  70   7   0   5 0.00    M    M  9.1 26 330   M    M   0        37 340
22  70  47  59  -5   6   0 0.01    M    M 16.5 32 330   M    M   2        43 330
23  65  38  52 -12  13   0    T    M    M 10.6 25 350   M    M   3        36 350
24  70  44  57  -8   8   0 0.00    M    M  7.0 20 360   M    M   5        35 340
25  75  45  60  -5   5   0 0.00    M    M  6.9 14  10   M    M   1        23 350
26  86  50  68   3   0   3 0.00  0.0    M  7.5 16 140   M    M   0        20 150
27  78  54  66   0   0   1 0.27  0.0    M 11.5 36 280   M    M   1 3      46 280
================================================================================
SM 2047 1378        83  46  1.41     0.0 252.3          M       72
================================================================================
AV 75.8 51.0                               9.3 FASTST   M    M   3    MAX(MPH)
                                 MISC ---->  # 52 230               # 74  220
================================================================================
NOTES:
# LAST OF SEVERAL OCCURRENCES

COLUMN 17 PEAK WIND IN M.P.H.

PRELIMINARY LOCAL CLIMATOLOGICAL DATA (WS FORM: F-6) , PAGE 2

                                          STATION:  BUFFALO WY
                                          MONTH:    JUNE
                                          YEAR:     2017
                                          LATITUDE:   44 22 N
                                          LONGITUDE: 106 43 W

[TEMPERATURE DATA]      [PRECIPITATION DATA]       SYMBOLS USED IN COLUMN 16

AVERAGE MONTHLY: 63.4   TOTAL FOR MONTH:   1.41    1 = FOG OR MIST
DPTR FM NORMAL:   2.8   DPTR FM NORMAL:   -0.71    2 = FOG REDUCING VISIBILITY
HIGHEST:    90 ON  8    GRTST 24HR  0.61 ON 12-12      TO 1/4 MILE OR LESS
LOWEST:     38 ON 23                               3 = THUNDER
                        SNOW, ICE PELLETS, HAIL    4 = ICE PELLETS
                        TOTAL MONTH:   0.0 INCH    5 = HAIL
                        GRTST 24HR     0.0         6 = FREEZING RAIN OR DRIZZLE
                        GRTST DEPTH:   0           7 = DUSTSTORM OR SANDSTORM:
                                                       VSBY 1/2 MILE OR LESS
                                                   8 = SMOKE OR HAZE
[NO. OF DAYS WITH]      [WEATHER - DAYS WITH]      9 = BLOWING SNOW
                                                   X = TORNADO
MAX 32 OR BELOW:   0    0.01 INCH OR MORE:   8
MAX 90 OR ABOVE:   1    0.10 INCH OR MORE:   5
MIN 32 OR BELOW:   0    0.50 INCH OR MORE:   1
MIN  0 OR BELOW:   0    1.00 INCH OR MORE:   0

[HDD (BASE 65) ]
TOTAL THIS MO.    83    CLEAR  (SCALE 0-3)  19
DPTR FM NORMAL   -73    PTCLDY (SCALE 4-7)   8
TOTAL FM JUL 1  6522    CLOUDY (SCALE 8-10)  0
DPTR FM NORMAL  -888

[CDD (BASE 65) ]
TOTAL THIS MO.    46
DPTR FM NORMAL     5    [PRESSURE DATA]
TOTAL FM JAN 1    57    HIGHEST SLP M ON M
DPTR FM NORMAL     9    LOWEST  SLP 29.37 ON 12

[REMARKS]
