000
CXUS55 KPIH 211200
CF6BYI

PRELIMINARY LOCAL CLIMATOLOGICAL DATA (WS FORM: F-6)

                                          STATION:   BURLEY ID
                                          MONTH:     SEPTEMBER
                                          YEAR:      2017
                                          LATITUDE:   42 32 N
                                          LONGITUDE: 113 46 W

  TEMPERATURE IN F:       :PCPN:    SNOW:  WIND      :SUNSHINE: SKY     :PK WND
================================================================================
1   2   3   4   5  6A  6B    7    8   9   10  11  12  13   14  15   16   17  18
                                     12Z  AVG MX 2MIN
DY MAX MIN AVG DEP HDD CDD  WTR  SNW DPTH SPD SPD DIR MIN PSBL S-S WX    SPD DR
================================================================================

 1  83  52  68   4   0   3 0.00    M    M  6.1 13 290   M    M   0 8      18 280
 2  93  49  71   7   0   6 0.00    M    M  3.2 13 200   M    M   0        14 200
 3  96  51  74  11   0   9 0.00    M    M  2.9 14 200   M    M   0        15 200
 4  93  51  72   9   0   7 0.00    M    M  2.6 13 200   M    M   0 8      15 210
 5  85  53  69   7   0   4 0.00    M    M  8.7 17  80   M    M   0 18     26  70
 6  87  47  67   5   0   2 0.00    M    M  4.4 15  60   M    M   0 18     19  60
 7  87  49  68   6   0   3 0.00    M    M  3.2 17 230   M    M   0 18     23 240
 8  87  53  70   9   0   5    T    M    M  7.0 29 160   M    M   1        42 160
 9  86  61  74  13   0   9    T    M    M  7.0 20 200   M    M   4        26 190
10  83  59  71  10   0   6 0.00    M    M  5.4 13 260   M    M   2        16 260
11  86  51  69   9   0   4 0.00    M    M  1.8  9 200   M    M   0        11 210
12  85  52  69   9   0   4 0.00    M    M  4.8 18 290   M    M   0 8      26 260
13  81  59  70  10   0   5    T    M    M  9.2 17 190   M    M   2        24 200
14  78  53  66   7   0   1 0.63    M    M  5.8 22 250   M    M   5 13     26 230
15  61  43  52  -7  13   0 0.07    M    M 14.5 25 250   M    M   6 18     35 260
16  59  37  48 -10  17   0 0.00    M    M  6.6 14 260   M    M   0        18 290
17  71  41  56  -2   9   0 0.00    M    M  6.2 16  50   M    M   0        20  50
18  71  45  58   0   7   0    T    M    M 10.4 22 270   M    M   3        32 270
19  54  38  46 -11  19   0 0.06    M    M 11.3 28 280   M    M   4 1      39 290
20  68  38  53  -4  12   0 0.46    M    M  9.7 24 270   M    M   7 1      37 210
================================================================================
SM 1594  982        77  68  1.22    M    130.8          M       34
================================================================================
AV 79.7 49.1                               6.5 FASTST   M    M   2    MAX(MPH)
                                 MISC ---->  # 29 160               # 42  160
================================================================================
NOTES:
# LAST OF SEVERAL OCCURRENCES
PRECIPITATION SUSPECT DURING FREEZING/FROZEN EVENTS

COLUMN 17 PEAK WIND IN M.P.H.

PRELIMINARY LOCAL CLIMATOLOGICAL DATA (WS FORM: F-6) , PAGE 2

                                          STATION:  BURLEY ID
                                          MONTH:    SEPTEMBER
                                          YEAR:     2017
                                          LATITUDE:   42 32 N
                                          LONGITUDE: 113 46 W

[TEMPERATURE DATA]      [PRECIPITATION DATA]       SYMBOLS USED IN COLUMN 16

AVERAGE MONTHLY: 64.4   TOTAL FOR MONTH:   1.22    1 = FOG OR MIST
DPTR FM NORMAL:   3.9   DPTR FM NORMAL:    0.88    2 = FOG REDUCING VISIBILITY
HIGHEST:    96 ON  3    GRTST 24HR  0.63 ON 14-14      TO 1/4 MILE OR LESS
LOWEST:     37 ON 16                               3 = THUNDER
                        SNOW, ICE PELLETS, HAIL    4 = ICE PELLETS
                        TOTAL MONTH:    M          5 = HAIL
                        GRTST 24HR    M  ON   M    6 = FREEZING RAIN OR DRIZZLE
                        GRTST DEPTH:  M  ON   M    7 = DUSTSTORM OR SANDSTORM:
                                                       VSBY 1/2 MILE OR LESS
                                                   8 = SMOKE OR HAZE
[NO. OF DAYS WITH]      [WEATHER - DAYS WITH]      9 = BLOWING SNOW
                                                   X = TORNADO
MAX 32 OR BELOW:   0    0.01 INCH OR MORE:   4
MAX 90 OR ABOVE:   3    0.10 INCH OR MORE:   2
MIN 32 OR BELOW:   0    0.50 INCH OR MORE:   1
MIN  0 OR BELOW:   0    1.00 INCH OR MORE:   0

[HDD (BASE 65) ]
TOTAL THIS MO.    77    CLEAR  (SCALE 0-3)  14
DPTR FM NORMAL   -32    PTCLDY (SCALE 4-7)   6
TOTAL FM JUL 1    83    CLOUDY (SCALE 8-10)  0
DPTR FM NORMAL   -83

[CDD (BASE 65) ]
TOTAL THIS MO.    68
DPTR FM NORMAL    49    [PRESSURE DATA]
TOTAL FM JAN 1   601    HIGHEST SLP M ON M
DPTR FM NORMAL   238    LOWEST  SLP 29.56 ON 18

[REMARKS]
