939
CXUS54 KHGX 241415
CF6BYY
PRELIMINARY LOCAL CLIMATOLOGICAL DATA (WS FORM: F-6)

                                          STATION:   Bay City
                                          MONTH:     AUGUST
                                          YEAR:      2016
                                          LATITUDE:   28 58 N
                                          LONGITUDE:  95 52 W

  TEMPERATURE IN F:       :PCPN:    SNOW:  WIND      :SUNSHINE: SKY     :PK WND
================================================================================
1   2   3   4   5  6A  6B    7    8   9   10  11  12  13   14  15   16   17  18
                                     12Z  AVG MX 2MIN
DY MAX MIN AVG DEP HDD CDD  WTR  SNW DPTH SPD SPD DIR MIN PSBL S-S WX    SPD DR
================================================================================

 1  95  73  84   M   0  19 0.00  0.0    0  4.8 10 150   M    M   2 1      16 170
 2  95  76  86   M   0  21 0.00  0.0    0  4.3 12 140   M    M   2         M  M
 3  96  75  86   M   0  21 0.00  0.0    0  3.4 10 170   M    M   2 1       M  M
 4  95  75  85   M   0  20 0.00  0.0    0  3.5 12 140   M    M   2 1      16 170
 5  95  77  86   M   0  21 0.00  0.0    0  4.0 10 180   M    M   2         M  M
 6  96  76  86   M   0  21 0.00  0.0    0  4.2 10 180   M    M   2        16 160
 7  96  75  86   M   0  21 0.00  0.0    0  4.4 12 150   M    M   2 1       M  M
 8  96  76  86   M   0  21 0.00  0.0    0  4.1 12 170   M    M   2 8       M  M
 9  98  77  88   M   0  23 0.00  0.0    0  5.2 12 180   M    M   2        17 180
10  98  78  88   M   0  23 0.00  0.0    0  5.1 13 170   M    M   1 1      17 170
11  98  78  88   M   0  23 0.04  0.0    0  5.4 13 180   M    M   3        18 170
12  95  78  87   M   0  22 0.00  0.0    0  7.0 14 180   M    M   3        17 210
13  98  78  88   M   0  23 0.00  0.0    0  7.7 17 200   M    M   5 1      21 200
14  92  76  84   M   0  19 0.05  0.0    0  4.9 12 120   M    M   5         M  M
15  87  76  82   M   0  17 0.87  0.0    0  3.7  8  80   M    M   6         M  M
16  83  73  78   M   0  13 1.84  0.0    0  4.2 12 200   M    M   7         M  M
17  81  74  78   M   0  13 0.42  0.0    0  4.5 17 170   M    M   4 1      30 170
18  90  75  83   M   0  18 0.00  0.0    0  3.9  9 170   M    M   2 8       M  M
19  89  77  83   M   0  18 0.07  0.0    0  5.7 12 180   M    M   3        16 180
20  91  78  85   M   0  20 0.00  0.0    0  7.0 13 170   M    M   2 8      17 180
21  87  75  81   M   0  16 0.14  0.0    0  2.9  9 290   M    M   3 8      15 160
22  90  76  83   M   0  18 0.35  0.0    0  3.8 10 170   M    M   2 1       M  M
23  91  78  85   M   0  20 0.00  0.0    0  5.8 12 190   M    M   1         M  M
================================================================================
SM 2132 1750         0 451  3.78     0.0 109.5          M       65
================================================================================
AV 92.7 76.1                               4.8 FASTST   M    M   3    MAX(MPH)
                                 MISC ---->    17   M                 30    M
================================================================================
NOTES:
# LAST OF SEVERAL OCCURRENCES

COLUMN 17 PEAK WIND IN M.P.H.

PRELIMINARY LOCAL CLIMATOLOGICAL DATA (WS FORM: F-6) , PAGE 2

                                          STATION:  Bay City
                                          MONTH:    AUGUST
                                          YEAR:     2016
                                          LATITUDE:   28 58 N
                                          LONGITUDE:  95 52 W

[TEMPERATURE DATA]      [PRECIPITATION DATA]       SYMBOLS USED IN COLUMN 16

AVERAGE MONTHLY: 84.4   TOTAL FOR MONTH:   3.78    1 = FOG OR MIST
DPTR FM NORMAL:     M   DPTR FM NORMAL:       M    2 = FOG REDUCING VISIBILITY
HIGHEST:    98 ON 13,11 GRTST 24HR  1.84 ON 16-16      TO 1/4 MILE OR LESS
LOWEST:     73 ON 16, 1                            3 = THUNDER
                        SNOW, ICE PELLETS, HAIL    4 = ICE PELLETS
                        TOTAL MONTH:   0.0 INCH    5 = HAIL
                        GRTST 24HR     0.0         6 = FREEZING RAIN OR DRIZZLE
                        GRTST DEPTH:   0           7 = DUSTSTORM OR SANDSTORM:
                                                       VSBY 1/2 MILE OR LESS
                                                   8 = SMOKE OR HAZE
[NO. OF DAYS WITH]      [WEATHER - DAYS WITH]      9 = BLOWING SNOW
                                                   X = TORNADO
MAX 32 OR BELOW:   0    0.01 INCH OR MORE:   8
MAX 90 OR ABOVE:  18    0.10 INCH OR MORE:   5
MIN 32 OR BELOW:   0    0.50 INCH OR MORE:   2
MIN  0 OR BELOW:   0    1.00 INCH OR MORE:   1

[HDD (BASE 65) ]
TOTAL THIS MO.     0    CLEAR  (SCALE 0-3)  16
DPTR FM NORMAL     M    PTCLDY (SCALE 4-7)   7
TOTAL FM JUL 1     0    CLOUDY (SCALE 8-10)  0
DPTR FM NORMAL     M

[CDD (BASE 65) ]
TOTAL THIS MO.   451
DPTR FM NORMAL     M    [PRESSURE DATA]
TOTAL FM JAN 1  2329    HIGHEST SLP M ON M
DPTR FM NORMAL     M    LOWEST  SLP M ON M

[REMARKS]
