000
CXUS55 KCAE 231400
CF6CAE
PRELIMINARY LOCAL CLIMATOLOGICAL DATA (WS FORM: F-6)

                                          STATION:   COLUMBIA METRO AIRPORT SC
                                          MONTH:     FEBRUARY
                                          YEAR:      2018
                                          LATITUDE:   33 57 N
                                          LONGITUDE:  81  7 W

  TEMPERATURE IN F:       :PCPN:    SNOW:  WIND      :SUNSHINE: SKY     :PK WND
================================================================================
1   2   3   4   5  6A  6B    7    8   9   10  11  12  13   14  15   16   17  18
                                     12Z  AVG MX 2MIN
DY MAX MIN AVG DEP HDD CDD  WTR  SNW DPTH SPD SPD DIR MIN PSBL S-S WX    SPD DR
================================================================================

 1  68  31  50   4  15   0 0.00  0.0    0  6.9 20 190   M    M   4        24 200
 2  61  33  47   1  18   0 0.03  0.0    0  9.9 25 290   M    M   6 1      31 290
 3  47  30  39  -7  26   0 0.00  0.0    0  6.6 13 100   M    M   6        17 100
 4  55  39  47   0  18   0 0.93  0.0    0  6.2 28 310   M    M  10 1      36 310
 5  59  37  48   1  17   0 0.00  0.0    0  3.6 14 310   M    M   1 1      19 310
 6  71  32  52   5  13   0 0.00  0.0    0  2.4 12 220   M    M   2 1      15 240
 7  70  48  59  12   6   0 0.20  0.0    0  8.3 28 190   M    M   9 1      35 180
 8  61  37  49   2  16   0 0.00  0.0    0  4.6 13  70   M    M   6        17  20
 9  64  32  48   1  17   0 0.03  0.0    0  4.6 13 100   M    M   6 128    17 120
10  71  55  63  15   2   0 0.02  0.0    0  5.5 16 170   M    M   8 12     21 170
11  72  62  67  19   0   2 0.03  0.0    0  9.8 21 200   M    M  10 1      29 220
12  73  57  65  17   0   0    T  0.0    0  6.6 20  60   M    M   8 1      25  50
13  57  48  53   5  12   0 0.00  0.0    0  8.7 21  50   M    M  10        28  60
14  68  48  58  10   7   0 0.00  0.0    0  3.8 13 220   M    M  10        15 220
15  79  61  70  22   0   5 0.00  0.0    0  9.8 21 260   M    M   7        29 230
16  83  64  74  25   0   9 0.00  0.0    0 13.6 28 270   M    M   4        38 280
17  72  54  63  14   2   0    T  0.0    0  7.7 15 140   M    M   8        19 100
18  71  53  62  13   3   0    T  0.0    0  6.6 16 140   M    M   8        19 150
19  76  56  66  17   0   1 0.00  0.0    0  6.1 13 120   M    M   8        14 110
20  82  61  72  22   0   7 0.00  0.0    0  5.6 15 170   M    M   7 12     20 180
21  83  67  75  25   0  10 0.00  0.0    0  7.4 14 200   M    M   7 1      19 190
22  83  63  73  23   0   8 0.00  0.0    0  5.1 13 190   M    M   6        19 220
================================================================================
SM 1526 1068       172  42  1.24     0.0 149.4          M      151
================================================================================
AV 69.4 48.6                               6.8 FASTST   M    M   7    MAX(MPH)
                                 MISC ---->  # 28 310               # 38  280
================================================================================
NOTES:
# LAST OF SEVERAL OCCURRENCES

COLUMN 17 PEAK WIND IN M.P.H.

PRELIMINARY LOCAL CLIMATOLOGICAL DATA (WS FORM: F-6) , PAGE 2

                                          STATION:  COLUMBIA METRO AIRPORT SC
                                          MONTH:    FEBRUARY
                                          YEAR:     2018
                                          LATITUDE:   33 57 N
                                          LONGITUDE:  81  7 W

[TEMPERATURE DATA]      [PRECIPITATION DATA]       SYMBOLS USED IN COLUMN 16

AVERAGE MONTHLY: 59.0   TOTAL FOR MONTH:   1.24    1 = FOG OR MIST
DPTR FM NORMAL:  11.0   DPTR FM NORMAL:   -1.57    2 = FOG REDUCING VISIBILITY
HIGHEST:    83 ON 22,21 GRTST 24HR  0.93 ON  4- 4      TO 1/4 MILE OR LESS
LOWEST:     30 ON  3                               3 = THUNDER
                        SNOW, ICE PELLETS, HAIL    4 = ICE PELLETS
                        TOTAL MONTH:   0.0 INCH    5 = HAIL
                        GRTST 24HR     0.0         6 = FREEZING RAIN OR DRIZZLE
                        GRTST DEPTH:   0           7 = DUSTSTORM OR SANDSTORM:
                                                       VSBY 1/2 MILE OR LESS
                                                   8 = SMOKE OR HAZE
[NO. OF DAYS WITH]      [WEATHER - DAYS WITH]      9 = BLOWING SNOW
                                                   X = TORNADO
MAX 32 OR BELOW:   0    0.01 INCH OR MORE:   6
MAX 90 OR ABOVE:   0    0.10 INCH OR MORE:   2
MIN 32 OR BELOW:   4    0.50 INCH OR MORE:   1
MIN  0 OR BELOW:   0    1.00 INCH OR MORE:   0

[HDD (BASE 65) ]
TOTAL THIS MO.   172    CLEAR  (SCALE 0-3)   2
DPTR FM NORMAL  -206    PTCLDY (SCALE 4-7)  12
TOTAL FM JUL 1  1699    CLOUDY (SCALE 8-10)  8
DPTR FM NORMAL  -315

[CDD (BASE 65) ]
TOTAL THIS MO.    42
DPTR FM NORMAL    42    [PRESSURE DATA]
TOTAL FM JAN 1    44    HIGHEST SLP M ON M
DPTR FM NORMAL    43    LOWEST  SLP 29.83 ON  4

[REMARKS]
