000
CXUS51 KCAR 270600
CF6CAR
PRELIMINARY LOCAL CLIMATOLOGICAL DATA (WS FORM: F-6)

                                          STATION:   CARIBOU ME
                                          MONTH:     AUGUST
                                          YEAR:      2016
                                          LATITUDE:   46 52 N
                                          LONGITUDE:  68  1 W

  TEMPERATURE IN F:       :PCPN:    SNOW:  WIND      :SUNSHINE: SKY     :PK WND
================================================================================
1   2   3   4   5  6A  6B    7    8   9   10  11  12  13   14  15   16   17  18
                                     12Z  AVG MX 2MIN
DY MAX MIN AVG DEP HDD CDD  WTR  SNW DPTH SPD SPD DIR MIN PSBL S-S WX    SPD DR
================================================================================

 1  81  50  66   0   0   1 0.00  0.0    0  3.0 12 120   M    M   3        24 150
 2  83  55  69   3   0   4 0.00  0.0    0  3.6  8  20   M    M   0        17 290
 3  87  55  71   5   0   6 0.00  0.0    0  2.7  9 220   M    M   4 128    12 250
 4  77  60  69   4   0   4 0.65  0.0    0  5.8 14 250   M    M   4 13     21 270
 5  88  63  76  11   0  11 0.00  0.0    0  7.9 12 190   M    M   3        20 200
 6  82  61  72   7   0   7 0.22  0.0    0  6.1 16 270   M    M   7 1      25 270
 7  77  55  66   1   0   1 0.04  0.0    0  6.4 15 310   M    M   3 1      23 300
 8  72  50  61  -4   4   0 0.00  0.0    0  8.3 21 310   M    M   2        28 320
 9  76  47  62  -3   3   0 0.00  0.0    0  5.3 16 300   M    M   1        23 320
10  85  51  68   3   0   3 0.00  0.0    0  6.0 15 190   M    M   0        19 190
11  80  64  72   7   0   7 0.96  0.0    0  4.4 26 330   M    M   4 13     43 330
12  69  56  63  -1   2   0 0.47  0.0    0  3.4 12  20   M    M   5 1      15  30
13  74  49  62  -2   3   0 0.09  0.0    0  2.6  8 110   M    M   0 1      10 140
14  63  58  61  -3   4   0 0.76  0.0    0  5.7 10 110   M    M  10 1      16 110
15  73  54  64   0   1   0 0.03  0.0    0  4.6 13 330   M    M   7 1      17 330
16  80  53  67   3   0   2 0.19  0.0    0  5.4 16 240   M    M   3 1      20 250
17  78  61  70   6   0   5 0.81  0.0    0  7.3 18  10   M    M   6 1      22 360
18  82  60  71   7   0   6 0.00  0.0    0  6.9 17 330   M    M   3        23 340
19  72  54  63   0   2   0 0.00  0.0    0  5.7 15 330   M    M   4        23 310
20  74  51  63   0   2   0 0.00  0.0    0  5.8 14 160   M    M   3 12     18 150
21  80  58  69   6   0   4 0.00  0.0    0 11.7 22 180   M    M   3        31 170
22  66  54  60  -3   5   0 0.86  0.0    0  5.4 17 330   M    M   9 1      24 330
23  77  51  64   2   1   0    T  0.0    0  7.2 18 250   M    M   3        27 240
24  81  58  70   8   0   5 0.22  0.0    0  6.4 17 250   M    M   1 1      22 240
25  83  64  74  12   0   9    T  0.0    0  7.0 17 240   M    M   5        23 250
26  85  66  76  14   0  11 0.11  0.0    0  7.5 20 300   M    M   3 1      30 300
================================================================================
SM 2025 1458        27  86  5.41     0.0 152.1          M       96
================================================================================
AV 77.9 56.1                               5.8 FASTST   M    M   4    MAX(MPH)
                                 MISC ---->  # 26 330               # 43  330
================================================================================
NOTES:
# LAST OF SEVERAL OCCURRENCES

COLUMN 17 PEAK WIND IN M.P.H.

PRELIMINARY LOCAL CLIMATOLOGICAL DATA (WS FORM: F-6) , PAGE 2

                                          STATION:  CARIBOU ME
                                          MONTH:    AUGUST
                                          YEAR:     2016
                                          LATITUDE:   46 52 N
                                          LONGITUDE:  68  1 W

[TEMPERATURE DATA]      [PRECIPITATION DATA]       SYMBOLS USED IN COLUMN 16

AVERAGE MONTHLY: 67.0   TOTAL FOR MONTH:   5.41    1 = FOG OR MIST
DPTR FM NORMAL:   2.9   DPTR FM NORMAL:    2.23    2 = FOG REDUCING VISIBILITY
HIGHEST:    88 ON  5    GRTST 24HR  1.00 ON 16-17      TO 1/4 MILE OR LESS
LOWEST:     47 ON  9                               3 = THUNDER
                        SNOW, ICE PELLETS, HAIL    4 = ICE PELLETS
                        TOTAL MONTH:   0.0 INCH    5 = HAIL
                        GRTST 24HR     0.0         6 = FREEZING RAIN OR DRIZZLE
                        GRTST DEPTH:   0           7 = DUSTSTORM OR SANDSTORM:
                                                       VSBY 1/2 MILE OR LESS
                                                   8 = SMOKE OR HAZE
[NO. OF DAYS WITH]      [WEATHER - DAYS WITH]      9 = BLOWING SNOW
                                                   X = TORNADO
MAX 32 OR BELOW:   0    0.01 INCH OR MORE:  13
MAX 90 OR ABOVE:   0    0.10 INCH OR MORE:  10
MIN 32 OR BELOW:   0    0.50 INCH OR MORE:   5
MIN  0 OR BELOW:   0    1.00 INCH OR MORE:   0

[HDD (BASE 65) ]
TOTAL THIS MO.    27    CLEAR  (SCALE 0-3)  13
DPTR FM NORMAL   -43    PTCLDY (SCALE 4-7)  11
TOTAL FM JUL 1    75    CLOUDY (SCALE 8-10)  2
DPTR FM NORMAL   -53

[CDD (BASE 65) ]
TOTAL THIS MO.    86
DPTR FM NORMAL    40    [PRESSURE DATA]
TOTAL FM JAN 1   248    HIGHEST SLP M ON M
DPTR FM NORMAL    86    LOWEST  SLP 29.50 ON  6

[REMARKS]
