000
CXUS56 KMTR 231000
CF6CCR
PRELIMINARY LOCAL CLIMATOLOGICAL DATA (WS FORM: F-6)

                                          STATION:   CONCORD AIRPORT
                                          MONTH:     JULY
                                          YEAR:      2014
                                          LATITUDE:   37 58 N
                                          LONGITUDE: 122  3 W

  TEMPERATURE IN F:       :PCPN:    SNOW:  WIND      :SUNSHINE: SKY     :PK WND
================================================================================
1   2   3   4   5  6A  6B    7    8   9   10  11  12  13   14  15   16   17  18
                                     12Z  AVG MX 2MIN
DY MAX MIN AVG DEP HDD CDD  WTR  SNW DPTH SPD SPD DIR MIN PSBL S-S WX    SPD DR
================================================================================

 1  81  57  69  -3   0   4 0.00  0.0    0 11.6 20 300   M    M   0        25 300
 2  85  57  71  -1   0   6 0.00  0.0    0 15.3 28 200   M    M   2        37 180
 3  88  57  73   1   0   8 0.00  0.0    0 13.7 23 200   M    M   0        28 200
 4  92  55  74   2   0   9 0.00  0.0    0  8.7 17 310   M    M   0        23 300
 5  94  52  73   1   0   8 0.00  0.0    0  6.5 17 310   M    M   0        21 320
 6  95  54  75   3   0  10 0.00  0.0    0  7.8 17 300   M    M   0 8      25 290
 7  79  57  68  -4   0   3 0.00  0.0    0  4.9 13 350   M    M   2 8      17 240
 8  90  59  75   3   0  10 0.00  0.0    0  8.9 18 260   M    M   1        23 200
 9  80  57  69  -3   0   4 0.00  0.0    0 11.5 22 250   M    M   2        25 250
10  75  58  67  -5   0   2 0.00  0.0    0 13.2 23 240   M    M   4        28 240
11  77  60  69  -3   0   4 0.00  0.0    0 12.4 20 260   M    M   5        24 250
12  84  58  71  -1   0   6 0.00  0.0    0 12.2 20 200   M    M   4        24 200
13  94  56  75   3   0  10 0.00  0.0    0 10.1 18 190   M    M   1        24 200
14  99  61  80   8   0  15 0.00  0.0    0  7.9 23 210   M    M   2        29 210
15  88  60  74   2   0   9 0.00  0.0    0 12.8 20 270   M    M   2        26 280
16  77  62  70  -2   0   5 0.00  0.0    0 13.7 23 240   M    M   4        31 220
17  75  62  69  -3   0   4 0.00  0.0    0 13.4 25 270   M    M   5        29 270
18  77  61  69  -3   0   4 0.00  0.0    0 11.3 23 260   M    M   5        27 250
19  85  61  73   1   0   8 0.00  0.0    0 10.2 20 320   M    M   4        29 230
20  78  62  70  -2   0   5 0.00  0.0    0 11.2 22 270   M    M   3        27 260
21  77  62  70  -2   0   5    T  0.0    0 10.9 20 260   M    M   6        29 250
22  80  61  71  -1   0   6    T  0.0    0 11.3 23 240   M    M   4        29 250
================================================================================
SM 1850 1289         0 145    T      0.0 239.5          M       56
================================================================================
AV 84.1 58.6                              10.9 FASTST   M    M   3    MAX(MPH)
                                 MISC ---->  # 28 200               # 37  180
================================================================================
NOTES:
# LAST OF SEVERAL OCCURRENCES

COLUMN 17 PEAK WIND IN M.P.H.

PRELIMINARY LOCAL CLIMATOLOGICAL DATA (WS FORM: F-6) , PAGE 2

                                          STATION:  CONCORD AIRPORT
                                          MONTH:    JULY
                                          YEAR:     2014
                                          LATITUDE:   37 58 N
                                          LONGITUDE: 122  3 W

[TEMPERATURE DATA]      [PRECIPITATION DATA]       SYMBOLS USED IN COLUMN 16

AVERAGE MONTHLY: 71.3   TOTAL FOR MONTH:      T    1 = FOG OR MIST
DPTR FM NORMAL:  -0.7   DPTR FM NORMAL:   -0.00    2 = FOG REDUCING VISIBILITY
HIGHEST:    99 ON 14    GRTST 24HR    T  ON 22-22      TO 1/4 MILE OR LESS
LOWEST:     52 ON  5                               3 = THUNDER
                        SNOW, ICE PELLETS, HAIL    4 = ICE PELLETS
                        TOTAL MONTH:   0.0 INCH    5 = HAIL
                        GRTST 24HR     0.0         6 = FREEZING RAIN OR DRIZZLE
                        GRTST DEPTH:   0           7 = DUSTSTORM OR SANDSTORM:
                                                       VSBY 1/2 MILE OR LESS
                                                   8 = SMOKE OR HAZE
[NO. OF DAYS WITH]      [WEATHER - DAYS WITH]      9 = BLOWING SNOW
                                                   X = TORNADO
MAX 32 OR BELOW:   0    0.01 INCH OR MORE:   0
MAX 90 OR ABOVE:   6    0.10 INCH OR MORE:   0
MIN 32 OR BELOW:   0    0.50 INCH OR MORE:   0
MIN  0 OR BELOW:   0    1.00 INCH OR MORE:   0

[HDD (BASE 65) ]
TOTAL THIS MO.     0    CLEAR  (SCALE 0-3)  13
DPTR FM NORMAL     0    PTCLDY (SCALE 4-7)   9
TOTAL FM JUL 1     0    CLOUDY (SCALE 8-10)  0
DPTR FM NORMAL     0

[CDD (BASE 65) ]
TOTAL THIS MO.   145
DPTR FM NORMAL   -19    [PRESSURE DATA]
TOTAL FM JAN 1   446    HIGHEST SLP M ON M
DPTR FM NORMAL    69    LOWEST  SLP 29.80 ON  1

[REMARKS]
