000
CXUS55 KBOU 290750
CF6CCU
PRELIMINARY LOCAL CLIMATOLOGICAL DATA (WS FORM: F-6)

                                          STATION:   COPPER MTN CO
                                          MONTH:     MARCH
                                          YEAR:      2015
                                          LATITUDE:   39 28 N
                                          LONGITUDE: 106  9 W

  TEMPERATURE IN F:       :PCPN:    SNOW:  WIND      :SUNSHINE: SKY     :PK WND
================================================================================
1   2   3   4   5  6A  6B    7    8   9   10  11  12  13   14  15   16   17  18
                                     12Z  AVG MX 2MIN
DY MAX MIN AVG DEP HDD CDD  WTR  SNW DPTH SPD SPD DIR MIN PSBL S-S WX    SPD DR
================================================================================

 1  27  18  23   M  42   0    M    M    M 14.7 31 260   M    M  10 8      38 260
 2  32  19  26   M  39   0    M    M    M 20.5 25 250   M    M  10        40 250
 3  19  14  17   M  48   0    M    M    M 21.1 33 240   M    M  10 8      53 240
 4   M   M   M   M   M   M    M    M    M   M   M   M   M    M   M         M  M
 5  23  14  19   M  46   0    M    M    M 16.5 23 260   M    M   0 8      33 260
 6  34  16  25   M  40   0    M    M    M 13.5 28 260   M    M   0        31 260
 7  37  23  30   M  35   0    M    M    M 13.3 20 280   M    M   0        27 280
 8  34  23  29   M  36   0    M    M    M  7.9 18 270   M    M   5        18 270
 9  34  23  29   M  36   0    M    M    M 12.9 23 290   M    M   0        28 280
10  39  21  30   M  35   0    M    M    M  8.9 16 270   M    M   0        21 270
11  32  27  30   M  35   0    M    M    M  7.7 10 190   M    M   0         M  M
12  39  27  33   M  32   0    M    M    M  7.4 20 270   M    M  10 8      24 290
13  34  25  30   M  35   0    M    M    M  5.2 13  80   M    M   8 8      18  80
14  43  23  33   M  32   0    M    M    M  9.8 20 280   M    M   0        25 280
15  54  32  43   M  22   0    M    M    M  7.1 18 170   M    M   0        20 190
16  52  34  43   M  22   0    M    M    M 12.1 20 110   M    M   0        29 260
17  48  28  38   M  27   0    M    M    M 16.1 31 150   M    M   4 8      47 150
18  37  28  33   M  32   0    M    M    M 13.1 25 270   M    M  10 8      25 260
19  34  23  29   M  36   0    M    M    M 13.1 20 280   M    M   7 8      24 280
20  43  23  33   M  32   0    M    M    M  5.3 16 280   M    M   0        21 280
21  45  28  37   M  28   0    M    M    M 10.1 21 260   M    M   1        29 260
22  41  28  35   M  30   0    M    M    M 11.8 23 260   M    M   4        33 260
23  37  23  30   M  35   0    M    M    M 17.2 29 250   M    M   7 8      41 240
24  30  18  24   M  41   0    M    M    M 24.4 35 270   M    M   7 8      47 270
25  25  16  21   M  44   0    M    M    M 19.4 22 260   M    M   8 8      32 280
26  34  14  24   M  41   0    M    M    M 17.6 25 280   M    M   7        36 280
27  41  27  34   M  31   0    M    M    M 16.6 28 280   M    M   4        40 270
28  45  32  39   M  26   0    M    M    M 15.1 28 270   M    M   4 8      40 270
================================================================================
SM  993  627       938   0    M     M    358.4          M      116
================================================================================
AV 36.8 23.2                              13.3 FASTST   M    M   4    MAX(MPH)
                                 MISC ---->  # 35 270                 53    M
================================================================================
NOTES:
# LAST OF SEVERAL OCCURRENCES

COLUMN 17 PEAK WIND IN M.P.H.

PRELIMINARY LOCAL CLIMATOLOGICAL DATA (WS FORM: F-6) , PAGE 2

                                          STATION:  COPPER MTN CO
                                          MONTH:    MARCH
                                          YEAR:     2015
                                          LATITUDE:   39 28 N
                                          LONGITUDE: 106  9 W

[TEMPERATURE DATA]      [PRECIPITATION DATA]       SYMBOLS USED IN COLUMN 16

AVERAGE MONTHLY: 30.0   TOTAL FOR MONTH:      M    1 = FOG OR MIST
DPTR FM NORMAL:     M   DPTR FM NORMAL:       M    2 = FOG REDUCING VISIBILITY
HIGHEST:    54 ON 15    GRTST 24HR    M  ON   M        TO 1/4 MILE OR LESS
LOWEST:     14 ON 26, 5                            3 = THUNDER
                        SNOW, ICE PELLETS, HAIL    4 = ICE PELLETS
                        TOTAL MONTH:    M          5 = HAIL
                        GRTST 24HR    M  ON   M    6 = FREEZING RAIN OR DRIZZLE
                        GRTST DEPTH:  M  ON   M    7 = DUSTSTORM OR SANDSTORM:
                                                       VSBY 1/2 MILE OR LESS
                                                   8 = SMOKE OR HAZE
[NO. OF DAYS WITH]      [WEATHER - DAYS WITH]      9 = BLOWING SNOW
                                                   X = TORNADO
MAX 32 OR BELOW:   7    0.01 INCH OR MORE:   0
MAX 90 OR ABOVE:   0    0.10 INCH OR MORE:   0
MIN 32 OR BELOW:  26    0.50 INCH OR MORE:   0
MIN  0 OR BELOW:   0    1.00 INCH OR MORE:   0

[HDD (BASE 65) ]
TOTAL THIS MO.   938    CLEAR  (SCALE 0-3)  11
DPTR FM NORMAL     M    PTCLDY (SCALE 4-7)  11
TOTAL FM JUL 1  7729    CLOUDY (SCALE 8-10)  5
DPTR FM NORMAL     M

[CDD (BASE 65) ]
TOTAL THIS MO.     0
DPTR FM NORMAL     M    [PRESSURE DATA]
TOTAL FM JAN 1     0    HIGHEST SLP M ON M
DPTR FM NORMAL     M    LOWEST  SLP M ON M

[REMARKS]
