000
CXUS55 KBOU 240758
CF6CCU
PRELIMINARY LOCAL CLIMATOLOGICAL DATA (WS FORM: F-6)

                                          STATION:   COPPER MTN CO
                                          MONTH:     JANUARY
                                          YEAR:      2017
                                          LATITUDE:   39 28 N
                                          LONGITUDE: 106  9 W

  TEMPERATURE IN F:       :PCPN:    SNOW:  WIND      :SUNSHINE: SKY     :PK WND
================================================================================
1   2   3   4   5  6A  6B    7    8   9   10  11  12  13   14  15   16   17  18
                                     12Z  AVG MX 2MIN
DY MAX MIN AVG DEP HDD CDD  WTR  SNW DPTH SPD SPD DIR MIN PSBL S-S WX    SPD DR
================================================================================

 1  25  14  20   M  45   0    M    M    M 19.0 21 270   M    M   2        25 270
 2  23  18  21   M  44   0    M    M    M   M   M   M   M    M   8 8       M  M
 3  19  14  17   M  48   0    M    M    M   M   M   M   M    M  10 8       M  M
 4  23  14  19   M  46   0    M    M    M   M   M   M   M    M  10         M  M
 5  23   5  14   M  51   0    M    M    M   M   M   M   M    M  10 8       M  M
 6   5  -8  -1   M  66   0    M    M    M  4.6  5 280   M    M   3 8       M  M
 7  23   5  14   M  51   0    M    M    M  7.1  8 260   M    M   3        18 230
 8  32  25  29   M  36   0    M    M    M 11.3 18 260   M    M  10        35 230
 9  32  28  30   M  35   0    M    M    M 17.8 30 270   M    M  10        43 270
10  23  18  21   M  44   0    M    M    M 13.3 16 200   M    M  10        22 200
11  25  18  22   M  43   0    M    M    M 15.9 21 260   M    M  10 8      35 230
12  23  18  21   M  44   0    M    M    M 18.9 22 190   M    M   9 8      29 190
13  28  21  25   M  40   0    M    M    M 13.2 20 200   M    M   8 8      20 210
14  28  23  26   M  39   0    M    M    M  4.4 12 190   M    M   6         M  M
15  34  27  31   M  34   0    M    M    M  2.5  7 130   M    M   9 1       M  M
16  27  21  24   M  41   0    M    M    M  1.3  7 150   M    M   8 8       M  M
17  30  21  26   M  39   0    M    M    M  3.0 10 280   M    M   2 8       M  M
18  28  19  24   M  41   0    M    M    M  4.5  9 280   M    M   0         M  M
19  34  19  27   M  38   0    M    M    M  7.2  9 270   M    M   3         M  M
20  21  14  18   M  47   0    M    M    M 12.7 13 310   M    M   8         M  M
21  23  14  19   M  46   0    M    M    M  4.3  8 180   M    M   7         M  M
22  27   9  18   M  47   0    M    M    M 16.1 22 190   M    M   9 8      28 190
23  27  14  21   M  44   0    M    M    M 19.6 24 260   M    M  10        43 240
================================================================================
SM  583  371      1009   0    M     M    196.7          M      165
================================================================================
AV 25.4 16.1                              10.4 FASTST   M    M   7    MAX(MPH)
                                 MISC ---->    30   M                 43    M
================================================================================
NOTES:
# LAST OF SEVERAL OCCURRENCES

COLUMN 17 PEAK WIND IN M.P.H.

PRELIMINARY LOCAL CLIMATOLOGICAL DATA (WS FORM: F-6) , PAGE 2

                                          STATION:  COPPER MTN CO
                                          MONTH:    JANUARY
                                          YEAR:     2017
                                          LATITUDE:   39 28 N
                                          LONGITUDE: 106  9 W

[TEMPERATURE DATA]      [PRECIPITATION DATA]       SYMBOLS USED IN COLUMN 16

AVERAGE MONTHLY: 20.7   TOTAL FOR MONTH:      M    1 = FOG OR MIST
DPTR FM NORMAL:     M   DPTR FM NORMAL:       M    2 = FOG REDUCING VISIBILITY
HIGHEST:    34 ON 19,15 GRTST 24HR    M  ON   M        TO 1/4 MILE OR LESS
LOWEST:     -8 ON  6                               3 = THUNDER
                        SNOW, ICE PELLETS, HAIL    4 = ICE PELLETS
                        TOTAL MONTH:    M          5 = HAIL
                        GRTST 24HR    M  ON   M    6 = FREEZING RAIN OR DRIZZLE
                        GRTST DEPTH:  M  ON   M    7 = DUSTSTORM OR SANDSTORM:
                                                       VSBY 1/2 MILE OR LESS
                                                   8 = SMOKE OR HAZE
[NO. OF DAYS WITH]      [WEATHER - DAYS WITH]      9 = BLOWING SNOW
                                                   X = TORNADO
MAX 32 OR BELOW:  21    0.01 INCH OR MORE:   0
MAX 90 OR ABOVE:   0    0.10 INCH OR MORE:   0
MIN 32 OR BELOW:  23    0.50 INCH OR MORE:   0
MIN  0 OR BELOW:   1    1.00 INCH OR MORE:   0

[HDD (BASE 65) ]
TOTAL THIS MO.  1009    CLEAR  (SCALE 0-3)   5
DPTR FM NORMAL     M    PTCLDY (SCALE 4-7)   5
TOTAL FM JUL 1  5222    CLOUDY (SCALE 8-10) 13
DPTR FM NORMAL     M

[CDD (BASE 65) ]
TOTAL THIS MO.     0
DPTR FM NORMAL     M    [PRESSURE DATA]
TOTAL FM JAN 1     0    HIGHEST SLP M ON M
DPTR FM NORMAL     M    LOWEST  SLP M ON M

[REMARKS]
