000
CXUS53 KARX 310930
CF6CCY
PRELIMINARY LOCAL CLIMATOLOGICAL DATA (WS FORM: F-6)

                                          STATION:   CHARLES_CITY IA
                                          MONTH:     JULY
                                          YEAR:      2015
                                          LATITUDE:   43  4 N
                                          LONGITUDE:  92 37 W

  TEMPERATURE IN F:       :PCPN:    SNOW:  WIND      :SUNSHINE: SKY     :PK WND
================================================================================
1   2   3   4   5  6A  6B    7    8   9   10  11  12  13   14  15   16   17  18
                                     12Z  AVG MX 2MIN
DY MAX MIN AVG DEP HDD CDD  WTR  SNW DPTH SPD SPD DIR MIN PSBL S-S WX    SPD DR
================================================================================

 1  66  55  61 -11   4   0 0.00  0.0    0  6.8 10  70   M    M   2         M  M
 2  72  59  66  -6   0   1 0.00  0.0    0  4.1  8 100   M    M   1        12   0
 3  77  54  66  -6   0   1 0.00  0.0    0  2.5  7 310   M    M   1         M  M
 4  79  55  67  -5   0   2 0.00  0.0    0  5.5  9 200   M    M   0 1      13 190
 5  82  61  72   0   0   7 0.00  0.0    0  9.7 17 170   M    M   0        21 170
 6  77  59  68  -4   0   3 0.46  0.0    0 11.6 22 340   M    M   5 18     32 340
 7  68  52  60 -13   5   0 0.00  0.0    0  8.7 14  10   M    M   5 1      23  10
 8  70  52  61 -12   4   0 0.00  0.0    0  3.8 12 140   M    M   7        14 140
 9  77  54  66  -7   0   1 0.00  0.0    0  4.6  9 230   M    M   2 1      14 190
10  81  59  70  -3   0   5 0.00  0.0    0  6.6  9 170   M    M   2        16 190
11  79  64  72  -1   0   7 0.00  0.0    0  8.3 14 120   M    M   7        16 160
12  84  66  75   2   0  10 0.00  0.0    0  9.0 13 150   M    M   8 12     15 160
13  90  70  80   7   0  15 0.00  0.0    0  7.9 16 300   M    M   3 1      22 300
14  82  68  75   2   0  10 0.00  0.0    0  8.0 16 350   M    M   2        21 350
15  75  63  69  -4   0   4 0.00  0.0    0  6.5 12 110   M    M   5 1       M  M
16  79  64  72   0   0   7 0.61  0.0    0  8.9 14 260   M    M   9 1      33 260
17  90  70  80   8   0  15 0.00  0.0    0  5.5  8 140   M    M   1 12     12  99
18  88  68  78   6   0  13 0.00  0.0    0  8.3 15 280   M    M   2        20 200
19  81  59  70  -2   0   5 0.00  0.0    0  4.8  9 300   M    M   0        13  99
20  81  59  70  -2   0   5 0.02  0.0    0  9.1 16 320   M    M   2        25 320
21  77  55  66  -6   0   1 0.00  0.0    0  3.9  8 300   M    M   1         M  M
22  79  55  67  -5   0   2 0.00  0.0    0  2.7  7 230   M    M   2 1       M  M
23  81  59  70  -2   0   5 0.00  0.0    0  4.5  8 180   M    M   1        12  99
24  82  66  74   2   0   9 0.92  0.0    0 10.8 22  90   M    M   4        29 190
25  84  66  75   3   0  10 0.00  0.0    0  3.5  7  80   M    M   1 1       M  M
26  82  68  75   3   0  10 0.54  0.0    0  7.7 15  90   M    M   5        18 130
27  81  68  75   3   0  10 0.00  0.0    0  7.8 14 150   M    M   5 1      18 150
28  81  72  77   5   0  12 0.97  0.0    0  7.3 13 210   M    M   6 1      21 210
29  81  61  71  -1   0   6 0.00  0.0    0 11.0 20 300   M    M   2        31 290
30  82  59  71  -1   0   6 0.00  0.0    0  7.0 14 300   M    M   0        18 290
================================================================================
SM 2388 1840        13 182  3.52     0.0 206.4          M       91
================================================================================
AV 79.6 61.3                               6.9 FASTST   M    M   3    MAX(MPH)
                                 MISC ---->    22   M                 33    M
================================================================================
NOTES:
# LAST OF SEVERAL OCCURRENCES

COLUMN 17 PEAK WIND IN M.P.H.

PRELIMINARY LOCAL CLIMATOLOGICAL DATA (WS FORM: F-6) , PAGE 2

                                          STATION:  CHARLES_CITY IA
                                          MONTH:    JULY
                                          YEAR:     2015
                                          LATITUDE:   43  4 N
                                          LONGITUDE:  92 37 W

[TEMPERATURE DATA]      [PRECIPITATION DATA]       SYMBOLS USED IN COLUMN 16

AVERAGE MONTHLY: 70.5   TOTAL FOR MONTH:   3.52    1 = FOG OR MIST
DPTR FM NORMAL:  -1.8   DPTR FM NORMAL:   -1.14    2 = FOG REDUCING VISIBILITY
HIGHEST:    90 ON 17,13 GRTST 24HR  0.97 ON 28-28      TO 1/4 MILE OR LESS
LOWEST:     52 ON  8, 7                            3 = THUNDER
                        SNOW, ICE PELLETS, HAIL    4 = ICE PELLETS
                        TOTAL MONTH:   0.0 INCH    5 = HAIL
                        GRTST 24HR     0.0         6 = FREEZING RAIN OR DRIZZLE
                        GRTST DEPTH:   0           7 = DUSTSTORM OR SANDSTORM:
                                                       VSBY 1/2 MILE OR LESS
                                                   8 = SMOKE OR HAZE
[NO. OF DAYS WITH]      [WEATHER - DAYS WITH]      9 = BLOWING SNOW
                                                   X = TORNADO
MAX 32 OR BELOW:   0    0.01 INCH OR MORE:   6
MAX 90 OR ABOVE:   2    0.10 INCH OR MORE:   5
MIN 32 OR BELOW:   0    0.50 INCH OR MORE:   4
MIN  0 OR BELOW:   0    1.00 INCH OR MORE:   0

[HDD (BASE 65) ]
TOTAL THIS MO.    13    CLEAR  (SCALE 0-3)  19
DPTR FM NORMAL    13    PTCLDY (SCALE 4-7)  10
TOTAL FM JUL 1    13    CLOUDY (SCALE 8-10)  1
DPTR FM NORMAL    13

[CDD (BASE 65) ]
TOTAL THIS MO.   182
DPTR FM NORMAL   -47    [PRESSURE DATA]
TOTAL FM JAN 1   336    HIGHEST SLP M ON M
DPTR FM NORMAL   -79    LOWEST  SLP M ON M

[REMARKS]
