000
CXUS53 KARX 250930
CF6CCY
PRELIMINARY LOCAL CLIMATOLOGICAL DATA (WS FORM: F-6)

                                          STATION:   CHARLES_CITY IA
                                          MONTH:     AUGUST
                                          YEAR:      2016
                                          LATITUDE:   43  4 N
                                          LONGITUDE:  92 37 W

  TEMPERATURE IN F:       :PCPN:    SNOW:  WIND      :SUNSHINE: SKY     :PK WND
================================================================================
1   2   3   4   5  6A  6B    7    8   9   10  11  12  13   14  15   16   17  18
                                     12Z  AVG MX 2MIN
DY MAX MIN AVG DEP HDD CDD  WTR  SNW DPTH SPD SPD DIR MIN PSBL S-S WX    SPD DR
================================================================================

 1  81  66  74   2   0   9 0.00  0.0    0  7.9 17 130   M    M   5 1      27 130
 2  82  70  76   5   0  11 0.00  0.0    0  4.8  9 170   M    M   6 1       M  M
 3  86  66  76   5   0  11 0.00  0.0    0  4.0  8 170   M    M   3 12     12  99
 4  84  66  75   4   0  10 1.51  0.0    0  7.2 16 170   M    M   3 13     22 180
 5  77  59  68  -3   0   3 0.00  0.0    0  7.6 14 340   M    M   2        18 330
 6  79  57  68  -3   0   3 0.00  0.0    0  4.6  9 340   M    M   1        15  99
 7  77  59  68  -3   0   3 0.00  0.0    0  3.0  7 110   M    M   1         M  M
 8  81  59  70  -1   0   5 0.00  0.0    0  6.1 10 130   M    M   2        20 160
 9  84  64  74   3   0   9 0.00  0.0    0  5.6 12 190   M    M   4        17 190
10  86  68  77   6   0  12 0.00  0.0    0  7.0 12 170   M    M   5 12      M  M
11  82  70  76   5   0  11 1.66  0.0    0  6.6 14 160   M    M   5 1      18 170
12  77  68  73   2   0   8 0.02  0.0    0  5.8 18 340   M    M   9 1      25 340
13  79  64  72   1   0   7 0.00  0.0    0  7.8 14 300   M    M   4        20 320
14  81  59  70  -1   0   5 0.00  0.0    0  3.1  8 300   M    M   1 12     12 330
15  79  59  69  -1   0   4 0.00  0.0    0  2.9  7 100   M    M   1 1       M  M
16  82  63  73   3   0   8 0.05  0.0    0  3.9  9 220   M    M   2 1       M  M
17  82  64  73   3   0   8 0.19  0.0    0  2.7 12 230   M    M   2        25  30
18  86  64  75   5   0  10 0.06  0.0    0  7.0 13  40   M    M   5 12     15 190
19  73  66  70   0   0   5 1.05  0.0    0  5.9 13 130   M    M   6 1      20 130
20  70  55  63  -7   2   0 0.14  0.0    0  8.2 17 340   M    M   6 1      29 340
21   M  54   M   M   M   M 0.00  0.0    0   M   M   M   M    M   M         M  M
22  79   M   M   M   M   M 0.00  0.0    M 12.3 18 180   M    M   0        27 190
23  81  61  71   2   0   6 2.13  0.0    0 11.4 23 310   M    M   4        45 310
24  79  64  72   3   0   7 0.00  0.0    0  6.9 10 290   M    M   8 1      18  60
================================================================================
SM 1847 1445         2 155  6.81     0.0 142.3          M       85
================================================================================
AV 80.3 62.8                               6.2 FASTST   M    M   4    MAX(MPH)
                                 MISC ---->  # 23 310                 45    M
================================================================================
NOTES:
# LAST OF SEVERAL OCCURRENCES

COLUMN 17 PEAK WIND IN M.P.H.

PRELIMINARY LOCAL CLIMATOLOGICAL DATA (WS FORM: F-6) , PAGE 2

                                          STATION:  CHARLES_CITY IA
                                          MONTH:    AUGUST
                                          YEAR:     2016
                                          LATITUDE:   43  4 N
                                          LONGITUDE:  92 37 W

[TEMPERATURE DATA]      [PRECIPITATION DATA]       SYMBOLS USED IN COLUMN 16

AVERAGE MONTHLY: 71.6   TOTAL FOR MONTH:   6.81    1 = FOG OR MIST
DPTR FM NORMAL:   1.0   DPTR FM NORMAL:    3.59    2 = FOG REDUCING VISIBILITY
HIGHEST:    86 ON 18,10 GRTST 24HR  2.13 ON 23-23      TO 1/4 MILE OR LESS
LOWEST:     54 ON 21                               3 = THUNDER
                        SNOW, ICE PELLETS, HAIL    4 = ICE PELLETS
                        TOTAL MONTH:   0.0 INCH    5 = HAIL
                        GRTST 24HR     0.0         6 = FREEZING RAIN OR DRIZZLE
                        GRTST DEPTH:   0           7 = DUSTSTORM OR SANDSTORM:
                                                       VSBY 1/2 MILE OR LESS
                                                   8 = SMOKE OR HAZE
[NO. OF DAYS WITH]      [WEATHER - DAYS WITH]      9 = BLOWING SNOW
                                                   X = TORNADO
MAX 32 OR BELOW:   0    0.01 INCH OR MORE:   9
MAX 90 OR ABOVE:   0    0.10 INCH OR MORE:   6
MIN 32 OR BELOW:   0    0.50 INCH OR MORE:   4
MIN  0 OR BELOW:   0    1.00 INCH OR MORE:   4

[HDD (BASE 65) ]
TOTAL THIS MO.     2    CLEAR  (SCALE 0-3)  10
DPTR FM NORMAL   -12    PTCLDY (SCALE 4-7)  12
TOTAL FM JUL 1     2    CLOUDY (SCALE 8-10)  1
DPTR FM NORMAL   -20

[CDD (BASE 65) ]
TOTAL THIS MO.   155
DPTR FM NORMAL     8    [PRESSURE DATA]
TOTAL FM JAN 1   601    HIGHEST SLP M ON M
DPTR FM NORMAL    34    LOWEST  SLP M ON M

[REMARKS]
