000
CXUS55 KEAX 260736
CF6CDJ
PRELIMINARY LOCAL CLIMATOLOGICAL DATA (WS FORM: F-6)

                                          STATION:   CHILLICOTHE MO
                                          MONTH:     FEBRUARY
                                          YEAR:      2015
                                          LATITUDE:   39 49 N
                                          LONGITUDE:  93 35 W

  TEMPERATURE IN F:       :PCPN:    SNOW:  WIND      :SUNSHINE: SKY     :PK WND
================================================================================
1   2   3   4   5  6A  6B    7    8   9   10  11  12  13   14  15   16   17  18
                                     12Z  AVG MX 2MIN
DY MAX MIN AVG DEP HDD CDD  WTR  SNW DPTH SPD SPD DIR MIN PSBL S-S WX    SPD DR
================================================================================

 1  36  15  26  -2  39   0 0.44    M    M  8.2 22 350   M    M   0        34 350
 2  19   5  12 -16  53   0 0.00    M    M  5.3 12 150   M    M   0        20 330
 3  43  15  29   1  36   0 0.00    M    M  5.3 14 170   M    M   0        20 200
 4  34   3  19 -10  46   0 0.07    M    M  6.4 15 350   M    M   0        22 350
 5  23  -7   8 -21  57   0 0.00    M    M  3.9 12 190   M    M   0        16 190
 6  50  22  36   7  29   0 0.00    M    M  6.4 18 190   M    M   0        25 200
 7  59  36  48  19  17   0 0.00    M    M  6.7 16 200   M    M   0        24 190
 8  55  36  46  17  19   0 0.00    M    M  5.9 15 310   M    M   0        21 310
 9  37  30  34   4  31   0 0.00    M    M  5.9 14  20   M    M   0        19  30
10  45  25  35   5  30   0 0.00    M    M  6.0 14 160   M    M   0        19 160
11  39  28  34   4  31   0 0.00    M    M  8.6 18 350   M    M   0        28 340
12  30   9  20 -10  45   0 0.01    M    M  7.8 23 330   M    M   0        37 330
13  44  17  31   0  34   0 0.00    M    M  5.0 13 280   M    M   0        17 230
14  36  13  25  -6  40   0 0.00    M    M 10.1 24  10   M    M   0        33 360
15  17  10  14 -17  51   0 0.22    M    M  7.9 14  90   M    M   0        19  80
16  24  12  18 -14  47   0 0.00    M    M  4.1  8  30   M    M   0        11 270
17  29  10  20 -12  45   0 0.01    M    M  3.5 14 310   M    M   0        21 310
18  17   0   9 -23  56   0 0.00    M    M  8.0 20 310   M    M   0        33 300
19  19  -4   8 -24  57   0 0.00    M    M  3.5 10 140   M    M   0        15 130
20  34  14  24  -9  41   0 0.16    M    M  7.2 15 190   M    M   0        20 210
21  46  26  36   3  29   0 0.00    M    M  6.0 13 360   M    M   0        22 360
22  26  10  18 -16  47   0 0.00    M    M  9.3 17 350   M    M   0        26 350
23  20   4  12 -22  53   0 0.00    M    M  4.7 10  10   M    M   0        15  20
24  44  10  27  -7  38   0 0.00    M    M  6.4 16 300   M    M   0        25 250
25  50  19  35   0  30   0 0.14    M    M  7.4 24 360   M    M   0        36 360
================================================================================
SM  876  358      1001   0  1.05    M    159.5          M        0
================================================================================
AV 35.0 14.3                               6.4 FASTST   M    M   0    MAX(MPH)
                                 MISC ---->  # 24  10               # 37  330
================================================================================
NOTES:
# LAST OF SEVERAL OCCURRENCES

COLUMN 17 PEAK WIND IN M.P.H.

PRELIMINARY LOCAL CLIMATOLOGICAL DATA (WS FORM: F-6) , PAGE 2

                                          STATION:  CHILLICOTHE MO
                                          MONTH:    FEBRUARY
                                          YEAR:     2015
                                          LATITUDE:   39 49 N
                                          LONGITUDE:  93 35 W

[TEMPERATURE DATA]      [PRECIPITATION DATA]       SYMBOLS USED IN COLUMN 16

AVERAGE MONTHLY: 24.7   TOTAL FOR MONTH:   1.05    1 = FOG OR MIST
DPTR FM NORMAL:  -6.2   DPTR FM NORMAL:   -0.27    2 = FOG REDUCING VISIBILITY
HIGHEST:    59 ON  7    GRTST 24HR  1.42 ON 31- 1      TO 1/4 MILE OR LESS
LOWEST:     -7 ON  5                               3 = THUNDER
                        SNOW, ICE PELLETS, HAIL    4 = ICE PELLETS
                        TOTAL MONTH:    M          5 = HAIL
                        GRTST 24HR    M  ON   M    6 = FREEZING RAIN OR DRIZZLE
                        GRTST DEPTH:  M  ON   M    7 = DUSTSTORM OR SANDSTORM:
                                                       VSBY 1/2 MILE OR LESS
                                                   8 = SMOKE OR HAZE
[NO. OF DAYS WITH]      [WEATHER - DAYS WITH]      9 = BLOWING SNOW
                                                   X = TORNADO
MAX 32 OR BELOW:  10    0.01 INCH OR MORE:   7
MAX 90 OR ABOVE:   0    0.10 INCH OR MORE:   4
MIN 32 OR BELOW:  23    0.50 INCH OR MORE:   0
MIN  0 OR BELOW:   3    1.00 INCH OR MORE:   0

[HDD (BASE 65) ]
TOTAL THIS MO.  1001    CLEAR  (SCALE 0-3)  25
DPTR FM NORMAL   150    PTCLDY (SCALE 4-7)   0
TOTAL FM JUL 1  4165    CLOUDY (SCALE 8-10)  0
DPTR FM NORMAL   -74

[CDD (BASE 65) ]
TOTAL THIS MO.     0
DPTR FM NORMAL     0    [PRESSURE DATA]
TOTAL FM JAN 1     0    HIGHEST SLP  0.00 ON M
DPTR FM NORMAL     0    LOWEST  SLP  0.00 ON M

[REMARKS]
