000
CXUS55 KCYS 301000
CF6CDR
PRELIMINARY LOCAL CLIMATOLOGICAL DATA (WS FORM: F-6)

                                          STATION:   CHADRON NEBRASKA AIRPORT
                                          MONTH:     APRIL
                                          YEAR:      2017
                                          LATITUDE:   42 50 N
                                          LONGITUDE: 103  6 W

  TEMPERATURE IN F:       :PCPN:    SNOW:  WIND      :SUNSHINE: SKY     :PK WND
================================================================================
1   2   3   4   5  6A  6B    7    8   9   10  11  12  13   14  15   16   17  18
                                     12Z  AVG MX 2MIN
DY MAX MIN AVG DEP HDD CDD  WTR  SNW DPTH SPD SPD DIR MIN PSBL S-S WX    SPD DR
================================================================================

 1  52  33  43   3  22   0    T    M    M  5.0 17 200   M    M   6 1      23 210
 2  63  31  47   6  18   0 0.06    M    M  9.0 29  10   M    M   3 1      33 360
 3  45  37  41   0  24   0 0.57    M    M  5.2 15  40   M    M  10 1      19  90
 4  46  30  38  -3  27   0 0.01    M    M  4.5 20 350   M    M   8        26 350
 5  57  29  43   2  22   0 0.00    M    M  6.4 21 320   M    M   2        26 320
 6  67  29  48   6  17   0 0.00    M    M 10.4 36 180   M    M   1        45 170
 7  81  48  65  23   0   0 0.00    M    M 13.6 32 180   M    M   0        41 170
 8  73  42  58  16   7   0    T    M    M  7.0 22  10   M    M   2        34 200
 9  65  34  50   7  15   0    T    M    M 15.2 37 270   M    M   5        44 300
10  49  32  41  -2  24   0 0.25    M    M  6.0 32 300   M    M   7 1      39 300
11  65  36  51   8  14   0 0.00    M    M  8.7 20 270   M    M   0        23 260
12  65  36  51   7  14   0 0.00    M    M  5.8 15  30   M    M   0        19  20
13  77  34  56  12   9   0 0.00    M    M 20.8 43 180   M    M   0 1      55 180
14  77  48  63  19   2   0    T    M    M 11.1 40 180   M    M   1        50 180
15  64  35  50   6  15   0 0.00    M    M  9.5 25 300   M    M   0        33 310
16  69  28  49   4  16   0 0.00    M    M  7.8 22 140   M    M   1        28  30
17  71  28  50   5  15   0    T    M    M 14.6 37 170   M    M   4        44 290
18  65  35  50   4  15   0 0.15    M    M  8.6 23 100   M    M   5 3      28 110
19  60  36  48   2  17   0 0.30    M    M 13.9 36 310   M    M   4 13     46 310
20  65  32  49   3  16   0 0.00    M    M  7.5 14 100   M    M   1        18 100
21  56  36  46  -1  19   0 0.00    M    M  8.1 18 150   M    M   5        21 140
22  65  31  48   1  17   0 0.00    M    M  9.0 18 190   M    M   1        23 200
23  76  46  61  14   4   0 0.00    M    M 15.2 26 180   M    M   0        34 320
24  67  40  54   6  11   0 0.28    M    M 10.4 21 320   M    M   3 1      26 330
25  46  28  37 -11  28   0 0.24    M    M 14.3 23  40   M    M  10 18     27  40
26  48  29  39  -9  26   0 0.00    M    M  5.0 15  40   M    M   6 1      19  40
27  51  28  40  -9  25   0 0.50    M    M  9.5 20 110   M    M   9 1      23 100
28  44  30  37 -12  28   0 0.55    M    M 10.8 22  80   M    M  10 1      28  70
29  51  30  41  -9  24   0 0.00    M    M  5.2 17  30   M    M   4        26  40
================================================================================
SM 1780  991       491   0  2.91    M    278.1          M      108
================================================================================
AV 61.4 34.2                               9.6 FASTST   M    M   4    MAX(MPH)
                                 MISC ---->  # 43 180               # 55  180
================================================================================
NOTES:
# LAST OF SEVERAL OCCURRENCES

COLUMN 17 PEAK WIND IN M.P.H.

PRELIMINARY LOCAL CLIMATOLOGICAL DATA (WS FORM: F-6) , PAGE 2

                                          STATION:  CHADRON NEBRASKA AIRPORT
                                          MONTH:    APRIL
                                          YEAR:     2017
                                          LATITUDE:   42 50 N
                                          LONGITUDE: 103  6 W

[TEMPERATURE DATA]      [PRECIPITATION DATA]       SYMBOLS USED IN COLUMN 16

AVERAGE MONTHLY: 47.8   TOTAL FOR MONTH:   2.91    1 = FOG OR MIST
DPTR FM NORMAL:   3.1   DPTR FM NORMAL:    1.02    2 = FOG REDUCING VISIBILITY
HIGHEST:    81 ON  7    GRTST 24HR  1.05 ON 27-28      TO 1/4 MILE OR LESS
LOWEST:     28 ON 27,25                            3 = THUNDER
                        SNOW, ICE PELLETS, HAIL    4 = ICE PELLETS
                        TOTAL MONTH:    M          5 = HAIL
                        GRTST 24HR    M  ON   M    6 = FREEZING RAIN OR DRIZZLE
                        GRTST DEPTH:  M  ON   M    7 = DUSTSTORM OR SANDSTORM:
                                                       VSBY 1/2 MILE OR LESS
                                                   8 = SMOKE OR HAZE
[NO. OF DAYS WITH]      [WEATHER - DAYS WITH]      9 = BLOWING SNOW
                                                   X = TORNADO
MAX 32 OR BELOW:   0    0.01 INCH OR MORE:  10
MAX 90 OR ABOVE:   0    0.10 INCH OR MORE:   8
MIN 32 OR BELOW:  14    0.50 INCH OR MORE:   3
MIN  0 OR BELOW:   0    1.00 INCH OR MORE:   0

[HDD (BASE 65) ]
TOTAL THIS MO.   491    CLEAR  (SCALE 0-3)  13
DPTR FM NORMAL  -100    PTCLDY (SCALE 4-7)  12
TOTAL FM JUL 1  6121    CLOUDY (SCALE 8-10)  4
DPTR FM NORMAL  -627

[CDD (BASE 65) ]
TOTAL THIS MO.     0
DPTR FM NORMAL     0    [PRESSURE DATA]
TOTAL FM JAN 1     0    HIGHEST SLP M ON M
DPTR FM NORMAL     0    LOWEST  SLP 29.41 ON 25

[REMARKS]
