000
CXUS55 KCYS 211000
CF6CDR
PRELIMINARY LOCAL CLIMATOLOGICAL DATA (WS FORM: F-6)

                                          STATION:   CHADRON NEBRASKA AIRPORT
                                          MONTH:     JULY
                                          YEAR:      2017
                                          LATITUDE:   42 50 N
                                          LONGITUDE: 103  6 W

  TEMPERATURE IN F:       :PCPN:    SNOW:  WIND      :SUNSHINE: SKY     :PK WND
================================================================================
1   2   3   4   5  6A  6B    7    8   9   10  11  12  13   14  15   16   17  18
                                     12Z  AVG MX 2MIN
DY MAX MIN AVG DEP HDD CDD  WTR  SNW DPTH SPD SPD DIR MIN PSBL S-S WX    SPD DR
================================================================================

 1  91  43  67  -4   0   2 0.00    M    M  3.6 14 360   M    M   0        18 350
 2  97  50  74   3   0   9 0.00    M    M  8.1 30 360   M    M   0 3      41 360
 3  98  62  80   9   0  15    T    M    M 10.6 30 140   M    M   2 3      36 140
 4  99  53  76   4   0  11 0.00    M    M  5.2 20  50   M    M   0        24  60
 5 103  52  78   6   0  13 0.00    M    M  5.4 18 170   M    M   0        26 170
 6 102  56  79   7   0  14 0.37    M    M  7.1 43 320   M    M   1 3      64 320
 7  94  60  77   5   0  12 0.00    M    M  4.6 18  40   M    M   0 1      25  40
 8  95  61  78   5   0  13 0.00    M    M  8.1 20 170   M    M   0        26 170
 9 107  55  81   8   0  16    T    M    M  7.6 31 160   M    M   0 3      44 180
10  95  69  82   9   0  17 0.01    M    M  8.2 30  60   M    M   1 3      35  60
11  99  59  79   6   0  14    T    M    M  6.7 25 290   M    M   1        30 290
12  90  58  74   1   0   9 0.34    M    M  6.5 30  10   M    M   2 1      38  10
13  93  58  76   2   0  11 0.00    M    M  8.6 22 180   M    M   0        27 180
14  97  65  81   7   0  16 0.00    M    M 10.0 22 190   M    M   0        26 190
15 100  63  82   8   0  17 0.00    M    M  6.8 20 190   M    M   1        23 190
16  97  60  79   5   0  14 0.00    M    M 11.7 25 160   M    M   0        36 160
17 101  64  83   9   0  18 0.02    M    M  4.4 14  70   M    M   2 3       M  M
18  91  65  78   4   0  13    T    M    M  6.8 20  20   M    M   2 3      23  30
19 108  67  88  14   0  23 0.06    M    M 12.5 36 200   M    M   0 13     43 200
20  94  67  81   7   0  16 0.09    M    M  9.2 24 270   M    M   2 13     30 280
================================================================================
SM 1951 1187         0 273  0.89    M    151.7          M       14
================================================================================
AV 97.6 59.4                               7.6 FASTST   M    M   1    MAX(MPH)
                                 MISC ---->  # 43 320               # 64  320
================================================================================
NOTES:
# LAST OF SEVERAL OCCURRENCES

COLUMN 17 PEAK WIND IN M.P.H.

PRELIMINARY LOCAL CLIMATOLOGICAL DATA (WS FORM: F-6) , PAGE 2

                                          STATION:  CHADRON NEBRASKA AIRPORT
                                          MONTH:    JULY
                                          YEAR:     2017
                                          LATITUDE:   42 50 N
                                          LONGITUDE: 103  6 W

[TEMPERATURE DATA]      [PRECIPITATION DATA]       SYMBOLS USED IN COLUMN 16

AVERAGE MONTHLY: 78.5   TOTAL FOR MONTH:   0.89    1 = FOG OR MIST
DPTR FM NORMAL:   5.5   DPTR FM NORMAL:   -0.53    2 = FOG REDUCING VISIBILITY
HIGHEST:   108 ON 19    GRTST 24HR  0.37 ON  6- 6      TO 1/4 MILE OR LESS
LOWEST:     43 ON  1                               3 = THUNDER
                        SNOW, ICE PELLETS, HAIL    4 = ICE PELLETS
                        TOTAL MONTH:    M          5 = HAIL
                        GRTST 24HR    M  ON   M    6 = FREEZING RAIN OR DRIZZLE
                        GRTST DEPTH:  M  ON   M    7 = DUSTSTORM OR SANDSTORM:
                                                       VSBY 1/2 MILE OR LESS
                                                   8 = SMOKE OR HAZE
[NO. OF DAYS WITH]      [WEATHER - DAYS WITH]      9 = BLOWING SNOW
                                                   X = TORNADO
MAX 32 OR BELOW:   0    0.01 INCH OR MORE:   6
MAX 90 OR ABOVE:  20    0.10 INCH OR MORE:   2
MIN 32 OR BELOW:   0    0.50 INCH OR MORE:   0
MIN  0 OR BELOW:   0    1.00 INCH OR MORE:   0

[HDD (BASE 65) ]
TOTAL THIS MO.     0    CLEAR  (SCALE 0-3)  20
DPTR FM NORMAL    -5    PTCLDY (SCALE 4-7)   0
TOTAL FM JUL 1     0    CLOUDY (SCALE 8-10)  0
DPTR FM NORMAL    -5

[CDD (BASE 65) ]
TOTAL THIS MO.   273
DPTR FM NORMAL   107    [PRESSURE DATA]
TOTAL FM JAN 1   381    HIGHEST SLP M ON M
DPTR FM NORMAL    87    LOWEST  SLP 29.73 ON 11

[REMARKS]
