000
CXUS55 KCYS 241000
CF6CDR
PRELIMINARY LOCAL CLIMATOLOGICAL DATA (WS FORM: F-6)

                                          STATION:   CHADRON NEBRASKA AIRPORT
                                          MONTH:     NOVEMBER
                                          YEAR:      2017
                                          LATITUDE:   42 50 N
                                          LONGITUDE: 103  6 W

  TEMPERATURE IN F:       :PCPN:    SNOW:  WIND      :SUNSHINE: SKY     :PK WND
================================================================================
1   2   3   4   5  6A  6B    7    8   9   10  11  12  13   14  15   16   17  18
                                     12Z  AVG MX 2MIN
DY MAX MIN AVG DEP HDD CDD  WTR  SNW DPTH SPD SPD DIR MIN PSBL S-S WX    SPD DR
================================================================================

 1  55  33  44   3  21   0 0.18    M    M  8.4 21  50   M    M  10 1      25  40
 2  35  30  33  -7  32   0 0.19    M    M  9.2 18 130   M    M  10 1      23 130
 3  51  34  43   3  22   0    T    M    M 11.2 22 190   M    M   3        29 170
 4  43  30  37  -3  28   0 0.02    M    M  7.9 17  20   M    M   6 1      21  30
 5  42  28  35  -4  30   0    T    M    M  6.0 14 190   M    M  10        18 180
 6  42  21  32  -7  33   0    T    M    M 10.7 21  40   M    M  10 1      27  40
 7  37  18  28 -10  37   0    T    M    M  6.6 16 230   M    M   3        20 220
 8  52  17  35  -3  30   0 0.00    M    M  7.3 18 230   M    M   0        23 230
 9  37  22  30  -7  35   0 0.00    M    M 10.7 24 190   M    M   2        33 190
10  53  29  41   4  24   0 0.00    M    M  7.3 23 190   M    M   0        30 180
11  54  21  38   2  27   0 0.00    M    M  3.8 13  20   M    M   3 1      16  30
12  57  20  39   3  26   0 0.00    M    M  9.2 25 170   M    M   0        31 170
13  67  29  48  13  17   0 0.00    M    M  3.9 12 210   M    M   0        15 320
14  69  32  51  16  14   0 0.00    M    M  8.5 20 330   M    M   3        25 330
15  54  22  38   4  27   0 0.00    M    M  9.8 20 190   M    M   0        26 190
16  78  30  54  20  11   0 0.00    M    M 11.4 29 240   M    M   1        34 230
17  47  36  42   9  23   0 0.06    M    M  6.2 21  10   M    M   9 1      26  10
18  46  21  34   1  31   0 0.00    M    M 12.0 25 300   M    M   0        33 310
19  60  18  39   7  26   0 0.00    M    M  5.7 16 280   M    M   0        20 290
20  63  21  42  10  23   0 0.00    M    M  8.7 31 290   M    M   1        41 280
21  44  22  33   2  32   0    T    M    M  6.6 23  20   M    M   4 1      30  20
22  69  24  47  16  18   0 0.00    M    M  6.9 16 310   M    M   2        20 310
23  75  30  53  23  12   0 0.00    M    M  8.1 23 280   M    M   0        27 290
================================================================================
SM 1230  588       579   0  0.45    M    186.1          M       77
================================================================================
AV 53.5 25.6                               8.1 FASTST   M    M   3    MAX(MPH)
                                 MISC ---->  # 31 290               # 41  280
================================================================================
NOTES:
# LAST OF SEVERAL OCCURRENCES

COLUMN 17 PEAK WIND IN M.P.H.

PRELIMINARY LOCAL CLIMATOLOGICAL DATA (WS FORM: F-6) , PAGE 2

                                          STATION:  CHADRON NEBRASKA AIRPORT
                                          MONTH:    NOVEMBER
                                          YEAR:     2017
                                          LATITUDE:   42 50 N
                                          LONGITUDE: 103  6 W

[TEMPERATURE DATA]      [PRECIPITATION DATA]       SYMBOLS USED IN COLUMN 16

AVERAGE MONTHLY: 39.5   TOTAL FOR MONTH:   0.45    1 = FOG OR MIST
DPTR FM NORMAL:   3.8   DPTR FM NORMAL:   -0.06    2 = FOG REDUCING VISIBILITY
HIGHEST:    78 ON 16    GRTST 24HR  0.19 ON  2- 2      TO 1/4 MILE OR LESS
LOWEST:     17 ON  8                               3 = THUNDER
                        SNOW, ICE PELLETS, HAIL    4 = ICE PELLETS
                        TOTAL MONTH:    M          5 = HAIL
                        GRTST 24HR    M  ON   M    6 = FREEZING RAIN OR DRIZZLE
                        GRTST DEPTH:  M  ON   M    7 = DUSTSTORM OR SANDSTORM:
                                                       VSBY 1/2 MILE OR LESS
                                                   8 = SMOKE OR HAZE
[NO. OF DAYS WITH]      [WEATHER - DAYS WITH]      9 = BLOWING SNOW
                                                   X = TORNADO
MAX 32 OR BELOW:   0    0.01 INCH OR MORE:   4
MAX 90 OR ABOVE:   0    0.10 INCH OR MORE:   2
MIN 32 OR BELOW:  20    0.50 INCH OR MORE:   0
MIN  0 OR BELOW:   0    1.00 INCH OR MORE:   0

[HDD (BASE 65) ]
TOTAL THIS MO.   579    CLEAR  (SCALE 0-3)  13
DPTR FM NORMAL   -94    PTCLDY (SCALE 4-7)   5
TOTAL FM JUL 1  1279    CLOUDY (SCALE 8-10)  5
DPTR FM NORMAL  -147

[CDD (BASE 65) ]
TOTAL THIS MO.     0
DPTR FM NORMAL     0    [PRESSURE DATA]
TOTAL FM JAN 1   776    HIGHEST SLP  0.00 ON  4
DPTR FM NORMAL    64    LOWEST  SLP 29.30 ON  1

[REMARKS]
