000
CXUS51 KLWX 300620
CF6CHO
PRELIMINARY LOCAL CLIMATOLOGICAL DATA (WS FORM: F-6)

                                          STATION:   CHARLOTTESVILLE VA
                                          MONTH:     JULY
                                          YEAR:      2014
                                          LATITUDE:   38  7 N
                                          LONGITUDE:  78 27 W

  TEMPERATURE IN F:       :PCPN:    SNOW:  WIND      :SUNSHINE: SKY     :PK WND
================================================================================
1   2   3   4   5  6A  6B    7    8   9   10  11  12  13   14  15   16   17  18
                                     12Z  AVG MX 2MIN
DY MAX MIN AVG DEP HDD CDD  WTR  SNW DPTH SPD SPD DIR MIN PSBL S-S WX    SPD DR
================================================================================

 1  92  70  81   6   0  16 0.00    M    M  7.5 16 200   M    M   3        23 200
 2  95  72  84   9   0  19    T    M    M  7.0 17 310   M    M   1 3      24 320
 3  88  69  79   4   0  14 1.29    M    M  3.5 24 300   M    M   5 123    36 300
 4  80  61  71  -4   0   6 0.00    M    M  7.1 16 340   M    M   4        26 360
 5  81  52  67  -8   0   2 0.00    M    M  2.3  9 160   M    M   0        13 170
 6  85  56  71  -5   0   6 0.00    M    M  5.3 14 210   M    M   1        20 190
 7  89  65  77   1   0  12 0.00    M    M  8.4 18 210   M    M   1        27 210
 8  91  68  80   4   0  15 0.11    M    M  7.6 23 210   M    M   1 13     32 240
 9  85  68  77   1   0  12 0.01    M    M  4.9 14 210   M    M   3        21 230
10  83  67  75  -1   0  10 0.01    M    M  2.9  9 180   M    M   6 12     14 120
11  85  63  74  -2   0   9 0.00    M    M  2.6  9  80   M    M   3 12     13  60
12  88  68  78   2   0  13 0.00    M    M  4.3 14 170   M    M   5 18     19 170
13  91  70  81   5   0  16    T    M    M  8.9 17 200   M    M   2        24 200
14  93  72  83   7   0  18 0.67    M    M  5.2 33 180   M    M   1 138    43 180
15  86  70  78   2   0  13 0.04    M    M  3.4 12  70   M    M   5 12     15  60
16  81  67  74  -2   0   9 0.00    M    M  4.1 10 330   M    M   6        13 360
17  82  61  72  -4   0   7 0.00    M    M  2.2  8  60   M    M   4        11  80
18  82  59  71  -5   0   6    T    M    M  3.5 10 100   M    M   2 1      14 170
19  79  63  71  -5   0   6 0.07    M    M  3.2  9  70   M    M   7 1      12  50
20  78  61  70  -6   0   5 0.00    M    M  1.2  9 170   M    M   9        12 190
21  81  68  75  -1   0  10 0.06    M    M  2.6 12 150   M    M  10 138    15 140
22  85  72  79   3   0  14    T    M    M  4.3 10 190   M    M   7 1      14 160
23  93  69  81   6   0  16 0.29    M    M  4.1 18 330   M    M   3 138    26 310
24  76  64  70  -5   0   5 0.28    M    M  3.5 15  30   M    M   8 123    19  40
25  82  59  71  -4   0   6 0.00    M    M  2.8 12 160   M    M   4 12     15 150
26  87  65  76   1   0  11 0.01    M    M  2.9 14 190   M    M   5 1      20 190
27  83  68  76   1   0  11 0.21    M    M  6.6 15 200   M    M   4 13     20 190
28  82  63  73  -2   0   8 0.00    M    M  6.2 13 200   M    M   3        20 300
29  77  56  67  -8   0   2 0.00    M    M  4.4  9 340   M    M   4        14  40
================================================================================
SM 2460 1886         0 297  3.05    M    132.5          M      117
================================================================================
AV 84.8 65.0                               4.6 FASTST   M    M   4    MAX(MPH)
                                 MISC ---->  # 33 180               # 43  180
================================================================================
NOTES:
# LAST OF SEVERAL OCCURRENCES

COLUMN 17 PEAK WIND IN M.P.H.

PRELIMINARY LOCAL CLIMATOLOGICAL DATA (WS FORM: F-6) , PAGE 2

                                          STATION:  CHARLOTTESVILLE VA
                                          MONTH:    JULY
                                          YEAR:     2014
                                          LATITUDE:   38  7 N
                                          LONGITUDE:  78 27 W

[TEMPERATURE DATA]      [PRECIPITATION DATA]       SYMBOLS USED IN COLUMN 16

AVERAGE MONTHLY: 74.9   TOTAL FOR MONTH:   3.05    1 = FOG OR MIST
DPTR FM NORMAL:  -0.7   DPTR FM NORMAL:   -1.00    2 = FOG REDUCING VISIBILITY
HIGHEST:    95 ON  2    GRTST 24HR  1.29 ON  3- 3      TO 1/4 MILE OR LESS
LOWEST:     52 ON  5                               3 = THUNDER
                        SNOW, ICE PELLETS, HAIL    4 = ICE PELLETS
                        TOTAL MONTH:    M          5 = HAIL
                        GRTST 24HR    M  ON   M    6 = FREEZING RAIN OR DRIZZLE
                        GRTST DEPTH:  M  ON   M    7 = DUSTSTORM OR SANDSTORM:
                                                       VSBY 1/2 MILE OR LESS
                                                   8 = SMOKE OR HAZE
[NO. OF DAYS WITH]      [WEATHER - DAYS WITH]      9 = BLOWING SNOW
                                                   X = TORNADO
MAX 32 OR BELOW:   0    0.01 INCH OR MORE:  12
MAX 90 OR ABOVE:   6    0.10 INCH OR MORE:   6
MIN 32 OR BELOW:   0    0.50 INCH OR MORE:   2
MIN  0 OR BELOW:   0    1.00 INCH OR MORE:   1

[HDD (BASE 65) ]
TOTAL THIS MO.     0    CLEAR  (SCALE 0-3)  12
DPTR FM NORMAL     0    PTCLDY (SCALE 4-7)  15
TOTAL FM JUL 1     0    CLOUDY (SCALE 8-10)  2
DPTR FM NORMAL     0

[CDD (BASE 65) ]
TOTAL THIS MO.   297
DPTR FM NORMAL   -10    [PRESSURE DATA]
TOTAL FM JAN 1   685    HIGHEST SLP M ON M
DPTR FM NORMAL    73    LOWEST  SLP 29.59 ON 28

[REMARKS]
