000
CXUS52 KCHS 290715
CF6CHS
PRELIMINARY LOCAL CLIMATOLOGICAL DATA (WS FORM: F-6)

                                          STATION:   NORTH CHARLESTON SC
                                          MONTH:     JUNE
                                          YEAR:      2015
                                          LATITUDE:   32 54 N
                                          LONGITUDE:  80  2 W

  TEMPERATURE IN F:       :PCPN:    SNOW:  WIND      :SUNSHINE: SKY     :PK WND
================================================================================
1   2   3   4   5  6A  6B    7    8   9   10  11  12  13   14  15   16   17  18
                                     12Z  AVG MX 2MIN
DY MAX MIN AVG DEP HDD CDD  WTR  SNW DPTH SPD SPD DIR MIN PSBL S-S WX    SPD DR
================================================================================

 1  88  68  78   2   0  13 0.00  0.0    0  5.7 18 170   M    M   5 1      26 180
 2  84  71  78   1   0  13 1.04  0.0    0  3.6 14 200   M    M   7 13     20  50
 3  79  68  74  -3   0   9 1.98  0.0    0  6.4 15 340   M    M   9 13     21 340
 4  84  67  76  -1   0  11 0.28  0.0    0  5.4 13 110   M    M   6 13     22 130
 5  85  65  75  -2   0  10 0.00  0.0    0  5.2 13 340   M    M   4        20  30
 6  91  70  81   4   0  16 0.00  0.0    0  5.6 13 210   M    M   4        16 330
 7  86  71  79   1   0  14 0.00  0.0    0  6.8 21 110   M    M   4 1      26 100
 8  87  66  77  -1   0  12 0.00  0.0    0  6.6 17 200   M    M   3 1      22 160
 9  89  69  79   1   0  14 2.40  0.0    0  7.9 24 330   M    M   7 13     30 320
10  88  69  79   1   0  14    T  0.0    0  5.4 13 190   M    M   7        15 200
11  89  72  81   3   0  16 0.00  0.0    0  6.9 17 180   M    M   5        22 190
12  91  75  83   5   0  18 0.00  0.0    0  9.4 26 220   M    M   4        30 210
13  95  74  85   6   0  20    T  0.0    0  8.7 17 310   M    M   2        23 310
14  98  75  87   8   0  22 0.00  0.0    0  5.7 15 230   M    M   2        21 230
15  98  76  87   8   0  22 0.00  0.0    0  6.9 15 210   M    M   1        20 300
16  99  77  88   9   0  23 0.00  0.0    0  6.9 16 210   M    M   1        20 200
17  99  78  89  10   0  24 0.00  0.0    0  6.8 20 220   M    M   2 3      23 220
18  96  78  87   7   0  22 0.00  0.0    0  7.5 15 220   M    M   2        18 220
19  97  78  88   8   0  23    T  0.0    0  6.7 15 100   M    M   5 3      20 210
20  97  76  87   7   0  22 0.04  0.0    0  8.7 17 210   M    M   4 3      25 210
21  97  80  89   9   0  24 0.00  0.0    0  9.5 18 210   M    M   2        23 220
22  98  77  88   8   0  23    T  0.0    0  7.4 23  70   M    M   4 3      30  70
23  93  74  84   4   0  19 0.00  0.0    0  8.9 17 210   M    M   6        23 210
24  96  71  84   4   0  19 0.89  0.0    0 10.5 36 360   M    M   3 13     48 210
25  90  70  80   0   0  15 0.84  0.0    0  6.7 14 200   M    M   8 13     33 330
26  94  75  85   4   0  20 0.00  0.0    0  9.2 21 210   M    M   3        25 220
27  91  77  84   3   0  19 0.17  0.0    0 10.8 26 200   M    M   5 18     31 190
28  88  75  82   1   0  17    T  0.0    0  8.4 16 180   M    M   6 3      20 200
================================================================================
SM 2567 2042         0 494  7.64     0.0 204.2          M      121
================================================================================
AV 91.7 72.9                               7.3 FASTST   M    M   4    MAX(MPH)
                                 MISC ---->  # 36 360               # 48  210
================================================================================
NOTES:
# LAST OF SEVERAL OCCURRENCES

COLUMN 17 PEAK WIND IN M.P.H.

PRELIMINARY LOCAL CLIMATOLOGICAL DATA (WS FORM: F-6) , PAGE 2

                                          STATION:  NORTH CHARLESTON SC
                                          MONTH:    JUNE
                                          YEAR:     2015
                                          LATITUDE:   32 54 N
                                          LONGITUDE:  80  2 W

[TEMPERATURE DATA]      [PRECIPITATION DATA]       SYMBOLS USED IN COLUMN 16

AVERAGE MONTHLY: 82.3   TOTAL FOR MONTH:   7.64    1 = FOG OR MIST
DPTR FM NORMAL:   3.5   DPTR FM NORMAL:    2.43    2 = FOG REDUCING VISIBILITY
HIGHEST:    99 ON 17,16 GRTST 24HR  3.00 ON  2- 3      TO 1/4 MILE OR LESS
LOWEST:     65 ON  5                               3 = THUNDER
                        SNOW, ICE PELLETS, HAIL    4 = ICE PELLETS
                        TOTAL MONTH:   0.0 INCH    5 = HAIL
                        GRTST 24HR     0.0         6 = FREEZING RAIN OR DRIZZLE
                        GRTST DEPTH:   0           7 = DUSTSTORM OR SANDSTORM:
                                                       VSBY 1/2 MILE OR LESS
                                                   8 = SMOKE OR HAZE
[NO. OF DAYS WITH]      [WEATHER - DAYS WITH]      9 = BLOWING SNOW
                                                   X = TORNADO
MAX 32 OR BELOW:   0    0.01 INCH OR MORE:   8
MAX 90 OR ABOVE:  17    0.10 INCH OR MORE:   7
MIN 32 OR BELOW:   0    0.50 INCH OR MORE:   5
MIN  0 OR BELOW:   0    1.00 INCH OR MORE:   3

[HDD (BASE 65) ]
TOTAL THIS MO.     0    CLEAR  (SCALE 0-3)   9
DPTR FM NORMAL     0    PTCLDY (SCALE 4-7)  18
TOTAL FM JUL 1  1947    CLOUDY (SCALE 8-10)  1
DPTR FM NORMAL   -28

[CDD (BASE 65) ]
TOTAL THIS MO.   494
DPTR FM NORMAL   105    [PRESSURE DATA]
TOTAL FM JAN 1   927    HIGHEST SLP M ON M
DPTR FM NORMAL   176    LOWEST  SLP 29.83 ON  9

[REMARKS]
