000
CXUS52 KCHS 290715
CF6CHS
PRELIMINARY LOCAL CLIMATOLOGICAL DATA (WS FORM: F-6)

                                          STATION:   NORTH CHARLESTON SC
                                          MONTH:     MAY
                                          YEAR:      2017
                                          LATITUDE:   32 54 N
                                          LONGITUDE:  80  2 W

  TEMPERATURE IN F:       :PCPN:    SNOW:  WIND      :SUNSHINE: SKY     :PK WND
================================================================================
1   2   3   4   5  6A  6B    7    8   9   10  11  12  13   14  15   16   17  18
                                     12Z  AVG MX 2MIN
DY MAX MIN AVG DEP HDD CDD  WTR  SNW DPTH SPD SPD DIR MIN PSBL S-S WX    SPD DR
================================================================================

 1  84  70  77   8   0  12 0.85  0.0    0 17.8 30 210   M    M   7 13     39 200
 2  83  58  71   2   0   6 0.00  0.0    0  8.7 17 270   M    M   1        24 270
 3  85  54  70   1   0   5 0.00  0.0    0  6.3 16 130   M    M   3        20 150
 4  80  62  71   2   0   6 0.27  0.0    0 14.4 25 160   M    M   7 13     34 160
 5  74  54  64  -6   1   0 0.17  0.0    0 15.1 28 180   M    M   5 13     39 170
 6  74  51  63  -7   2   0 0.00  0.0    0 11.8 23 350   M    M   2        28 360
 7  75  55  65  -5   0   0 0.00  0.0    0  6.4 16 260   M    M   2        21 270
 8  79  52  66  -4   0   1 0.00  0.0    0  5.2 16 320   M    M   0        20 310
 9  88  56  72   1   0   7 0.00  0.0    0  7.2 16 200   M    M   1        22 260
10  91  64  78   7   0  13 0.00  0.0    0  7.3 14 210   M    M   1        17 340
11  92  70  81  10   0  16 0.00  0.0    0  9.0 20 310   M    M   5        27 280
12  87  70  79   7   0  14 0.00  0.0    0  8.4 16 130   M    M   7        20 140
13  74  64  69  -3   0   4 0.65  0.0    0  6.7 16 180   M    M   8 13     20 250
14  83  62  73   1   0   8 0.00  0.0    0  7.9 15 130   M    M   3        18 130
15  91  61  76   4   0  11 0.00  0.0    0  6.1 16 200   M    M   1        19 200
16  91  64  78   5   0  13 0.00  0.0    0  7.2 17 190   M    M   1        21 190
17  87  67  77   4   0  12 0.00  0.0    0  9.6 17 170   M    M   1        25 190
18  85  68  77   4   0  12 0.00  0.0    0  8.6 17 150   M    M   5        23 160
19  86  64  75   2   0  10 0.00  0.0    0  7.0 14 170   M    M   5        20 190
20  89  67  78   4   0  13 0.00  0.0    0  6.7 16 170   M    M   3 1      21 160
21  86  69  78   4   0  13 0.00  0.0    0 10.0 21 140   M    M   5        24 140
22  85  72  79   5   0  14 0.23  0.0    0  7.9 18 200   M    M   8 13     23 190
23  81  67  74   0   0   9 1.26  0.0    0  7.8 20 230   M    M   8 13     27 220
24  82  69  76   1   0  11 0.31  0.0    0 12.9 30 220   M    M   8 13     40 200
25  77  65  71  -4   0   6 0.00  0.0    0 12.6 24 260   M    M   4        35 260
26  84  60  72  -3   0   7 0.00  0.0    0  8.2 17 260   M    M   1        21 260
27  91  63  77   2   0  12 0.00  0.0    0  8.1 18 240   M    M   2        23 250
28  91  69  80   4   0  15 0.00  0.0    0 10.2 21 250   M    M   4        26 280
================================================================================
SM 2355 1767         3 250  3.74     0.0 255.1          M      108
================================================================================
AV 84.1 63.1                               9.1 FASTST   M    M   4    MAX(MPH)
                                 MISC ---->  # 30 210               # 40  200
================================================================================
NOTES:
# LAST OF SEVERAL OCCURRENCES

COLUMN 17 PEAK WIND IN M.P.H.

PRELIMINARY LOCAL CLIMATOLOGICAL DATA (WS FORM: F-6) , PAGE 2

                                          STATION:  NORTH CHARLESTON SC
                                          MONTH:    MAY
                                          YEAR:     2017
                                          LATITUDE:   32 54 N
                                          LONGITUDE:  80  2 W

[TEMPERATURE DATA]      [PRECIPITATION DATA]       SYMBOLS USED IN COLUMN 16

AVERAGE MONTHLY: 73.6   TOTAL FOR MONTH:   3.74    1 = FOG OR MIST
DPTR FM NORMAL:   1.4   DPTR FM NORMAL:    1.07    2 = FOG REDUCING VISIBILITY
HIGHEST:    92 ON 11    GRTST 24HR  1.26 ON 23-23      TO 1/4 MILE OR LESS
LOWEST:     51 ON  6                               3 = THUNDER
                        SNOW, ICE PELLETS, HAIL    4 = ICE PELLETS
                        TOTAL MONTH:   0.0 INCH    5 = HAIL
                        GRTST 24HR     0.0         6 = FREEZING RAIN OR DRIZZLE
                        GRTST DEPTH:   0           7 = DUSTSTORM OR SANDSTORM:
                                                       VSBY 1/2 MILE OR LESS
                                                   8 = SMOKE OR HAZE
[NO. OF DAYS WITH]      [WEATHER - DAYS WITH]      9 = BLOWING SNOW
                                                   X = TORNADO
MAX 32 OR BELOW:   0    0.01 INCH OR MORE:   7
MAX 90 OR ABOVE:   6    0.10 INCH OR MORE:   7
MIN 32 OR BELOW:   0    0.50 INCH OR MORE:   3
MIN  0 OR BELOW:   0    1.00 INCH OR MORE:   1

[HDD (BASE 65) ]
TOTAL THIS MO.     3    CLEAR  (SCALE 0-3)  14
DPTR FM NORMAL    -5    PTCLDY (SCALE 4-7)  13
TOTAL FM JUL 1  1228    CLOUDY (SCALE 8-10)  1
DPTR FM NORMAL  -743

[CDD (BASE 65) ]
TOTAL THIS MO.   250
DPTR FM NORMAL    38    [PRESSURE DATA]
TOTAL FM JAN 1   526    HIGHEST SLP M ON M
DPTR FM NORMAL   196    LOWEST  SLP 29.53 ON 24

[REMARKS]
