000
CXUS55 KDVN 201100
CF6CID
PRELIMINARY LOCAL CLIMATOLOGICAL DATA (WS FORM: F-6)

                                          STATION:   CEDAR RAPIDS IA
                                          MONTH:     JANUARY
                                          YEAR:      2017
                                          LATITUDE:   41 52 N
                                          LONGITUDE:  91 42 W

  TEMPERATURE IN F:       :PCPN:    SNOW:  WIND      :SUNSHINE: SKY     :PK WND
================================================================================
1   2   3   4   5  6A  6B    7    8   9   10  11  12  13   14  15   16   17  18
                                     12Z  AVG MX 2MIN
DY MAX MIN AVG DEP HDD CDD  WTR  SNW DPTH SPD SPD DIR MIN PSBL S-S WX    SPD DR
================================================================================

 1  37  13  25   5  40   0 0.00    M    M  6.6 16 190   M    M   1 1      23 200
 2  35  30  33  13  32   0 0.12    M    M  9.1 17 100   M    M  10 12     22 110
 3  35   9  22   2  43   0 0.05    M    M 19.6 32 310   M    M   7 1      40 310
 4  12   3   8 -12  57   0    T    M    M 19.0 28 300   M    M   2        34 300
 5  11  -3   4 -16  61   0    T    M    M 12.3 22 320   M    M   5 189    28 300
 6   8  -5   2 -18  63   0 0.00    M    M  8.4 17 300   M    M   4 1      21 310
 7  18   0   9 -10  56   0    T    M    M  9.2 21 310   M    M   2 1      24 320
 8  21  -4   9 -10  56   0 0.00    M    M 10.1 22 180   M    M   4        29 190
 9  34  13  24   5  41   0 0.00    M    M  8.5 17 130   M    M   5 1      23 150
10  46  22  34  15  31   0 0.25    M    M 18.4 37 280   M    M   9 1      46 280
11  37  16  27   8  38   0 0.00    M    M 12.0 22 360   M    M   7 18     26  10
12  21  13  17  -2  48   0    T    M    M 12.4 23 310   M    M   6 1      27 310
13  21   8  15  -4  50   0 0.00    M    M  9.5 20 350   M    M   5        22  10
14  31  16  24   5  41   0 0.00    M    M  5.0 12 310   M    M   6        14 330
15  32  17  25   6  40   0    T    M    M  3.8  8 110   M    M   3 68     10 110
16  34  28  31  12  34   0 0.68    M    M  9.0 16 110   M    M  10 126    21 110
17  34  32  33  14  32   0 0.00    M    M 10.6 21 290   M    M  10 12     24 280
18  38  27  33  14  32   0 0.00    M    M  9.4 20 190   M    M   7 12     23 200
19  37  28  33  14  32   0 0.30    M    M  7.7 14 100   M    M  10 12     18  90
================================================================================
SM  542  263       827   0  1.40    M    200.6          M      113
================================================================================
AV 28.5 13.8                              10.6 FASTST   M    M   6    MAX(MPH)
                                 MISC ---->  # 37 280               # 46  280
================================================================================
NOTES:
# LAST OF SEVERAL OCCURRENCES

COLUMN 17 PEAK WIND IN M.P.H.

PRELIMINARY LOCAL CLIMATOLOGICAL DATA (WS FORM: F-6) , PAGE 2

                                          STATION:  CEDAR RAPIDS IA
                                          MONTH:    JANUARY
                                          YEAR:     2017
                                          LATITUDE:   41 52 N
                                          LONGITUDE:  91 42 W

[TEMPERATURE DATA]      [PRECIPITATION DATA]       SYMBOLS USED IN COLUMN 16

AVERAGE MONTHLY: 21.2   TOTAL FOR MONTH:   1.40    1 = FOG OR MIST
DPTR FM NORMAL:   1.9   DPTR FM NORMAL:    0.85    2 = FOG REDUCING VISIBILITY
HIGHEST:    46 ON 10    GRTST 24HR  0.68 ON 16-16      TO 1/4 MILE OR LESS
LOWEST:     -5 ON  6                               3 = THUNDER
                        SNOW, ICE PELLETS, HAIL    4 = ICE PELLETS
                        TOTAL MONTH:    M          5 = HAIL
                        GRTST 24HR    M  ON   M    6 = FREEZING RAIN OR DRIZZLE
                        GRTST DEPTH:  M  ON   M    7 = DUSTSTORM OR SANDSTORM:
                                                       VSBY 1/2 MILE OR LESS
                                                   8 = SMOKE OR HAZE
[NO. OF DAYS WITH]      [WEATHER - DAYS WITH]      9 = BLOWING SNOW
                                                   X = TORNADO
MAX 32 OR BELOW:   9    0.01 INCH OR MORE:   5
MAX 90 OR ABOVE:   0    0.10 INCH OR MORE:   4
MIN 32 OR BELOW:  19    0.50 INCH OR MORE:   1
MIN  0 OR BELOW:   4    1.00 INCH OR MORE:   0

[HDD (BASE 65) ]
TOTAL THIS MO.   827    CLEAR  (SCALE 0-3)   4
DPTR FM NORMAL   -42    PTCLDY (SCALE 4-7)  10
TOTAL FM JUL 1  3040    CLOUDY (SCALE 8-10)  5
DPTR FM NORMAL  -568

[CDD (BASE 65) ]
TOTAL THIS MO.     0
DPTR FM NORMAL     0    [PRESSURE DATA]
TOTAL FM JAN 1     0    HIGHEST SLP M ON M
DPTR FM NORMAL     0    LOWEST  SLP 29.23 ON 10

[REMARKS]
