000
CXUS51 KCLE 291147
CF6CLE
PRELIMINARY LOCAL CLIMATOLOGICAL DATA (WS FORM: F-6)

                                          STATION:   CLEVELAND OH
                                          MONTH:     MARCH
                                          YEAR:      2015
                                          LATITUDE:   41 24 N
                                          LONGITUDE:  81 51 W

  TEMPERATURE IN F:       :PCPN:    SNOW:  WIND      :SUNSHINE: SKY     :PK WND
================================================================================
1   2   3   4   5  6A  6B    7    8   9   10  11  12  13   14  15   16   17  18
                                     12Z  AVG MX 2MIN
DY MAX MIN AVG DEP HDD CDD  WTR  SNW DPTH SPD SPD DIR MIN PSBL S-S WX    SPD DR
================================================================================

 1  29  18  24 -10  41   0 0.40  4.3   10  5.9 12 250   M    M  10 1      12 250
 2  29  15  22 -12  43   0    T    T   11  9.4 17 290   M    M   7 18     18 280
 3  42  19  31  -3  34   0 0.16  0.2    9 13.3 31 240   M    M  10 146    40 230
 4  36  21  29  -5  36   0    T  0.0    8 11.6 25 320   M    M  10 1      28 320
 5  21   5  13 -22  52   0    T    T    8 11.0 24 340   M    M   7        30 340
 6  24   1  13 -22  52   0 0.00  0.0    8 10.9 18 240   M    M   3        25 200
 7  41  19  30  -5  35   0 0.00  0.0    7 13.6 25 230   M    M   5        33 230
 8  41  29  35  -1  30   0    T  0.0    6  9.2 18 240   M    M   6 18     22 260
 9  47  30  39   3  26   0    T  0.0    6  5.5 16 250   M    M   5        21 240
10  45  30  38   2  27   0 0.02  0.0    3  5.5 12 200   M    M  10 128    15 180
11  46  30  38   2  27   0 0.01  0.0    2  5.5 12 350   M    M   5 128    14 230
12  49  30  40   3  25   0 0.00  0.0    T  7.1 15  40   M    M   2        17  50
13  56  35  46   9  19   0 0.22  0.0    T 11.5 20 180   M    M   8 1      24 160
14  50  39  45   7  20   0 0.33  0.0    0  9.8 20 320   M    M  10 128    26 290
15  47  34  41   3  24   0 0.00  0.0    0  9.5 18 320   M    M   9        25 320
16  61  38  50  12  15   0 0.00  0.0    0 10.1 18 200   M    M  10        24 200
17  60  30  45   6  20   0 0.00  0.0    0 14.5 32 340   M    M   5 18     39 340
18  45  23  34  -5  31   0 0.00  0.0    0  8.1 24 300   M    M   3        30 300
19  41  27  34  -5  31   0 0.00  0.0    0  8.1 17  30   M    M   8        20  20
20  47  32  40   0  25   0 0.00  0.0    0  4.5 16 250   M    M  10        20 250
21  51  30  41   1  24   0 0.00  0.0    0 11.5 23 240   M    M   9 8      28 250
22  30  20  25 -15  40   0 0.00  0.0    0  8.9 20  10   M    M   3        22  10
23  32  19  26 -15  39   0    T    T    0  9.4 20  40   M    M   7        26 360
24  37  20  29 -12  36   0 0.00  0.0    0  8.1 13  10   M    M   3        17  10
25  56  32  44   2  21   0 0.17  0.0    0 13.3 31 230   M    M   9 1      41 240
26  45  34  40  -2  25   0 0.55    T    0  6.8 14 360   M    M  10 1      17 360
27  36  17  27 -15  38   0 0.02  0.3    0 13.7 23 360   M    M  10 18     27 360
28  27  16  22 -21  43   0 0.00  0.0    T 10.7 24 340   M    M   4        30 340
================================================================================
SM 1171  693       879   0  1.88     4.8 267.0          M      198
================================================================================
AV 41.8 24.8                               9.5 FASTST   M    M   7    MAX(MPH)
                                 MISC ---->  # 32 340               # 41  240
================================================================================
NOTES:
# LAST OF SEVERAL OCCURRENCES

COLUMN 17 PEAK WIND IN M.P.H.

PRELIMINARY LOCAL CLIMATOLOGICAL DATA (WS FORM: F-6) , PAGE 2

                                          STATION:  CLEVELAND OH
                                          MONTH:    MARCH
                                          YEAR:     2015
                                          LATITUDE:   41 24 N
                                          LONGITUDE:  81 51 W

[TEMPERATURE DATA]      [PRECIPITATION DATA]       SYMBOLS USED IN COLUMN 16

AVERAGE MONTHLY: 33.3   TOTAL FOR MONTH:   1.88    1 = FOG OR MIST
DPTR FM NORMAL:  -4.6   DPTR FM NORMAL:   -0.72    2 = FOG REDUCING VISIBILITY
HIGHEST:    61 ON 16    GRTST 24HR  0.55 ON 26-26      TO 1/4 MILE OR LESS
LOWEST:      1 ON  6                               3 = THUNDER
                        SNOW, ICE PELLETS, HAIL    4 = ICE PELLETS
                        TOTAL MONTH:   4.8 INCHES  5 = HAIL
                        GRTST 24HR   4.3 ON   M    6 = FREEZING RAIN OR DRIZZLE
                        GRTST DEPTH:  11 ON  2     7 = DUSTSTORM OR SANDSTORM:
                                                       VSBY 1/2 MILE OR LESS
                                                   8 = SMOKE OR HAZE
[NO. OF DAYS WITH]      [WEATHER - DAYS WITH]      9 = BLOWING SNOW
                                                   X = TORNADO
MAX 32 OR BELOW:   7    0.01 INCH OR MORE:   9
MAX 90 OR ABOVE:   0    0.10 INCH OR MORE:   6
MIN 32 OR BELOW:  23    0.50 INCH OR MORE:   1
MIN  0 OR BELOW:   0    1.00 INCH OR MORE:   0

[HDD (BASE 65) ]
TOTAL THIS MO.   879    CLEAR  (SCALE 0-3)   3
DPTR FM NORMAL   120    PTCLDY (SCALE 4-7)  11
TOTAL FM JUL 1  5829    CLOUDY (SCALE 8-10) 14
DPTR FM NORMAL   853

[CDD (BASE 65) ]
TOTAL THIS MO.     0
DPTR FM NORMAL     0    [PRESSURE DATA]
TOTAL FM JAN 1     0    HIGHEST SLP M ON M
DPTR FM NORMAL     0    LOWEST  SLP 29.70 ON M

[REMARKS]
